{"id":7921,"date":"2025-06-29T10:08:15","date_gmt":"2025-06-29T08:08:15","guid":{"rendered":"https:\/\/uj.adatbank.ro\/lexikon\/termek\/felszeghy-janos-szaszujfalusi-vitez\/"},"modified":"2025-06-29T10:08:15","modified_gmt":"2025-06-29T08:08:15","slug":"felszeghy-janos-szaszujfalusi-vitez","status":"publish","type":"product","link":"https:\/\/uj.adatbank.ro\/lexikon\/termek\/felszeghy-janos-szaszujfalusi-vitez\/","title":{"rendered":"FELSZEGHY J\u00e1nos, sz\u00e1sz\u00fajfalusi, vit\u00e9z"},"content":{"rendered":"<p>Harangl\u00e1b, 1879., \u2020 \u00d3p\u00e9cs, 1936. m\u00e1j. 14.: dr., jur. kir. \u00fcgy\u00e9szs\u00e9gi eln\u00f6k, szak\u00edr\u00f3. \u2013 K\u00f6z\u00e9piskol\u00e1it Mv.-en, a jogot Bp.-en v\u00e9gezte, doktor\u00e1lt (1905). Joggyakornok a kv.-i t\u00f6rv\u00e9nysz\u00e9ken, ahonnan a dics\u0151szentm\u00e1rtoni t\u00f6rv\u00e9nysz\u00e9khez, majd a hossz\u00faasz\u00f3i j\u00e1r\u00e1sb\u00edr\u00f3s\u00e1ghoz ker\u00fclt, ahol j\u00e1r\u00e1sb\u00edr\u00f3s\u00e1gi jegyz\u0151. Zernesten alj\u00e1r\u00e1sb\u00edr\u00f3 \u00e9s b\u00edr\u00f3. Dics\u0151szentm\u00e1rtonban j\u00e1r\u00e1sb\u00edr\u00f3; r\u00e9szt vett az els\u0151 vh.-ban, mint hadnagy szerelt le. Kir\u00e1lyi \u00fcgy\u00e9sz Veszpr\u00e9mben; a p\u00e9csi unit-ok \u00fcgy\u00e9szs\u00e9g eln\u00f6ke (1925\u2013). El\u0151sz\u00f3t \u00edrt Varga K\u00e1roly k\u00e9t szakk\u00f6nyv\u00e9hez. <br \/><strong>Irod.:<\/strong> Guly\u00e1s; Kelemen<\/br><\/p>\n","protected":false},"excerpt":{"rendered":"<p>Harangl\u00e1b, 1879., \u2020 \u00d3p\u00e9cs, 1936. m\u00e1j. 14.: dr., jur. kir. \u00fcgy\u00e9szs\u00e9gi eln\u00f6k, szak\u00edr\u00f3. \u2013 K\u00f6z\u00e9piskol\u00e1it Mv.-en, a jogot Bp.-en v\u00e9gezte, doktor\u00e1lt (1905). Joggyakornok a kv.-i t\u00f6rv\u00e9nysz\u00e9ken, ahonnan a dics\u0151szentm\u00e1rtoni t\u00f6rv\u00e9nysz\u00e9khez, majd a hossz\u00faasz\u00f3i j\u00e1r\u00e1sb\u00edr\u00f3s\u00e1ghoz ker\u00fclt, ahol j\u00e1r\u00e1sb\u00edr\u00f3s\u00e1gi jegyz\u0151. Zernesten alj\u00e1r\u00e1sb\u00edr\u00f3 \u00e9s b\u00edr\u00f3. Dics\u0151szentm\u00e1rtonban j\u00e1r\u00e1sb\u00edr\u00f3; r\u00e9szt vett az els\u0151 vh.-ban, mint hadnagy szerelt le. Kir\u00e1lyi \u00fcgy\u00e9sz [&hellip;]<\/p>\n","protected":false},"featured_media":0,"comment_status":"open","ping_status":"closed","template":"","meta":[],"product_brand":[],"product_cat":[137],"product_tag":[],"class_list":{"0":"post-7921","1":"product","2":"type-product","3":"status-publish","5":"product_cat-maros-megyei-eletrajzi-lexikon","7":"first","8":"instock","9":"shipping-taxable","10":"product-type-simple"},"_links":{"self":[{"href":"https:\/\/uj.adatbank.ro\/lexikon\/wp-json\/wp\/v2\/product\/7921","targetHints":{"allow":["GET"]}}],"collection":[{"href":"https:\/\/uj.adatbank.ro\/lexikon\/wp-json\/wp\/v2\/product"}],"about":[{"href":"https:\/\/uj.adatbank.ro\/lexikon\/wp-json\/wp\/v2\/types\/product"}],"replies":[{"embeddable":true,"href":"https:\/\/uj.adatbank.ro\/lexikon\/wp-json\/wp\/v2\/comments?post=7921"}],"wp:attachment":[{"href":"https:\/\/uj.adatbank.ro\/lexikon\/wp-json\/wp\/v2\/media?parent=7921"}],"wp:term":[{"taxonomy":"product_brand","embeddable":true,"href":"https:\/\/uj.adatbank.ro\/lexikon\/wp-json\/wp\/v2\/product_brand?post=7921"},{"taxonomy":"product_cat","embeddable":true,"href":"https:\/\/uj.adatbank.ro\/lexikon\/wp-json\/wp\/v2\/product_cat?post=7921"},{"taxonomy":"product_tag","embeddable":true,"href":"https:\/\/uj.adatbank.ro\/lexikon\/wp-json\/wp\/v2\/product_tag?post=7921"}],"curies":[{"name":"wp","href":"https:\/\/api.w.org\/{rel}","templated":true}]}}