{"id":7922,"date":"2025-06-29T10:08:17","date_gmt":"2025-06-29T08:08:17","guid":{"rendered":"https:\/\/uj.adatbank.ro\/lexikon\/termek\/felszeghy-margit\/"},"modified":"2025-06-29T10:08:17","modified_gmt":"2025-06-29T08:08:17","slug":"felszeghy-margit","status":"publish","type":"product","link":"https:\/\/uj.adatbank.ro\/lexikon\/termek\/felszeghy-margit\/","title":{"rendered":"FELSZEGHY Margit"},"content":{"rendered":"<p>? \u2020 ? : f\u00f6ldbirtokosn\u0151. \u2013 Gyakran r\u00e9szt vett a dics\u0151szentm\u00e1rtoni j\u00f3t\u00e9konys\u00e1gi akci\u00f3kban. A maroscsap\u00f3i \u00e1llamos\u00edtott birtok\u00e1n \u00e9p\u00fclt a rom\u00e1n lak\u00f3ss\u00e1g ort. temploma (1946). <br \/><strong>Irod.:<\/strong> Bodolai Gy\u00f6ngyi: Gazd\u00e1tlanul (N\u00fa., 1998. m\u00e1rc. 3.); Marosi-KZST<\/br><\/p>\n","protected":false},"excerpt":{"rendered":"<p>? \u2020 ? : f\u00f6ldbirtokosn\u0151. \u2013 Gyakran r\u00e9szt vett a dics\u0151szentm\u00e1rtoni j\u00f3t\u00e9konys\u00e1gi akci\u00f3kban. A maroscsap\u00f3i \u00e1llamos\u00edtott birtok\u00e1n \u00e9p\u00fclt a rom\u00e1n lak\u00f3ss\u00e1g ort. temploma (1946). Irod.: Bodolai Gy\u00f6ngyi: Gazd\u00e1tlanul (N\u00fa., 1998. m\u00e1rc. 3.); Marosi-KZST<\/p>\n","protected":false},"featured_media":0,"comment_status":"open","ping_status":"closed","template":"","meta":[],"product_brand":[],"product_cat":[137],"product_tag":[],"class_list":{"0":"post-7922","1":"product","2":"type-product","3":"status-publish","5":"product_cat-maros-megyei-eletrajzi-lexikon","7":"first","8":"instock","9":"shipping-taxable","10":"product-type-simple"},"_links":{"self":[{"href":"https:\/\/uj.adatbank.ro\/lexikon\/wp-json\/wp\/v2\/product\/7922","targetHints":{"allow":["GET"]}}],"collection":[{"href":"https:\/\/uj.adatbank.ro\/lexikon\/wp-json\/wp\/v2\/product"}],"about":[{"href":"https:\/\/uj.adatbank.ro\/lexikon\/wp-json\/wp\/v2\/types\/product"}],"replies":[{"embeddable":true,"href":"https:\/\/uj.adatbank.ro\/lexikon\/wp-json\/wp\/v2\/comments?post=7922"}],"wp:attachment":[{"href":"https:\/\/uj.adatbank.ro\/lexikon\/wp-json\/wp\/v2\/media?parent=7922"}],"wp:term":[{"taxonomy":"product_brand","embeddable":true,"href":"https:\/\/uj.adatbank.ro\/lexikon\/wp-json\/wp\/v2\/product_brand?post=7922"},{"taxonomy":"product_cat","embeddable":true,"href":"https:\/\/uj.adatbank.ro\/lexikon\/wp-json\/wp\/v2\/product_cat?post=7922"},{"taxonomy":"product_tag","embeddable":true,"href":"https:\/\/uj.adatbank.ro\/lexikon\/wp-json\/wp\/v2\/product_tag?post=7922"}],"curies":[{"name":"wp","href":"https:\/\/api.w.org\/{rel}","templated":true}]}}