{"id":7924,"date":"2025-06-29T10:08:20","date_gmt":"2025-06-29T08:08:20","guid":{"rendered":"https:\/\/uj.adatbank.ro\/lexikon\/termek\/felszeghy-pal\/"},"modified":"2025-06-29T10:08:20","modified_gmt":"2025-06-29T08:08:20","slug":"felszeghy-pal","status":"publish","type":"product","link":"https:\/\/uj.adatbank.ro\/lexikon\/termek\/felszeghy-pal\/","title":{"rendered":"FELSZEGHY P\u00e1l"},"content":{"rendered":"<p>Harangl\u00e1b, 1913. aug. 14., \u2020 Kom\u00e1rom, 1995. j\u00fal. 9. : t. husz\u00e1rz\u00e1szl\u00f3s, gazdas\u00e1gi fel\u00fcgyel\u0151. \u2013 Debrecenben Gazdas\u00e1gi Akad. -t v\u00e9gzett (1938). \u00d6nk\u00e9ntesk\u00e9nt vonult be katonai szolg\u00e1latra egy \u00e9vre a debreceni VI. \u00f6n\u00e1ll\u00f3 husz\u00e1rsz\u00e1zadhoz. A Tart. Tiszti Isk. I-II. \u00e9vfolyam\u00e1t Ny\u00edregyh\u00e1z\u00e1n v\u00e9gezte (1939), majd tart. z\u00e1szl\u00f3sk\u00e9nt szerelt le (1940. nov. 20.). K\u00f6zben alakulat\u00e1val r\u00e9szt vett a felvid\u00e9ki bevonul\u00e1sban. \u00dajb\u00f3l mozg\u00f3s\u00edtott\u00e1k \u00e9s Bp. v\u00e9delm\u00e9ben frontszolg\u00e1latot teljes\u00edtett (1944. nov. 1. \u2013). S\u00falyos sebes\u00fcltk\u00e9nt h\u00f3napokig a kom\u00e1romi hely\u0151rs\u00e9gi k\u00f3rh\u00e1zban \u00e1polt\u00e1k. <br \/><strong>Irod.:<\/strong> Bene\u2013Szab\u00f3<\/br><\/p>\n","protected":false},"excerpt":{"rendered":"<p>Harangl\u00e1b, 1913. aug. 14., \u2020 Kom\u00e1rom, 1995. j\u00fal. 9. : t. husz\u00e1rz\u00e1szl\u00f3s, gazdas\u00e1gi fel\u00fcgyel\u0151. \u2013 Debrecenben Gazdas\u00e1gi Akad. -t v\u00e9gzett (1938). \u00d6nk\u00e9ntesk\u00e9nt vonult be katonai szolg\u00e1latra egy \u00e9vre a debreceni VI. \u00f6n\u00e1ll\u00f3 husz\u00e1rsz\u00e1zadhoz. A Tart. Tiszti Isk. I-II. \u00e9vfolyam\u00e1t Ny\u00edregyh\u00e1z\u00e1n v\u00e9gezte (1939), majd tart. z\u00e1szl\u00f3sk\u00e9nt szerelt le (1940. nov. 20.). K\u00f6zben alakulat\u00e1val r\u00e9szt vett a [&hellip;]<\/p>\n","protected":false},"featured_media":0,"comment_status":"open","ping_status":"closed","template":"","meta":[],"product_brand":[],"product_cat":[137],"product_tag":[],"class_list":{"0":"post-7924","1":"product","2":"type-product","3":"status-publish","5":"product_cat-maros-megyei-eletrajzi-lexikon","7":"first","8":"instock","9":"shipping-taxable","10":"product-type-simple"},"_links":{"self":[{"href":"https:\/\/uj.adatbank.ro\/lexikon\/wp-json\/wp\/v2\/product\/7924","targetHints":{"allow":["GET"]}}],"collection":[{"href":"https:\/\/uj.adatbank.ro\/lexikon\/wp-json\/wp\/v2\/product"}],"about":[{"href":"https:\/\/uj.adatbank.ro\/lexikon\/wp-json\/wp\/v2\/types\/product"}],"replies":[{"embeddable":true,"href":"https:\/\/uj.adatbank.ro\/lexikon\/wp-json\/wp\/v2\/comments?post=7924"}],"wp:attachment":[{"href":"https:\/\/uj.adatbank.ro\/lexikon\/wp-json\/wp\/v2\/media?parent=7924"}],"wp:term":[{"taxonomy":"product_brand","embeddable":true,"href":"https:\/\/uj.adatbank.ro\/lexikon\/wp-json\/wp\/v2\/product_brand?post=7924"},{"taxonomy":"product_cat","embeddable":true,"href":"https:\/\/uj.adatbank.ro\/lexikon\/wp-json\/wp\/v2\/product_cat?post=7924"},{"taxonomy":"product_tag","embeddable":true,"href":"https:\/\/uj.adatbank.ro\/lexikon\/wp-json\/wp\/v2\/product_tag?post=7924"}],"curies":[{"name":"wp","href":"https:\/\/api.w.org\/{rel}","templated":true}]}}

FELSZEGHY Pál

<p>Harangláb, 1913. aug. 14., † Komárom, 1995. júl. 9. : t. huszárzászlós, gazdasági felügyelő. – Debrecenben Gazdasági Akad. -t végzett (1938). Önkéntesként vonult be katonai szolgálatra egy évre a debreceni VI. önálló huszárszázadhoz. A Tart. Tiszti Isk. I-II. évfolyamát Nyíregyházán végezte (1939), majd tart. zászlósként szerelt le (1940. nov. 20.). Közben alakulatával részt vett a felvidéki bevonulásban. Újból mozgósították és Bp. védelmében frontszolgálatot teljesített (1944. nov. 1. –). Súlyos sebesültként hónapokig a komáromi helyőrségi kórházban ápolták. <br /><strong>Irod.:</strong> Bene–Szabó</br></p>

<p>Harangláb, 1913. aug. 14., † Komárom, 1995. júl. 9. : t. huszárzászlós, gazdasági felügyelő. – Debrecenben Gazdasági Akad. -t végzett (1938). Önkéntesként vonult be katonai szolgálatra egy évre a debreceni VI. önálló huszárszázadhoz. A Tart. Tiszti Isk. I-II. évfolyamát Nyíregyházán végezte (1939), majd tart. zászlósként szerelt le (1940. nov. 20.). Közben alakulatával részt vett a [&hellip;]</p>
