{"id":7931,"date":"2025-06-29T10:08:37","date_gmt":"2025-06-29T08:08:37","guid":{"rendered":"https:\/\/uj.adatbank.ro\/lexikon\/termek\/fenke-ferenc\/"},"modified":"2025-06-29T10:08:37","modified_gmt":"2025-06-29T08:08:37","slug":"fenke-ferenc","status":"publish","type":"product","link":"https:\/\/uj.adatbank.ro\/lexikon\/termek\/fenke-ferenc\/","title":{"rendered":"FENKE Ferenc"},"content":{"rendered":"<p>1929\u00a0? \u2020\u00a0Aachen (N\u00e9meto.), 2023. jan. 13.: orvos, dr. \u2013 Radiol\u00f3gus. \u2013 \u00c9szak-Rajna-Vesztf\u00e1lia vezet\u0151 radiol\u00f3gusa, a tartom\u00e1nyi nukle\u00e1ris medicina megalap\u00edt\u00f3ja, a rom\u00e1n j\u00e9gkorong-v\u00e1logatott tagja (1948\u20131957). <br \/><strong>Irod.:<\/strong> Nekrol\u00f3g (N\u00fa., 2023. jan. 17.)<\/br><\/p>\n","protected":false},"excerpt":{"rendered":"<p>1929\u00a0? \u2020\u00a0Aachen (N\u00e9meto.), 2023. jan. 13.: orvos, dr. \u2013 Radiol\u00f3gus. \u2013 \u00c9szak-Rajna-Vesztf\u00e1lia vezet\u0151 radiol\u00f3gusa, a tartom\u00e1nyi nukle\u00e1ris medicina megalap\u00edt\u00f3ja, a rom\u00e1n j\u00e9gkorong-v\u00e1logatott tagja (1948\u20131957). Irod.: Nekrol\u00f3g (N\u00fa., 2023. jan. 17.)<\/p>\n","protected":false},"featured_media":0,"comment_status":"open","ping_status":"closed","template":"","meta":[],"product_brand":[],"product_cat":[137],"product_tag":[],"class_list":{"0":"post-7931","1":"product","2":"type-product","3":"status-publish","5":"product_cat-maros-megyei-eletrajzi-lexikon","7":"first","8":"instock","9":"shipping-taxable","10":"product-type-simple"},"_links":{"self":[{"href":"https:\/\/uj.adatbank.ro\/lexikon\/wp-json\/wp\/v2\/product\/7931","targetHints":{"allow":["GET"]}}],"collection":[{"href":"https:\/\/uj.adatbank.ro\/lexikon\/wp-json\/wp\/v2\/product"}],"about":[{"href":"https:\/\/uj.adatbank.ro\/lexikon\/wp-json\/wp\/v2\/types\/product"}],"replies":[{"embeddable":true,"href":"https:\/\/uj.adatbank.ro\/lexikon\/wp-json\/wp\/v2\/comments?post=7931"}],"wp:attachment":[{"href":"https:\/\/uj.adatbank.ro\/lexikon\/wp-json\/wp\/v2\/media?parent=7931"}],"wp:term":[{"taxonomy":"product_brand","embeddable":true,"href":"https:\/\/uj.adatbank.ro\/lexikon\/wp-json\/wp\/v2\/product_brand?post=7931"},{"taxonomy":"product_cat","embeddable":true,"href":"https:\/\/uj.adatbank.ro\/lexikon\/wp-json\/wp\/v2\/product_cat?post=7931"},{"taxonomy":"product_tag","embeddable":true,"href":"https:\/\/uj.adatbank.ro\/lexikon\/wp-json\/wp\/v2\/product_tag?post=7931"}],"curies":[{"name":"wp","href":"https:\/\/api.w.org\/{rel}","templated":true}]}}