{"id":7932,"date":"2025-06-29T10:08:41","date_gmt":"2025-06-29T08:08:41","guid":{"rendered":"https:\/\/uj.adatbank.ro\/lexikon\/termek\/fenyes-laszlo\/"},"modified":"2025-06-29T10:08:41","modified_gmt":"2025-06-29T08:08:41","slug":"fenyes-laszlo","status":"publish","type":"product","link":"https:\/\/uj.adatbank.ro\/lexikon\/termek\/fenyes-laszlo\/","title":{"rendered":"F\u00c9NYES L\u00e1szl\u00f3"},"content":{"rendered":"<p>? \u2020\u00a0? : v\u00e1llalkoz\u00f3, v\u00e1llalatigazgat\u00f3. \u2013 A mv.-i Helios k\u00f6t\u00f6tt\u00e1r\u00fagy\u00e1r \u00fcgyvezet\u0151 igazgat\u00f3ja (1921). A c\u00e9g a Kossuth utc\u00e1ban m\u0171k\u00f6d\u00f6tt N\u00e9metorsz\u00e1gb\u00f3l import\u00e1lta a felszerel\u00e9s\u00e9t. <br \/><strong>Irod.:<\/strong> Id\u0151t\u00e1r 3<\/br><\/p>\n","protected":false},"excerpt":{"rendered":"<p>? \u2020\u00a0? : v\u00e1llalkoz\u00f3, v\u00e1llalatigazgat\u00f3. \u2013 A mv.-i Helios k\u00f6t\u00f6tt\u00e1r\u00fagy\u00e1r \u00fcgyvezet\u0151 igazgat\u00f3ja (1921). A c\u00e9g a Kossuth utc\u00e1ban m\u0171k\u00f6d\u00f6tt N\u00e9metorsz\u00e1gb\u00f3l import\u00e1lta a felszerel\u00e9s\u00e9t. Irod.: Id\u0151t\u00e1r 3<\/p>\n","protected":false},"featured_media":0,"comment_status":"open","ping_status":"closed","template":"","meta":[],"product_brand":[],"product_cat":[137],"product_tag":[],"class_list":{"0":"post-7932","1":"product","2":"type-product","3":"status-publish","5":"product_cat-maros-megyei-eletrajzi-lexikon","7":"first","8":"instock","9":"shipping-taxable","10":"product-type-simple"},"_links":{"self":[{"href":"https:\/\/uj.adatbank.ro\/lexikon\/wp-json\/wp\/v2\/product\/7932","targetHints":{"allow":["GET"]}}],"collection":[{"href":"https:\/\/uj.adatbank.ro\/lexikon\/wp-json\/wp\/v2\/product"}],"about":[{"href":"https:\/\/uj.adatbank.ro\/lexikon\/wp-json\/wp\/v2\/types\/product"}],"replies":[{"embeddable":true,"href":"https:\/\/uj.adatbank.ro\/lexikon\/wp-json\/wp\/v2\/comments?post=7932"}],"wp:attachment":[{"href":"https:\/\/uj.adatbank.ro\/lexikon\/wp-json\/wp\/v2\/media?parent=7932"}],"wp:term":[{"taxonomy":"product_brand","embeddable":true,"href":"https:\/\/uj.adatbank.ro\/lexikon\/wp-json\/wp\/v2\/product_brand?post=7932"},{"taxonomy":"product_cat","embeddable":true,"href":"https:\/\/uj.adatbank.ro\/lexikon\/wp-json\/wp\/v2\/product_cat?post=7932"},{"taxonomy":"product_tag","embeddable":true,"href":"https:\/\/uj.adatbank.ro\/lexikon\/wp-json\/wp\/v2\/product_tag?post=7932"}],"curies":[{"name":"wp","href":"https:\/\/api.w.org\/{rel}","templated":true}]}}