{"id":7933,"date":"2025-06-29T10:08:44","date_gmt":"2025-06-29T08:08:44","guid":{"rendered":"https:\/\/uj.adatbank.ro\/lexikon\/termek\/fenyvesi-soma-fuchs-soma\/"},"modified":"2025-06-29T10:08:44","modified_gmt":"2025-06-29T08:08:44","slug":"fenyvesi-soma-fuchs-soma","status":"publish","type":"product","link":"https:\/\/uj.adatbank.ro\/lexikon\/termek\/fenyvesi-soma-fuchs-soma\/","title":{"rendered":"FENYVESI Soma, Fuchs Soma"},"content":{"rendered":"<p>Gyulafeh\u00e9rv\u00e1r, 1868. m\u00e1j. 27., \u2020 Mv., 1914. \u00e1pr. 25. s\u00edrja a mv.-i Ref. temet\u0151ben: \u00fcgyv\u00e9d, ogy.-i k\u00e9pvisel\u0151, szak\u00edr\u00f3. \u2013 Apja: Fuchs D\u00e1vid. Testv\u00e9rei: Fuchs Fl\u00f3ra, Danzinger Henrikn\u00e9; Fuchs N\u00e1ndor; Fuchs Hermin Fried Ed\u00e9n\u00e9; Fuchs Gizella Husz\u00e1r Bertalann\u00e9; Fuchs Adrienne Varga Ferencn\u00e9. \u2013 A jogot Kv.-on v\u00e9gezte, dr. jur. (1892). Lugoson \u00fcgyv\u00e9djel\u00f6lt, majd \u00fcgyv\u00e9di irod\u00e1t nyitott Mv.-en (1893). R\u00e9szt vett az Agr\u00e1r takar\u00e9kp\u00e9nzt\u00e1r megalap\u00edt\u00e1s\u00e1ban, melynek jogtan\u00e1csosa, \u00e9s igazgat\u00f3s\u00e1gi tagja. Mv. sz. kir. v\u00e1ros t\u00f6rv\u00e9nyhat\u00f3s\u00e1gi bizotts\u00e1gi tagja. Az \u00fcgyv\u00e9di kamara v\u00e1lsztm\u00e1ny\u00e1nak tagja, a m. kir. Curia \u00fcgyv\u00e9di tan\u00e1cs\u00e1nak b\u00edr\u00e1ja, a mv.-i b\u00edr\u00f3i \u00e9s \u00fcgyv\u00e9di bizotts\u00e1g cenzora. Birtokolt a mai K\u00f6teles S\u00e1muel u. 1. sz alatt k\u00e9t h\u00e1zat (\u00e9p\u00fcltek 1898), amelyeknek a hely\u00e9re \u00e9p\u00edtett\u00e9k a Benk\u0151 L\u00e1szl\u00f3 h\u00e1z n\u00e9ven ismert L alak\u00fa, szecesszi\u00f3s st\u00edlus\u00fa sarok\u00e9p\u00fcletet (1919. \u00e1pr. \u2013). szerk.-je a Sz\u00e9kely H\u00edrlapnak (1896. jan. 2. \u2013 1896. dec. 31.), mely a 67-es szabadelv\u0171 politik\u00e1t folytatta. Egyes\u00edtve a Sz\u00e9kely H\u00edrlapot \u00e9s a Marosvid\u00e9ket megind\u00edtotta a Sz\u00e9kely Lapok c. hetilapot (1897. jan. 17. \u2013 1910. j\u00fal. 9.). Mv. I. ker\u00fclet\u00e9nek Kossuth-p\u00e1rti k\u00e9pvisel\u0151je (1906. aug. 14.). Az EME p\u00e1rtol\u00f3ja (1909), az MSE sportegyes\u00fclet harmadik eln\u00f6ke volt (1909. j\u00fan. \u2013), akt\u00edv sportember, a viv\u00f3 sport p\u00e1rtfog\u00f3ja, fellend\u00edt\u0151je Mv.-en. A Good Templar p\u00e1holy eln\u00f6ke (1912), a Mv.-i Kaszin\u00f3 tagja. <strong>Cikkei:<\/strong> D\u00e9lmagyarorsz\u00e1gi K\u00f6zlem\u00e9nyek, Magyar Sz\u00f6vets\u00e9g- ben. \u2013 <strong>F. m.:<\/strong> A nemzetis\u00e9gi k\u00e9rd\u00e9sr\u0151l (Mv., 1908); Az erd\u00e9lyr\u00e9szi magyars\u00e1g hitel\u00fcgye (Bp., s. a.). <br \/><strong>Irod.:<\/strong> Bi\u00e1s Istv\u00e1n; F\u00fcl\u00f6p\u2013Ferencz; Guly\u00e1s; Gy\u00e1szjelent\u0151; Id\u0151t\u00e1r 2; Illy\u00e9s; Klosz 2005; Kusz\u00e1lik \u2013 Zal\u00e1nyi; Man: Tg. M. 2.; Mv.-i labdar\u00fag\u00e1s; Mv.-i ref. temet\u0151; A Sz\u00e9kely Kongresszus szervezete, tagjainak n\u00e9vsora, t\u00e1rgyal\u00e1sai \u00e9s hat\u00e1rozatai (Bp., 1902); P\u00e1l Judit: Egy volt marosv\u00e1s\u00e1rhelyi k\u00e9pvisel\u0151 \u00f6ngyilkos lesz: Fenyvesi Soma \u00e9s az els\u0151 vil\u00e1gh\u00e1bor\u00fa el\u0151tti marosv\u00e1s\u00e1rhelyi v\u00e1laszt\u00e1sok = Sebesty\u00e9n-Spielmann<\/br><\/p>\n","protected":false},"excerpt":{"rendered":"<p>Gyulafeh\u00e9rv\u00e1r, 1868. m\u00e1j. 27., \u2020 Mv., 1914. \u00e1pr. 25. s\u00edrja a mv.-i Ref. temet\u0151ben: \u00fcgyv\u00e9d, ogy.-i k\u00e9pvisel\u0151, szak\u00edr\u00f3. \u2013 Apja: Fuchs D\u00e1vid. Testv\u00e9rei: Fuchs Fl\u00f3ra, Danzinger Henrikn\u00e9; Fuchs N\u00e1ndor; Fuchs Hermin Fried Ed\u00e9n\u00e9; Fuchs Gizella Husz\u00e1r Bertalann\u00e9; Fuchs Adrienne Varga Ferencn\u00e9. \u2013 A jogot Kv.-on v\u00e9gezte, dr. jur. (1892). Lugoson \u00fcgyv\u00e9djel\u00f6lt, majd \u00fcgyv\u00e9di irod\u00e1t nyitott [&hellip;]<\/p>\n","protected":false},"featured_media":0,"comment_status":"open","ping_status":"closed","template":"","meta":[],"product_brand":[],"product_cat":[137],"product_tag":[],"class_list":{"0":"post-7933","1":"product","2":"type-product","3":"status-publish","5":"product_cat-maros-megyei-eletrajzi-lexikon","7":"first","8":"instock","9":"shipping-taxable","10":"product-type-simple"},"_links":{"self":[{"href":"https:\/\/uj.adatbank.ro\/lexikon\/wp-json\/wp\/v2\/product\/7933","targetHints":{"allow":["GET"]}}],"collection":[{"href":"https:\/\/uj.adatbank.ro\/lexikon\/wp-json\/wp\/v2\/product"}],"about":[{"href":"https:\/\/uj.adatbank.ro\/lexikon\/wp-json\/wp\/v2\/types\/product"}],"replies":[{"embeddable":true,"href":"https:\/\/uj.adatbank.ro\/lexikon\/wp-json\/wp\/v2\/comments?post=7933"}],"wp:attachment":[{"href":"https:\/\/uj.adatbank.ro\/lexikon\/wp-json\/wp\/v2\/media?parent=7933"}],"wp:term":[{"taxonomy":"product_brand","embeddable":true,"href":"https:\/\/uj.adatbank.ro\/lexikon\/wp-json\/wp\/v2\/product_brand?post=7933"},{"taxonomy":"product_cat","embeddable":true,"href":"https:\/\/uj.adatbank.ro\/lexikon\/wp-json\/wp\/v2\/product_cat?post=7933"},{"taxonomy":"product_tag","embeddable":true,"href":"https:\/\/uj.adatbank.ro\/lexikon\/wp-json\/wp\/v2\/product_tag?post=7933"}],"curies":[{"name":"wp","href":"https:\/\/api.w.org\/{rel}","templated":true}]}}

<p>Gyulafehérvár, 1868. máj. 27., † Mv., 1914. ápr. 25. sírja a mv.-i Ref. temetőben: ügyvéd, ogy.-i képviselő, szakíró. – Apja: Fuchs Dávid. Testvérei: Fuchs Flóra, Danzinger Henrikné; Fuchs Nándor; Fuchs Hermin Fried Edéné; Fuchs Gizella Huszár Bertalanné; Fuchs Adrienne Varga Ferencné. – A jogot Kv.-on végezte, dr. jur. (1892). Lugoson ügyvédjelölt, majd ügyvédi irodát nyitott Mv.-en (1893). Részt vett az Agrár takarékpénztár megalapításában, melynek jogtanácsosa, és igazgatósági tagja. Mv. sz. kir. város törvényhatósági bizottsági tagja. Az ügyvédi kamara válsztmányának tagja, a m. kir. Curia ügyvédi tanácsának bírája, a mv.-i bírói és ügyvédi bizottság cenzora. Birtokolt a mai Köteles Sámuel u. 1. sz alatt két házat (épültek 1898), amelyeknek a helyére építették a Benkő László ház néven ismert L alakú, szecessziós stílusú saroképületet (1919. ápr. –). szerk.-je a Székely Hírlapnak (1896. jan. 2. – 1896. dec. 31.), mely a 67-es szabadelvű politikát folytatta. Egyesítve a Székely Hírlapot és a Marosvidéket megindította a Székely Lapok c. hetilapot (1897. jan. 17. – 1910. júl. 9.). Mv. I. kerületének Kossuth-párti képviselője (1906. aug. 14.). Az EME pártolója (1909), az MSE sportegyesület harmadik elnöke volt (1909. jún. –), aktív sportember, a vivó sport pártfogója, fellendítője Mv.-en. A Good Templar páholy elnöke (1912), a Mv.-i Kaszinó tagja. <strong>Cikkei:</strong> Délmagyarországi Közlemények, Magyar Szövetség- ben. – <strong>F. m.:</strong> A nemzetiségi kérdésről (Mv., 1908); Az erdélyrészi magyarság hitelügye (Bp., s. a.). <br /><strong>Irod.:</strong> Biás István; Fülöp–Ferencz; Gulyás; Gyászjelentő; Időtár 2; Illyés; Klosz 2005; Kuszálik – Zalányi; Man: Tg. M. 2.; Mv.-i labdarúgás; Mv.-i ref. temető; A Székely Kongresszus szervezete, tagjainak névsora, tárgyalásai és határozatai (Bp., 1902); Pál Judit: Egy volt marosvásárhelyi képviselő öngyilkos lesz: Fenyvesi Soma és az első világháború előtti marosvásárhelyi választások = Sebestyén-Spielmann</br></p>

<p>Gyulafehérvár, 1868. máj. 27., † Mv., 1914. ápr. 25. sírja a mv.-i Ref. temetőben: ügyvéd, ogy.-i képviselő, szakíró. – Apja: Fuchs Dávid. Testvérei: Fuchs Flóra, Danzinger Henrikné; Fuchs Nándor; Fuchs Hermin Fried Edéné; Fuchs Gizella Huszár Bertalanné; Fuchs Adrienne Varga Ferencné. – A jogot Kv.-on végezte, dr. jur. (1892). Lugoson ügyvédjelölt, majd ügyvédi irodát nyitott [&hellip;]</p>
