{"id":7935,"date":"2025-06-29T10:08:50","date_gmt":"2025-06-29T08:08:50","guid":{"rendered":"https:\/\/uj.adatbank.ro\/lexikon\/termek\/ferdinand-rege-ferdinand-viktor-albert-meinrad-von-hohenzollern-sigmaringen\/"},"modified":"2025-06-29T10:08:50","modified_gmt":"2025-06-29T08:08:50","slug":"ferdinand-rege-ferdinand-viktor-albert-meinrad-von-hohenzollern-sigmaringen","status":"publish","type":"product","link":"https:\/\/uj.adatbank.ro\/lexikon\/termek\/ferdinand-rege-ferdinand-viktor-albert-meinrad-von-hohenzollern-sigmaringen\/","title":{"rendered":"FERDINAND, Rege, Ferdinand Viktor Albert Meinrad von Hohenzollern-Sigmaringen"},"content":{"rendered":"<p>1865. aug. 24., \u2020 1927. j\u00fal. 20.: rom\u00e1n kir\u00e1ly. \u2013\u00a0Rom\u00e1nia kir. volt (1914\u201327). Mv.-en j\u00e1rt (1919. szept. 1). G\u00f6rg\u00e9nyi vad\u00e1szatra indult, Mv.-en kereszt\u00fcl haladt (1920. szept. 11). \u00c1tutazott a v\u00e1roson Szov\u00e1ta fel\u00e9 (1922. aug. 5). Laposny\u00e1n vad\u00e1szot ahonnan Szov\u00e1t\u00e1ra \u00e9rkezett (1924. aug. 17). Laposnyai kir\u00e1lyi vad\u00e1szkast\u00e9lyt \u00e9p\u00edttette (1925\u201326) \u00e9s t\u00f6bb \u00e9p\u00fcletegys\u00e9gb\u0151l \u00e1ll. A kommunizmus \u00e9veiben Ceausescu vad\u00e1szkast\u00e9lya lett. Mv.-en utca viseli a nev\u00e9t. <br \/><strong>Irod.:<\/strong> Id\u0151t\u00e1r 3; M\u00e1th\u00e9 Levente<\/br><\/p>\n","protected":false},"excerpt":{"rendered":"<p>1865. aug. 24., \u2020 1927. j\u00fal. 20.: rom\u00e1n kir\u00e1ly. \u2013\u00a0Rom\u00e1nia kir. volt (1914\u201327). Mv.-en j\u00e1rt (1919. szept. 1). G\u00f6rg\u00e9nyi vad\u00e1szatra indult, Mv.-en kereszt\u00fcl haladt (1920. szept. 11). \u00c1tutazott a v\u00e1roson Szov\u00e1ta fel\u00e9 (1922. aug. 5). Laposny\u00e1n vad\u00e1szot ahonnan Szov\u00e1t\u00e1ra \u00e9rkezett (1924. aug. 17). Laposnyai kir\u00e1lyi vad\u00e1szkast\u00e9lyt \u00e9p\u00edttette (1925\u201326) \u00e9s t\u00f6bb \u00e9p\u00fcletegys\u00e9gb\u0151l \u00e1ll. A kommunizmus \u00e9veiben [&hellip;]<\/p>\n","protected":false},"featured_media":0,"comment_status":"open","ping_status":"closed","template":"","meta":[],"product_brand":[],"product_cat":[137],"product_tag":[],"class_list":{"0":"post-7935","1":"product","2":"type-product","3":"status-publish","5":"product_cat-maros-megyei-eletrajzi-lexikon","7":"first","8":"instock","9":"shipping-taxable","10":"product-type-simple"},"_links":{"self":[{"href":"https:\/\/uj.adatbank.ro\/lexikon\/wp-json\/wp\/v2\/product\/7935","targetHints":{"allow":["GET"]}}],"collection":[{"href":"https:\/\/uj.adatbank.ro\/lexikon\/wp-json\/wp\/v2\/product"}],"about":[{"href":"https:\/\/uj.adatbank.ro\/lexikon\/wp-json\/wp\/v2\/types\/product"}],"replies":[{"embeddable":true,"href":"https:\/\/uj.adatbank.ro\/lexikon\/wp-json\/wp\/v2\/comments?post=7935"}],"wp:attachment":[{"href":"https:\/\/uj.adatbank.ro\/lexikon\/wp-json\/wp\/v2\/media?parent=7935"}],"wp:term":[{"taxonomy":"product_brand","embeddable":true,"href":"https:\/\/uj.adatbank.ro\/lexikon\/wp-json\/wp\/v2\/product_brand?post=7935"},{"taxonomy":"product_cat","embeddable":true,"href":"https:\/\/uj.adatbank.ro\/lexikon\/wp-json\/wp\/v2\/product_cat?post=7935"},{"taxonomy":"product_tag","embeddable":true,"href":"https:\/\/uj.adatbank.ro\/lexikon\/wp-json\/wp\/v2\/product_tag?post=7935"}],"curies":[{"name":"wp","href":"https:\/\/api.w.org\/{rel}","templated":true}]}}

<p>1865. aug. 24., † 1927. júl. 20.: román király. – Románia kir. volt (1914–27). Mv.-en járt (1919. szept. 1). Görgényi vadászatra indult, Mv.-en keresztül haladt (1920. szept. 11). Átutazott a városon Szováta felé (1922. aug. 5). Laposnyán vadászot ahonnan Szovátára érkezett (1924. aug. 17). Laposnyai királyi vadászkastélyt építtette (1925–26) és több épületegységből áll. A kommunizmus éveiben Ceausescu vadászkastélya lett. Mv.-en utca viseli a nevét. <br /><strong>Irod.:</strong> Időtár 3; Máthé Levente</br></p>

<p>1865. aug. 24., † 1927. júl. 20.: román király. – Románia kir. volt (1914–27). Mv.-en járt (1919. szept. 1). Görgényi vadászatra indult, Mv.-en keresztül haladt (1920. szept. 11). Átutazott a városon Szováta felé (1922. aug. 5). Laposnyán vadászot ahonnan Szovátára érkezett (1924. aug. 17). Laposnyai királyi vadászkastélyt építtette (1925–26) és több épületegységből áll. A kommunizmus éveiben [&hellip;]</p>
