{"id":7938,"date":"2025-06-29T10:08:54","date_gmt":"2025-06-29T08:08:54","guid":{"rendered":"https:\/\/uj.adatbank.ro\/lexikon\/termek\/ferenc-karoly-fekete-tanito\/"},"modified":"2025-06-29T10:08:54","modified_gmt":"2025-06-29T08:08:54","slug":"ferenc-karoly-fekete-tanito","status":"publish","type":"product","link":"https:\/\/uj.adatbank.ro\/lexikon\/termek\/ferenc-karoly-fekete-tanito\/","title":{"rendered":"FERENC K\u00e1roly, Fekete tan\u00edt\u00f3"},"content":{"rendered":"<p>1875, \u2020 Disznaj\u00f3, 1920, : tan\u00edt\u00f3. \u2013 Disznaj\u00f3i ref. tan\u00edt\u00f3 (1906\u201320), aki sokat tett a falu k\u00f6z\u00f6ss\u00e9g\u00e9\u00e9rt. Seg\u00edt\u0151je \u00e9s tan\u00e1csad\u00f3ja Fr\u00e1ter B\u00e9la, akivel k\u00f6z\u00f6sen alap\u00edtott\u00e1k meg a falu els\u0151 gazdak\u00f6r\u00e9t. Tejsz\u00f6vetkezetet (1906), fogyaszt\u00e1si- \u00e9s \u00e9rt\u00e9kes\u00edt\u0151 (1909), \u00e1llatbiztos\u00edt\u00f3 (1910) sz\u00f6vetkezetet hozott l\u00e9tre, a j\u00f6vedelmekb\u0151l n\u00e9ph\u00e1zat \u00e9p\u00edtettek (1912). <br \/><strong>Irod.:<\/strong> Cs\u0151sz Irma: N\u00e9phagyom\u00e1nyok Disznaj\u00f3n (Mv., 1998); Rh\u00e9deyek \u00e9s Fr\u00e1terek<\/br><\/p>\n","protected":false},"excerpt":{"rendered":"<p>1875, \u2020 Disznaj\u00f3, 1920, : tan\u00edt\u00f3. \u2013 Disznaj\u00f3i ref. tan\u00edt\u00f3 (1906\u201320), aki sokat tett a falu k\u00f6z\u00f6ss\u00e9g\u00e9\u00e9rt. Seg\u00edt\u0151je \u00e9s tan\u00e1csad\u00f3ja Fr\u00e1ter B\u00e9la, akivel k\u00f6z\u00f6sen alap\u00edtott\u00e1k meg a falu els\u0151 gazdak\u00f6r\u00e9t. Tejsz\u00f6vetkezetet (1906), fogyaszt\u00e1si- \u00e9s \u00e9rt\u00e9kes\u00edt\u0151 (1909), \u00e1llatbiztos\u00edt\u00f3 (1910) sz\u00f6vetkezetet hozott l\u00e9tre, a j\u00f6vedelmekb\u0151l n\u00e9ph\u00e1zat \u00e9p\u00edtettek (1912). Irod.: Cs\u0151sz Irma: N\u00e9phagyom\u00e1nyok Disznaj\u00f3n (Mv., 1998); Rh\u00e9deyek \u00e9s [&hellip;]<\/p>\n","protected":false},"featured_media":0,"comment_status":"open","ping_status":"closed","template":"","meta":[],"product_brand":[],"product_cat":[137],"product_tag":[],"class_list":{"0":"post-7938","1":"product","2":"type-product","3":"status-publish","5":"product_cat-maros-megyei-eletrajzi-lexikon","7":"first","8":"instock","9":"shipping-taxable","10":"product-type-simple"},"_links":{"self":[{"href":"https:\/\/uj.adatbank.ro\/lexikon\/wp-json\/wp\/v2\/product\/7938","targetHints":{"allow":["GET"]}}],"collection":[{"href":"https:\/\/uj.adatbank.ro\/lexikon\/wp-json\/wp\/v2\/product"}],"about":[{"href":"https:\/\/uj.adatbank.ro\/lexikon\/wp-json\/wp\/v2\/types\/product"}],"replies":[{"embeddable":true,"href":"https:\/\/uj.adatbank.ro\/lexikon\/wp-json\/wp\/v2\/comments?post=7938"}],"wp:attachment":[{"href":"https:\/\/uj.adatbank.ro\/lexikon\/wp-json\/wp\/v2\/media?parent=7938"}],"wp:term":[{"taxonomy":"product_brand","embeddable":true,"href":"https:\/\/uj.adatbank.ro\/lexikon\/wp-json\/wp\/v2\/product_brand?post=7938"},{"taxonomy":"product_cat","embeddable":true,"href":"https:\/\/uj.adatbank.ro\/lexikon\/wp-json\/wp\/v2\/product_cat?post=7938"},{"taxonomy":"product_tag","embeddable":true,"href":"https:\/\/uj.adatbank.ro\/lexikon\/wp-json\/wp\/v2\/product_tag?post=7938"}],"curies":[{"name":"wp","href":"https:\/\/api.w.org\/{rel}","templated":true}]}}

FERENC Károly, Fekete tanító

<p>1875, † Disznajó, 1920, : tanító. – Disznajói ref. tanító (1906–20), aki sokat tett a falu közösségéért. Segítője és tanácsadója Fráter Béla, akivel közösen alapították meg a falu első gazdakörét. Tejszövetkezetet (1906), fogyasztási- és értékesítő (1909), állatbiztosító (1910) szövetkezetet hozott létre, a jövedelmekből népházat építettek (1912). <br /><strong>Irod.:</strong> Csősz Irma: Néphagyományok Disznajón (Mv., 1998); Rhédeyek és Fráterek</br></p>

<p>1875, † Disznajó, 1920, : tanító. – Disznajói ref. tanító (1906–20), aki sokat tett a falu közösségéért. Segítője és tanácsadója Fráter Béla, akivel közösen alapították meg a falu első gazdakörét. Tejszövetkezetet (1906), fogyasztási- és értékesítő (1909), állatbiztosító (1910) szövetkezetet hozott létre, a jövedelmekből népházat építettek (1912). Irod.: Csősz Irma: Néphagyományok Disznajón (Mv., 1998); Rhédeyek és [&hellip;]</p>
