{"id":7940,"date":"2025-06-29T10:08:59","date_gmt":"2025-06-29T08:08:59","guid":{"rendered":"https:\/\/uj.adatbank.ro\/lexikon\/termek\/ferencz-mihaly-eva-korosi-es-baratosi-bethlen-gaborne\/"},"modified":"2025-06-29T10:08:59","modified_gmt":"2025-06-29T08:08:59","slug":"ferencz-mihaly-eva-korosi-es-baratosi-bethlen-gaborne","status":"publish","type":"product","link":"https:\/\/uj.adatbank.ro\/lexikon\/termek\/ferencz-mihaly-eva-korosi-es-baratosi-bethlen-gaborne\/","title":{"rendered":"FERENCZ \u2013 MIH\u00c1LY \u00c9va, k\u00f6r\u00f6si \u00e9s bar\u00e1tosi, Bethlen G\u00e1born\u00e9"},"content":{"rendered":"<p>Mv., 1912. dec. 5., \u2020 Mv., 1983. m\u00e1rc. 17.: orvos, gyermekgy\u00f3gy\u00e1sz. \u2013 F. &#8211; M. Zsigmond \u00e9s csikszentm\u00e1rtoni \u00e9s csikdelnei Botskor Adrianne le\u00e1nya. F\u00e9rjhez ment gr. Bethlen G\u00e1borhoz (Mv., 1937. nov. 29). Gyermekeik: Bethlen Anik\u00f3 (Kv., 1938. okt. 7. \u2013); \u00c1gnes Zilinsky R\u00f3bertn\u00e9 (Kv., 1940. m\u00e1rv. 27. \u2013); \u00c9va Szentk\u00fati Mikl\u00f3sn\u00e9 (Mv., 1942. okt. 21. \u2013), R\u00f3zsa (Maz\u0151madars, 1944. j\u00fal 1. &#8211; 1959. nov. 14.). \u2013 Orvosi diplom\u00e1t Kv.-on kapottMv.-en az inasiskol\u00e1ban tan\u00edtott eg\u00e9szs\u00e9g\u00fcgyet, a t\u00fcd\u0151gy\u00f3gy\u00e1szat gyermekr\u00e9szleg\u00e9n dolgozott, a gyermekklinik\u00e1n, a t\u00fcd\u0151klinik\u00e1n, iskolaorvos a m\u0171v\u00e9szeti l\u00edc.-ban \u00e9s v\u00e9g\u00fcl k\u00f6rzeti orvos volt. Marosv\u00e9csen a gyermekotthonban (1960\u201365), v\u00e9g\u00fcl a holtmarosi \u00f6regek h\u00e1z\u00e1hoz osztott\u00e1k be, de err\u0151l lemondott. <br \/><strong>Irod.:<\/strong> Bethlen Anik\u00f3; G\u00e1l; [Nekrol\u00f3g] (V. Z., 1983. m\u00e1rc. 19.); Gudenus; Gyermekkori \u00e9letk\u00e9pek \u2013 t\u00f6rt\u00e9nelmi h\u00e1tt\u00e9rrel: Ol\u00e1h-G\u00e1l Elvra besz\u00e9lget\u00e9se bethleni gr. Bethlen Anik\u00f3val (Sz\u00e9kelyf\u00f6ld, 9. sz., 2011. szept.); Kiss-P\u00e9terffy; BETHLEN \u00c1nik\u00f3<\/br><\/p>\n","protected":false},"excerpt":{"rendered":"<p>Mv., 1912. dec. 5., \u2020 Mv., 1983. m\u00e1rc. 17.: orvos, gyermekgy\u00f3gy\u00e1sz. \u2013 F. &#8211; M. Zsigmond \u00e9s csikszentm\u00e1rtoni \u00e9s csikdelnei Botskor Adrianne le\u00e1nya. F\u00e9rjhez ment gr. Bethlen G\u00e1borhoz (Mv., 1937. nov. 29). Gyermekeik: Bethlen Anik\u00f3 (Kv., 1938. okt. 7. \u2013); \u00c1gnes Zilinsky R\u00f3bertn\u00e9 (Kv., 1940. m\u00e1rv. 27. \u2013); \u00c9va Szentk\u00fati Mikl\u00f3sn\u00e9 (Mv., 1942. okt. 21. [&hellip;]<\/p>\n","protected":false},"featured_media":0,"comment_status":"open","ping_status":"closed","template":"","meta":[],"product_brand":[],"product_cat":[137],"product_tag":[],"class_list":{"0":"post-7940","1":"product","2":"type-product","3":"status-publish","5":"product_cat-maros-megyei-eletrajzi-lexikon","7":"first","8":"instock","9":"shipping-taxable","10":"product-type-simple"},"_links":{"self":[{"href":"https:\/\/uj.adatbank.ro\/lexikon\/wp-json\/wp\/v2\/product\/7940","targetHints":{"allow":["GET"]}}],"collection":[{"href":"https:\/\/uj.adatbank.ro\/lexikon\/wp-json\/wp\/v2\/product"}],"about":[{"href":"https:\/\/uj.adatbank.ro\/lexikon\/wp-json\/wp\/v2\/types\/product"}],"replies":[{"embeddable":true,"href":"https:\/\/uj.adatbank.ro\/lexikon\/wp-json\/wp\/v2\/comments?post=7940"}],"wp:attachment":[{"href":"https:\/\/uj.adatbank.ro\/lexikon\/wp-json\/wp\/v2\/media?parent=7940"}],"wp:term":[{"taxonomy":"product_brand","embeddable":true,"href":"https:\/\/uj.adatbank.ro\/lexikon\/wp-json\/wp\/v2\/product_brand?post=7940"},{"taxonomy":"product_cat","embeddable":true,"href":"https:\/\/uj.adatbank.ro\/lexikon\/wp-json\/wp\/v2\/product_cat?post=7940"},{"taxonomy":"product_tag","embeddable":true,"href":"https:\/\/uj.adatbank.ro\/lexikon\/wp-json\/wp\/v2\/product_tag?post=7940"}],"curies":[{"name":"wp","href":"https:\/\/api.w.org\/{rel}","templated":true}]}}

FERENCZ – MIHÁLY Éva, körösi és barátosi, Bethlen Gáborné

<p>Mv., 1912. dec. 5., † Mv., 1983. márc. 17.: orvos, gyermekgyógyász. – F. &#8211; M. Zsigmond és csikszentmártoni és csikdelnei Botskor Adrianne leánya. Férjhez ment gr. Bethlen Gáborhoz (Mv., 1937. nov. 29). Gyermekeik: Bethlen Anikó (Kv., 1938. okt. 7. –); Ágnes Zilinsky Róbertné (Kv., 1940. márv. 27. –); Éva Szentkúti Miklósné (Mv., 1942. okt. 21. –), Rózsa (Mazőmadars, 1944. júl 1. &#8211; 1959. nov. 14.). – Orvosi diplomát Kv.-on kapottMv.-en az inasiskolában tanított egészségügyet, a tüdőgyógyászat gyermekrészlegén dolgozott, a gyermekklinikán, a tüdőklinikán, iskolaorvos a művészeti líc.-ban és végül körzeti orvos volt. Marosvécsen a gyermekotthonban (1960–65), végül a holtmarosi öregek házához osztották be, de erről lemondott. <br /><strong>Irod.:</strong> Bethlen Anikó; Gál; [Nekrológ] (V. Z., 1983. márc. 19.); Gudenus; Gyermekkori életképek – történelmi háttérrel: Oláh-Gál Elvra beszélgetése bethleni gr. Bethlen Anikóval (Székelyföld, 9. sz., 2011. szept.); Kiss-Péterffy; BETHLEN Ánikó</br></p>

<p>Mv., 1912. dec. 5., † Mv., 1983. márc. 17.: orvos, gyermekgyógyász. – F. &#8211; M. Zsigmond és csikszentmártoni és csikdelnei Botskor Adrianne leánya. Férjhez ment gr. Bethlen Gáborhoz (Mv., 1937. nov. 29). Gyermekeik: Bethlen Anikó (Kv., 1938. okt. 7. –); Ágnes Zilinsky Róbertné (Kv., 1940. márv. 27. –); Éva Szentkúti Miklósné (Mv., 1942. okt. 21. [&hellip;]</p>
