{"id":7942,"date":"2025-06-29T10:09:02","date_gmt":"2025-06-29T08:09:02","guid":{"rendered":"https:\/\/uj.adatbank.ro\/lexikon\/termek\/ferencz-andras\/"},"modified":"2025-06-29T10:09:02","modified_gmt":"2025-06-29T08:09:02","slug":"ferencz-andras","status":"publish","type":"product","link":"https:\/\/uj.adatbank.ro\/lexikon\/termek\/ferencz-andras\/","title":{"rendered":"FERENCZ Andr\u00e1s"},"content":{"rendered":"<p>Hatyolka, 1904. okt. 13., \u2020 Nagyb\u00e1nya, 1987. dec. 29. Nagyb\u00e1ny\u00e1n temett\u00e9k: r. k. pap. \u2013 Papp\u00e1 szentelt\u00e9k (1931. j\u00fan. 28.). K\u00e1pl\u00e1n Gelenc\u00e9n (1931), Ditr\u00f3ban (1933), Mv.-en \u00e9s Kv.-on (1935\u201337). Pl\u00e9b\u00e1nos Magyarfenesen (1937\u2013), Kerel\u0151szentp\u00e1lon (1946. okt. 28. \u2013 1975). El\u0151tte Brandner S\u00e1ndor volt a pl\u00e9b\u00e1nos. Haller Istv\u00e1n a f\u0151gondnok. Az \u00e1ltala haszn\u00e1lt 37 hold f\u00f6ldter\u00fclet miatt kul\u00e1kk\u00e1 nyilv\u00e1n\u00edtotta (1947\u2013). Megvont\u00e1k az \u00e1llami fizet\u00e9s\u00e9t (1949). M\u00fazeumi gy\u0171jtem\u00e9nyt hozott l\u00e9tre a pl\u00e9b\u00e1nia \u00e9p\u00fclet\u00e9nek egyik term\u00e9ben: a Haller kast\u00e9ly \u00e9p\u00fclet\u00e9b\u0151l darabok, misek\u00f6nyvek, miseruh\u00e1k, klenodiumok stb. sz\u00e1m\u00e1ra. Paps\u00e1g\u00e1nak 25 \u00e9ves jubileum\u00e1t \u00fcnnepelte (1956). Vezet\u00e9s\u00e9vel Kerel\u0151szentp\u00e1lon \u00e9s Marosugr\u00e1n is fel\u00faj\u00edtott\u00e1k a templomot (1969) \u00e9s bevezette a m. nyelv\u0171 liturgi\u00e1t. Visszavonult (1975). <br \/><strong>Irod.:<\/strong> Ferenczi S\u00e1ndor 2009; Ferenczi S\u00e1ndor 2012; Keresztes Gyula: A kerel\u0151szentp\u00e1li templom \u00e9s k\u00e1polna (N\u00fa., 1998. aug. 29.); Maros-k\u00fck\u00fcll\u0151i f\u0151esp.; [Nekrol\u00f3g], (V. Z., 1988. jan. 3.)<\/br><\/p>\n","protected":false},"excerpt":{"rendered":"<p>Hatyolka, 1904. okt. 13., \u2020 Nagyb\u00e1nya, 1987. dec. 29. Nagyb\u00e1ny\u00e1n temett\u00e9k: r. k. pap. \u2013 Papp\u00e1 szentelt\u00e9k (1931. j\u00fan. 28.). K\u00e1pl\u00e1n Gelenc\u00e9n (1931), Ditr\u00f3ban (1933), Mv.-en \u00e9s Kv.-on (1935\u201337). Pl\u00e9b\u00e1nos Magyarfenesen (1937\u2013), Kerel\u0151szentp\u00e1lon (1946. okt. 28. \u2013 1975). El\u0151tte Brandner S\u00e1ndor volt a pl\u00e9b\u00e1nos. Haller Istv\u00e1n a f\u0151gondnok. Az \u00e1ltala haszn\u00e1lt 37 hold f\u00f6ldter\u00fclet miatt [&hellip;]<\/p>\n","protected":false},"featured_media":0,"comment_status":"open","ping_status":"closed","template":"","meta":[],"product_brand":[],"product_cat":[137],"product_tag":[],"class_list":{"0":"post-7942","1":"product","2":"type-product","3":"status-publish","5":"product_cat-maros-megyei-eletrajzi-lexikon","7":"first","8":"instock","9":"shipping-taxable","10":"product-type-simple"},"_links":{"self":[{"href":"https:\/\/uj.adatbank.ro\/lexikon\/wp-json\/wp\/v2\/product\/7942","targetHints":{"allow":["GET"]}}],"collection":[{"href":"https:\/\/uj.adatbank.ro\/lexikon\/wp-json\/wp\/v2\/product"}],"about":[{"href":"https:\/\/uj.adatbank.ro\/lexikon\/wp-json\/wp\/v2\/types\/product"}],"replies":[{"embeddable":true,"href":"https:\/\/uj.adatbank.ro\/lexikon\/wp-json\/wp\/v2\/comments?post=7942"}],"wp:attachment":[{"href":"https:\/\/uj.adatbank.ro\/lexikon\/wp-json\/wp\/v2\/media?parent=7942"}],"wp:term":[{"taxonomy":"product_brand","embeddable":true,"href":"https:\/\/uj.adatbank.ro\/lexikon\/wp-json\/wp\/v2\/product_brand?post=7942"},{"taxonomy":"product_cat","embeddable":true,"href":"https:\/\/uj.adatbank.ro\/lexikon\/wp-json\/wp\/v2\/product_cat?post=7942"},{"taxonomy":"product_tag","embeddable":true,"href":"https:\/\/uj.adatbank.ro\/lexikon\/wp-json\/wp\/v2\/product_tag?post=7942"}],"curies":[{"name":"wp","href":"https:\/\/api.w.org\/{rel}","templated":true}]}}

FERENCZ András

<p>Hatyolka, 1904. okt. 13., † Nagybánya, 1987. dec. 29. Nagybányán temették: r. k. pap. – Pappá szentelték (1931. jún. 28.). Káplán Gelencén (1931), Ditróban (1933), Mv.-en és Kv.-on (1935–37). Plébános Magyarfenesen (1937–), Kerelőszentpálon (1946. okt. 28. – 1975). Előtte Brandner Sándor volt a plébános. Haller István a főgondnok. Az általa használt 37 hold földterület miatt kulákká nyilvánította (1947–). Megvonták az állami fizetését (1949). Múzeumi gyűjteményt hozott létre a plébánia épületének egyik termében: a Haller kastély épületéből darabok, misekönyvek, miseruhák, klenodiumok stb. számára. Papságának 25 éves jubileumát ünnepelte (1956). Vezetésével Kerelőszentpálon és Marosugrán is felújították a templomot (1969) és bevezette a m. nyelvű liturgiát. Visszavonult (1975). <br /><strong>Irod.:</strong> Ferenczi Sándor 2009; Ferenczi Sándor 2012; Keresztes Gyula: A kerelőszentpáli templom és kápolna (Nú., 1998. aug. 29.); Maros-küküllői főesp.; [Nekrológ], (V. Z., 1988. jan. 3.)</br></p>

<p>Hatyolka, 1904. okt. 13., † Nagybánya, 1987. dec. 29. Nagybányán temették: r. k. pap. – Pappá szentelték (1931. jún. 28.). Káplán Gelencén (1931), Ditróban (1933), Mv.-en és Kv.-on (1935–37). Plébános Magyarfenesen (1937–), Kerelőszentpálon (1946. okt. 28. – 1975). Előtte Brandner Sándor volt a plébános. Haller István a főgondnok. Az általa használt 37 hold földterület miatt [&hellip;]</p>
