{"id":7944,"date":"2025-06-29T10:09:05","date_gmt":"2025-06-29T08:09:05","guid":{"rendered":"https:\/\/uj.adatbank.ro\/lexikon\/termek\/ferencz-bela-ervin-atya\/"},"modified":"2025-06-29T10:09:05","modified_gmt":"2025-06-29T08:09:05","slug":"ferencz-bela-ervin-atya","status":"publish","type":"product","link":"https:\/\/uj.adatbank.ro\/lexikon\/termek\/ferencz-bela-ervin-atya\/","title":{"rendered":"FERENCZ B\u00e9la, Ervin atya"},"content":{"rendered":"<p>Sz\u00e1rhegy, 1920. m\u00e1j. 10., \u2020 ? : pl\u00e9b\u00e1nos, Ferenc-rendi szerzetes, tan\u00e1r. \u2013 A gimn. -ot Mv. (1930), Sz\u00e9kelyudvarhelyen, Cs\u00edkszered\u00e1ban v\u00e9gezte (1936). Bel\u00e9pett a rendbe (1938), Medgyesen nov\u00edcia. A teol\u00f3gi\u00e1t Vajdahunyadon v\u00e9gezte (1939\u201344); \u00fcnnepi fogadalmat tett (1942), Gyulafeh\u00e9rv\u00e1ron M\u00e1rton \u00c1ron p\u00fcsp\u00f6k papp\u00e1 szentelte (1943). Fogarason kispap (1944). Rom\u00e1nia II. vh-b\u00f3l val\u00f3 kiugr\u00e1s\u00e1t k\u00f6vet\u0151en mint \u201enacionalista, horthysta, elvakult fajgy\u0171l\u00f6l\u0151t, s mint a rom\u00e1n n\u00e9p legnagyobb ellens\u00e9g\u00e9t\u201d t\u00f6bb sz\u00e1z \u00e9rtelmis\u00e9givel egy\u00fctt letart\u00f3ztatt\u00e1k. 1 h\u00f3nap fogs\u00e1g ut\u00e1n a zsid\u00f3-orosz v\u00e1rosparancsnok k\u00f6zbenj\u00e1r\u00e1s\u00e1ra szabadon bocs\u00e1tott\u00e1k, de 1 \u00e9vre k\u00e9nyszerlakhelyre \u00edt\u00e9lt\u00e9k a kolostorba. Kv.-on a BTE klasszika-filol. Kar\u00e1n tan\u00e1ri okl-et szerzett (1945\u201347). Sz\u00e9kelyudvarhelyen a Coll. Seraphicum pref-a (1947), Cs\u00edksomly\u00f3n a kisklerikusok magisztere (1948); Zetelak\u00e1n helyettes pl\u00e9b\u00e1nos (1949), Fogaras pl\u00e9b\u00e1nosa (1950). Rendt\u00e1rsaival egy\u00fctt M\u00e1riaradn\u00e1ra hurcolt\u00e1k (1951), harangoz\u00f3, sekresty\u00e9s, k\u00e1ntor \u00e9s helyettes f\u0151esperes Lipp\u00e1n (1952). A Szoboszlay-perben (1957) 9 h\u00f3nap vizsg\u00e1lati fogs\u00e1g ut\u00e1n az 1956-os m. forradalom Rom\u00e1ni\u00e1ba import\u00e1l\u00e1s\u00e1nak \u00e9s \u00e1llamellenes \u00f6sszeesk\u00fcv\u00e9s v\u00e1dj\u00e1val Temesv\u00e1ron \u00e9letfogytiglani k\u00e9nyszermunk\u00e1ra \u00edt\u00e9lt\u00e9k. Temesv\u00e1ron, Aradon, Zsilav\u00e1n, Galacban, Botosaniban, Peripr\u00e1v\u00e1n, Szamos\u00fajv\u00e1rt raboskodott, k\u00f6zkegyelemmel szabadult Piatra Fracateib\u0151l (1964). Torny\u00e1n lelk\u00e9sz (1976). Kv.-on tp-ig. a ferencesekn\u00e9l (1976). Letart\u00f3ztatt\u00e1k, r\u00f3zsaf\u00fcz\u00e9rekkel val\u00f3 \u00fcz\u00e9rked\u00e9s v\u00e1dj\u00e1val (1980) \u00e9s k\u00f6zb\u0171nt\u00e9nyesk\u00e9nt 2 \u00e9vre \u00edt\u00e9lt\u00e9k. Kv., Szamos\u00fajv\u00e1rt \u00e9s Buk.-ben raboskodott, Galacr\u00f3l szabadult. (1981). Lelk\u00e9sz Mv.-en (1981), D\u00e9sen, D\u00e9v\u00e1n, majd \u00fajra D\u00e9sen. Lelkip\u00e1sztori szolg\u00e1latra rendelt\u00e9k Mv. -re (1984\u201391). <br \/><strong>Irod.:<\/strong> Id\u0151t\u00e1r 4.; MKL, P\u00e1l-Antal 2013<\/br><\/p>\n","protected":false},"excerpt":{"rendered":"<p>Sz\u00e1rhegy, 1920. m\u00e1j. 10., \u2020 ? : pl\u00e9b\u00e1nos, Ferenc-rendi szerzetes, tan\u00e1r. \u2013 A gimn. -ot Mv. (1930), Sz\u00e9kelyudvarhelyen, Cs\u00edkszered\u00e1ban v\u00e9gezte (1936). Bel\u00e9pett a rendbe (1938), Medgyesen nov\u00edcia. A teol\u00f3gi\u00e1t Vajdahunyadon v\u00e9gezte (1939\u201344); \u00fcnnepi fogadalmat tett (1942), Gyulafeh\u00e9rv\u00e1ron M\u00e1rton \u00c1ron p\u00fcsp\u00f6k papp\u00e1 szentelte (1943). Fogarason kispap (1944). Rom\u00e1nia II. vh-b\u00f3l val\u00f3 kiugr\u00e1s\u00e1t k\u00f6vet\u0151en mint \u201enacionalista, horthysta, [&hellip;]<\/p>\n","protected":false},"featured_media":0,"comment_status":"open","ping_status":"closed","template":"","meta":[],"product_brand":[],"product_cat":[137],"product_tag":[],"class_list":{"0":"post-7944","1":"product","2":"type-product","3":"status-publish","5":"product_cat-maros-megyei-eletrajzi-lexikon","7":"first","8":"instock","9":"shipping-taxable","10":"product-type-simple"},"_links":{"self":[{"href":"https:\/\/uj.adatbank.ro\/lexikon\/wp-json\/wp\/v2\/product\/7944","targetHints":{"allow":["GET"]}}],"collection":[{"href":"https:\/\/uj.adatbank.ro\/lexikon\/wp-json\/wp\/v2\/product"}],"about":[{"href":"https:\/\/uj.adatbank.ro\/lexikon\/wp-json\/wp\/v2\/types\/product"}],"replies":[{"embeddable":true,"href":"https:\/\/uj.adatbank.ro\/lexikon\/wp-json\/wp\/v2\/comments?post=7944"}],"wp:attachment":[{"href":"https:\/\/uj.adatbank.ro\/lexikon\/wp-json\/wp\/v2\/media?parent=7944"}],"wp:term":[{"taxonomy":"product_brand","embeddable":true,"href":"https:\/\/uj.adatbank.ro\/lexikon\/wp-json\/wp\/v2\/product_brand?post=7944"},{"taxonomy":"product_cat","embeddable":true,"href":"https:\/\/uj.adatbank.ro\/lexikon\/wp-json\/wp\/v2\/product_cat?post=7944"},{"taxonomy":"product_tag","embeddable":true,"href":"https:\/\/uj.adatbank.ro\/lexikon\/wp-json\/wp\/v2\/product_tag?post=7944"}],"curies":[{"name":"wp","href":"https:\/\/api.w.org\/{rel}","templated":true}]}}

FERENCZ Béla, Ervin atya

<p>Szárhegy, 1920. máj. 10., † ? : plébános, Ferenc-rendi szerzetes, tanár. – A gimn. -ot Mv. (1930), Székelyudvarhelyen, Csíkszeredában végezte (1936). Belépett a rendbe (1938), Medgyesen novícia. A teológiát Vajdahunyadon végezte (1939–44); ünnepi fogadalmat tett (1942), Gyulafehérváron Márton Áron püspök pappá szentelte (1943). Fogarason kispap (1944). Románia II. vh-ból való kiugrását követően mint „nacionalista, horthysta, elvakult fajgyűlölőt, s mint a román nép legnagyobb ellenségét” több száz értelmiségivel együtt letartóztatták. 1 hónap fogság után a zsidó-orosz városparancsnok közbenjárására szabadon bocsátották, de 1 évre kényszerlakhelyre ítélték a kolostorba. Kv.-on a BTE klasszika-filol. Karán tanári okl-et szerzett (1945–47). Székelyudvarhelyen a Coll. Seraphicum pref-a (1947), Csíksomlyón a kisklerikusok magisztere (1948); Zetelakán helyettes plébános (1949), Fogaras plébánosa (1950). Rendtársaival együtt Máriaradnára hurcolták (1951), harangozó, sekrestyés, kántor és helyettes főesperes Lippán (1952). A Szoboszlay-perben (1957) 9 hónap vizsgálati fogság után az 1956-os m. forradalom Romániába importálásának és államellenes összeesküvés vádjával Temesváron életfogytiglani kényszermunkára ítélték. Temesváron, Aradon, Zsilaván, Galacban, Botosaniban, Peripráván, Szamosújvárt raboskodott, közkegyelemmel szabadult Piatra Fracateiből (1964). Tornyán lelkész (1976). Kv.-on tp-ig. a ferenceseknél (1976). Letartóztatták, rózsafüzérekkel való üzérkedés vádjával (1980) és közbűntényesként 2 évre ítélték. Kv., Szamosújvárt és Buk.-ben raboskodott, Galacról szabadult. (1981). Lelkész Mv.-en (1981), Désen, Déván, majd újra Désen. Lelkipásztori szolgálatra rendelték Mv. -re (1984–91). <br /><strong>Irod.:</strong> Időtár 4.; MKL, Pál-Antal 2013</br></p>

<p>Szárhegy, 1920. máj. 10., † ? : plébános, Ferenc-rendi szerzetes, tanár. – A gimn. -ot Mv. (1930), Székelyudvarhelyen, Csíkszeredában végezte (1936). Belépett a rendbe (1938), Medgyesen novícia. A teológiát Vajdahunyadon végezte (1939–44); ünnepi fogadalmat tett (1942), Gyulafehérváron Márton Áron püspök pappá szentelte (1943). Fogarason kispap (1944). Románia II. vh-ból való kiugrását követően mint „nacionalista, horthysta, [&hellip;]</p>
