{"id":7950,"date":"2025-06-29T10:09:17","date_gmt":"2025-06-29T08:09:17","guid":{"rendered":"https:\/\/uj.adatbank.ro\/lexikon\/termek\/ferencz-jozsef-2\/"},"modified":"2025-06-29T10:09:17","modified_gmt":"2025-06-29T08:09:17","slug":"ferencz-jozsef-2","status":"publish","type":"product","link":"https:\/\/uj.adatbank.ro\/lexikon\/termek\/ferencz-jozsef-2\/","title":{"rendered":"FERENCZ J\u00f3zsef"},"content":{"rendered":"<p>Dics\u0151szentm\u00e1rton, 1908. aug. 30., \u2020\u00a0Bp., 1994. szept. 20.: unit. p\u00fcsp\u00f6k. \u2013 A kv.-i unit. teol. akad. -n, \u00e1llami \u00f6szt\u00f6nd\u00edjjal a Collegium Hungaricum tagja\u00adk\u00e9nt B\u00e9csben (1928\u201329), a marburgi prot. egyetemen (1929\u201330), P\u00e1rizsban \u00e9s Genfben teol\u00f3gi\u00e1t \u00e9s b\u00f6lcs\u00e9szeti tudom\u00e1nyokat tanult (1930\u20133l). Bp.-en \u00e9lt, helyettes\u00edt\u0151 hitoktat\u00f3 (1931\u2013); a bp.-i unit. misszi\u00f3s h\u00e1z intern\u00e1tusi fel\u00fcgyel\u0151je (1933\u201340); k\u00f6zben az oxfordi egyetemen egyh\u00e1zt\u00f6rt\u00e9netet tanult (1934\u201335), egyidej\u0171leg az oxfordi unit. gy\u00fclekezetekben alkalmi lelk\u00e9szi szolg\u00e1\u00adlatot l\u00e1tott el. Bp.-en helyettes lelk\u00e9sz \u00e9s a p\u00fcsp\u00f6ki vik\u00e1rius titk\u00e1ra (1937\u2013). Kv. -ott egyh\u00e1zi titk\u00e1r (1941\u2013), Kv.-on az egy\u00adh\u00e1zjog-egyh\u00e1zt\u00f6rt\u00e9net szakcsoportban teol. tan\u00e1ri oklevelet szerzett (1944). Debrecen\u00adben lelk\u00e9sz (1943\u201345), a Kiv\u00e1n\u00addorl\u00e1si Iroda igazgat\u00f3ja \u00e9s a M. -ok Vilagsz\u00f6v. tit\u00adk\u00e1ra \u00e9s a bp.-i unit. egyh\u00e1zk\u00f6zs\u00e9g gondnoka (1945\u2013). A P\u00e9nzint. K\u00f6zpont munkat\u00e1rsa (1952\u201357). A mo.-i unit. egyh\u00e1z f\u0151gondnoka (1957\u2013), p\u00fcsp\u00f6ke (1971\u201388). Szerke. -tte az Unit\u00e1rius \u00c9rtes\u00edt\u0151t (1937\u201340) \u00e9s az Unit\u00e1rius \u00c9let c. egyh\u00e1zi lapot (1971\u201389). <strong>Cikke:<\/strong> Esti Kurir-ban. Az Unit. Vil\u00e1gsz\u00f6v. tagja, a szabad\u00adk\u0151m\u0171ves Szimbolikus Nagyp\u00e1holy tagja. Az International Association for Religious Freedom eln\u00f6ks\u00e9gi tagja (1972\u201393). \u2013 <strong>F. m.:<\/strong> Eml\u00e9keimb\u0151l (Cluj-Kv, 1925); Az unit\u00e1rius Misszi\u00f3h\u00e1z t\u00edz esztendeje (Bp., 1933); A magyaro.-i unit\u00e1riusok (1935); Az \u00f6kume\u00adnikus mozgalmak (Kv., 1939); CNA dunatiszamenti unit. egyh\u00e1zk\u00f6r (Bp., 1940); Az unit\u00e1rius \u00e9let munk\u00e1sai (Bp., 1940) (Szerk Szentiv\u00e1nyi S\u00e1ndorral); Egy isten\u00fcnk egy m. haz\u00e1nk (Kv., 1943) (Szerk. Abrudb\u00e1nyai J\u00e1nossal); Az unit\u00e1rizmus \u00e9s a m. uni. egyh\u00e1z t\u00f6rt\u00e9nete (tank\u00f6nyv; Bp., 1950); Unit\u00e1rius k\u00e1t\u00e9, tekintettel a konfirm\u00e1ci\u00f3i vall\u00e1stan\u00edt\u00e1sra (Sf. Gheorghe-Sepsiszentgy\u00f6rgy, 1950); Hung\u00e1ri\u00e1n Unitarianism in the Nineteenth and Twentieth Centuries (Chicago, 1990). <br \/><strong>Irod.:<\/strong> F. J. unit\u00e1rius p\u00fcsp\u00f6k 90 esztend\u0151s \u00f6r\u00f6m\u00fcnnepe. Szerk. Boros Gy\u00f6rgy (Cluj-Kv., 1925); Guly\u00e1s; Gy\u00f6rgy 1927; Kelemen; R\u00daL; Szigethy\u2013\u00dajv\u00e1ri; \u00daM\u00c9L<\/br><\/p>\n","protected":false},"excerpt":{"rendered":"<p>Dics\u0151szentm\u00e1rton, 1908. aug. 30., \u2020\u00a0Bp., 1994. szept. 20.: unit. p\u00fcsp\u00f6k. \u2013 A kv.-i unit. teol. akad. -n, \u00e1llami \u00f6szt\u00f6nd\u00edjjal a Collegium Hungaricum tagja\u00adk\u00e9nt B\u00e9csben (1928\u201329), a marburgi prot. egyetemen (1929\u201330), P\u00e1rizsban \u00e9s Genfben teol\u00f3gi\u00e1t \u00e9s b\u00f6lcs\u00e9szeti tudom\u00e1nyokat tanult (1930\u20133l). Bp.-en \u00e9lt, helyettes\u00edt\u0151 hitoktat\u00f3 (1931\u2013); a bp.-i unit. misszi\u00f3s h\u00e1z intern\u00e1tusi fel\u00fcgyel\u0151je (1933\u201340); k\u00f6zben az oxfordi [&hellip;]<\/p>\n","protected":false},"featured_media":0,"comment_status":"open","ping_status":"closed","template":"","meta":[],"product_brand":[],"product_cat":[137],"product_tag":[],"class_list":{"0":"post-7950","1":"product","2":"type-product","3":"status-publish","5":"product_cat-maros-megyei-eletrajzi-lexikon","7":"first","8":"instock","9":"shipping-taxable","10":"product-type-simple"},"_links":{"self":[{"href":"https:\/\/uj.adatbank.ro\/lexikon\/wp-json\/wp\/v2\/product\/7950","targetHints":{"allow":["GET"]}}],"collection":[{"href":"https:\/\/uj.adatbank.ro\/lexikon\/wp-json\/wp\/v2\/product"}],"about":[{"href":"https:\/\/uj.adatbank.ro\/lexikon\/wp-json\/wp\/v2\/types\/product"}],"replies":[{"embeddable":true,"href":"https:\/\/uj.adatbank.ro\/lexikon\/wp-json\/wp\/v2\/comments?post=7950"}],"wp:attachment":[{"href":"https:\/\/uj.adatbank.ro\/lexikon\/wp-json\/wp\/v2\/media?parent=7950"}],"wp:term":[{"taxonomy":"product_brand","embeddable":true,"href":"https:\/\/uj.adatbank.ro\/lexikon\/wp-json\/wp\/v2\/product_brand?post=7950"},{"taxonomy":"product_cat","embeddable":true,"href":"https:\/\/uj.adatbank.ro\/lexikon\/wp-json\/wp\/v2\/product_cat?post=7950"},{"taxonomy":"product_tag","embeddable":true,"href":"https:\/\/uj.adatbank.ro\/lexikon\/wp-json\/wp\/v2\/product_tag?post=7950"}],"curies":[{"name":"wp","href":"https:\/\/api.w.org\/{rel}","templated":true}]}}

FERENCZ József

<p>Dicsőszentmárton, 1908. aug. 30., † Bp., 1994. szept. 20.: unit. püspök. – A kv.-i unit. teol. akad. -n, állami ösztöndíjjal a Collegium Hungaricum tagja­ként Bécsben (1928–29), a marburgi prot. egyetemen (1929–30), Párizsban és Genfben teológiát és bölcsészeti tudományokat tanult (1930–3l). Bp.-en élt, helyettesítő hitoktató (1931–); a bp.-i unit. missziós ház internátusi felügyelője (1933–40); közben az oxfordi egyetemen egyháztörténetet tanult (1934–35), egyidejűleg az oxfordi unit. gyülekezetekben alkalmi lelkészi szolgá­latot látott el. Bp.-en helyettes lelkész és a püspöki vikárius titkára (1937–). Kv. -ott egyházi titkár (1941–), Kv.-on az egy­házjog-egyháztörténet szakcsoportban teol. tanári oklevelet szerzett (1944). Debrecen­ben lelkész (1943–45), a Kiván­dorlási Iroda igazgatója és a M. -ok Vilagszöv. tit­kára és a bp.-i unit. egyházközség gondnoka (1945–). A Pénzint. Központ munkatársa (1952–57). A mo.-i unit. egyház főgondnoka (1957–), püspöke (1971–88). Szerke. -tte az Unitárius Értesítőt (1937–40) és az Unitárius Élet c. egyházi lapot (1971–89). <strong>Cikke:</strong> Esti Kurir-ban. Az Unit. Világszöv. tagja, a szabad­kőműves Szimbolikus Nagypáholy tagja. Az International Association for Religious Freedom elnökségi tagja (1972–93). – <strong>F. m.:</strong> Emlékeimből (Cluj-Kv, 1925); Az unitárius Misszióház tíz esztendeje (Bp., 1933); A magyaro.-i unitáriusok (1935); Az ökume­nikus mozgalmak (Kv., 1939); CNA dunatiszamenti unit. egyházkör (Bp., 1940); Az unitárius élet munkásai (Bp., 1940) (Szerk Szentiványi Sándorral); Egy istenünk egy m. hazánk (Kv., 1943) (Szerk. Abrudbányai Jánossal); Az unitárizmus és a m. uni. egyház története (tankönyv; Bp., 1950); Unitárius káté, tekintettel a konfirmációi vallástanításra (Sf. Gheorghe-Sepsiszentgyörgy, 1950); Hungárián Unitarianism in the Nineteenth and Twentieth Centuries (Chicago, 1990). <br /><strong>Irod.:</strong> F. J. unitárius püspök 90 esztendős örömünnepe. Szerk. Boros György (Cluj-Kv., 1925); Gulyás; György 1927; Kelemen; RÚL; Szigethy–Újvári; ÚMÉL</br></p>

<p>Dicsőszentmárton, 1908. aug. 30., † Bp., 1994. szept. 20.: unit. püspök. – A kv.-i unit. teol. akad. -n, állami ösztöndíjjal a Collegium Hungaricum tagja­ként Bécsben (1928–29), a marburgi prot. egyetemen (1929–30), Párizsban és Genfben teológiát és bölcsészeti tudományokat tanult (1930–3l). Bp.-en élt, helyettesítő hitoktató (1931–); a bp.-i unit. missziós ház internátusi felügyelője (1933–40); közben az oxfordi [&hellip;]</p>
