{"id":7953,"date":"2025-06-29T10:09:21","date_gmt":"2025-06-29T08:09:21","guid":{"rendered":"https:\/\/uj.adatbank.ro\/lexikon\/termek\/ferencz-jozsef-korosi\/"},"modified":"2025-06-29T10:09:21","modified_gmt":"2025-06-29T08:09:21","slug":"ferencz-jozsef-korosi","status":"publish","type":"product","link":"https:\/\/uj.adatbank.ro\/lexikon\/termek\/ferencz-jozsef-korosi\/","title":{"rendered":"FERENCZ J\u00f3zsef, k\u00f6r\u00f6si"},"content":{"rendered":"<p>1839, \u2020\u00a01894: ref. lelk\u00e9sz. &#8211; Val\u00f3sz\u00edn\u0171: Feles\u00e9ge: bal\u00e1zstelki Csontos R\u00f3za (1847.? \u2013 Mv., 1940. szept. 25.). Le\u00e1nyuk: Anna dr. Csiky L\u00e1szl\u00f3n\u00e9. \u2013 Mez\u0151madarasi lelk\u00e9sz \u00e9s mez\u0151pagocsai birtokos. \u2013 <strong>F. m.:<\/strong> Halotti besz\u00e9d ikt\u00e1ri gr. Bethlen Kata, losonczi gr. B\u00e1nffi Mikl\u00f3sn\u00e9 felett, 1871. febr. 26. (Kv., 1871). <br \/><strong>Irod.:<\/strong> Halotti besz\u00e9dek; P\u00e1lmay<\/br><\/p>\n","protected":false},"excerpt":{"rendered":"<p>1839, \u2020\u00a01894: ref. lelk\u00e9sz. &#8211; Val\u00f3sz\u00edn\u0171: Feles\u00e9ge: bal\u00e1zstelki Csontos R\u00f3za (1847.? \u2013 Mv., 1940. szept. 25.). Le\u00e1nyuk: Anna dr. Csiky L\u00e1szl\u00f3n\u00e9. \u2013 Mez\u0151madarasi lelk\u00e9sz \u00e9s mez\u0151pagocsai birtokos. \u2013 F. m.: Halotti besz\u00e9d ikt\u00e1ri gr. Bethlen Kata, losonczi gr. B\u00e1nffi Mikl\u00f3sn\u00e9 felett, 1871. febr. 26. (Kv., 1871). Irod.: Halotti besz\u00e9dek; P\u00e1lmay<\/p>\n","protected":false},"featured_media":0,"comment_status":"open","ping_status":"closed","template":"","meta":[],"product_brand":[],"product_cat":[137],"product_tag":[],"class_list":{"0":"post-7953","1":"product","2":"type-product","3":"status-publish","5":"product_cat-maros-megyei-eletrajzi-lexikon","7":"first","8":"instock","9":"shipping-taxable","10":"product-type-simple"},"_links":{"self":[{"href":"https:\/\/uj.adatbank.ro\/lexikon\/wp-json\/wp\/v2\/product\/7953","targetHints":{"allow":["GET"]}}],"collection":[{"href":"https:\/\/uj.adatbank.ro\/lexikon\/wp-json\/wp\/v2\/product"}],"about":[{"href":"https:\/\/uj.adatbank.ro\/lexikon\/wp-json\/wp\/v2\/types\/product"}],"replies":[{"embeddable":true,"href":"https:\/\/uj.adatbank.ro\/lexikon\/wp-json\/wp\/v2\/comments?post=7953"}],"wp:attachment":[{"href":"https:\/\/uj.adatbank.ro\/lexikon\/wp-json\/wp\/v2\/media?parent=7953"}],"wp:term":[{"taxonomy":"product_brand","embeddable":true,"href":"https:\/\/uj.adatbank.ro\/lexikon\/wp-json\/wp\/v2\/product_brand?post=7953"},{"taxonomy":"product_cat","embeddable":true,"href":"https:\/\/uj.adatbank.ro\/lexikon\/wp-json\/wp\/v2\/product_cat?post=7953"},{"taxonomy":"product_tag","embeddable":true,"href":"https:\/\/uj.adatbank.ro\/lexikon\/wp-json\/wp\/v2\/product_tag?post=7953"}],"curies":[{"name":"wp","href":"https:\/\/api.w.org\/{rel}","templated":true}]}}