{"id":7957,"date":"2025-06-29T10:09:30","date_gmt":"2025-06-29T08:09:30","guid":{"rendered":"https:\/\/uj.adatbank.ro\/lexikon\/termek\/ferencz-mihaly-zsigmond-%c2%a7-korosi-es-baratosi\/"},"modified":"2025-06-29T10:09:30","modified_gmt":"2025-06-29T08:09:30","slug":"ferencz-mihaly-zsigmond-%c2%a7-korosi-es-baratosi","status":"publish","type":"product","link":"https:\/\/uj.adatbank.ro\/lexikon\/termek\/ferencz-mihaly-zsigmond-%c2%a7-korosi-es-baratosi\/","title":{"rendered":"FERENCZ MIH\u00c1LY Zsigmond, \u00a7 k\u00f6r\u00f6si \u00e9s bar\u00e1tosi"},"content":{"rendered":"<p>Mez\u0151madaras, 1877. nov. 1., \u2020\u00a0Mv., 1931 m\u00e1j. 6.: \u00fcgyv\u00e9d, politikus, birtokos, ref. f\u0151gondnok. \u2013 Bochkor Mih\u00e1ly t\u00f6rv\u00e9nyb\u00edr\u00f3 \u00e9s Szentmikl\u00f3ssy Terka fia. Mez\u0151madarason fogadt\u00e1k \u00f6r\u00f6kbe: Mih\u00e1ly Zsigmond \u00e9s neje Csontos Karolina (1886), az\u00f3ta kett\u0151s csal\u00e1dnev\u0171. Testv\u00e9rei Mv.-en \u00e9ltek: Ferencz Giza Szil\u00e1gyi J\u00e1nosn\u00e9; Ferencz Annus Cs\u00edky L\u00e1szl\u00f3n\u00e9. Feles\u00e9ge: csikszentm\u00e1rtoni \u00e9s csikdelnei Bochkor Adrianne, a Ref. N\u0151sz\u00f6vets\u00e9g megyei eln\u00f6ke (1912\u2013). Gyermekeik: Judith dr. Kolesz\u00e1r L\u00e1szl\u00f3n\u00e9; Adrienne dr. D\u00f3zsa Ferencn\u00e9; \u00c9va Bethlen G\u00e1born\u00e9. \u2013 Mez\u0151madarasi birtokos. K\u00f6z\u00e9piskol\u00e1it Mv.-en a jogot Kv.-on v\u00e9gezte, dr. jur. Mv.-en nyitott \u00fcgyv\u00e9di irod\u00e1t, k\u00f6zben 500 holdat kitev\u0151 birtok\u00e1n gazd\u00e1lkodott. Tagja a megyei t\u00f6rv\u00e9nyhat\u00f3s\u00e1gi bizotts\u00e1gnak (1901\u2013); helyettes tiszti f\u0151\u00fcgy\u00e9sz (1908); az \u00fcgyv\u00e9di \u00e9s b\u00edr\u00f3i vizsg\u00e1ztat\u00f3 bizotts\u00e1g tagja (1928\u2013); a mv.-i k\u00f6zigazgat\u00e1si tanfolyamon a b\u00fcntet\u0151jog tan\u00e1ra. Az els\u0151 vh.-ban az 5. t\u00fcz\u00e9rekn\u00e9l mint f\u0151hadnagy harcolt, a Sig. Laud. a kardokkal kit\u00fcntet\u00e9s tulajdonosa. Imp\u00e9riumv\u00e1ltoz\u00e1s ut\u00e1n az OMP int\u00e9z\u0151 bizotts\u00e1g\u00e1nak tagja, szen\u00e1tor jel\u00f6ltje, a v\u00e1ros K\u00f6zigazgat\u00e1si Bizotts\u00e1g\u00e1nak tagja (1923), megyei tan\u00e1csos (1926-; 1929\u201330) de k\u00f6z\u00e9leti m\u0171k\u00f6d\u00e9s\u00e9nek s\u00falypontja a ref. egyh\u00e1zi \u00e9s iskolai \u00fcgyekre esett: a mv.-i Ref. Koll. el\u0151lj\u00e1r\u00f3ja, jogtan\u00e1csosa (1921\u2013), a ref. egyh\u00e1z presbitere, a Marosi Ref. Egyh\u00e1zmegye f\u0151gondnoka (1924\u201331), a minorit\u00e1k jogtan\u00e1csosa, egyh\u00e1zker\u00fcleti f\u0151t\u00f6rv\u00e9nysz\u00e9ki b\u00edr\u00f3, zsinati k\u00e9pvisel\u0151, a Szanat\u00f3rium Egyes\u00fclet aleln\u00f6ke (1926), az \u00e9p\u00edt\u0151 rt. f\u0151r\u00e9szv\u00e9nyese. A Kv.-i Takar\u00e9kp\u00e9nzt\u00e1r \u00e9s Hitelbank v\u00e1s\u00e1rhelyi fi\u00f3kj\u00e1nak valamint a K\u00f6zhaszn\u00fa Takar\u00e9kp\u00e9nzt\u00e1rnak jogtan\u00e1csosa. Sz\u00e1mos m\u00e1s int\u00e9zm\u00e9ny vezet\u00e9s\u00e9ben vett r\u00e9szt. A Mv.-i Kaszin\u00f3 v\u00e1lasztm\u00e1nyi tagja (1919). Az Erd\u00e9lyi Helikon mv.-i tagjai k\u00f6zt szerepelt (1930). A minorit\u00e1k jog\u00e1sza volt, korai hal\u00e1la ut\u00e1n feles\u00e9ge a minorit\u00e1k b\u00e9rh\u00e1z\u00e1ban maradhatott. <strong>Cikke:<\/strong> A Marosi K\u00e1lvin Sz\u00f6vets\u00e9g \u00c9vk\u00f6nyv\u00e9ben. <br \/><strong>Irod.:<\/strong> \u00c1goston Albert: Alkot\u00e1sainkra, \u00e9rt\u00e9keinkre eml\u00e9kezve (N\u00fa., 1993. dec. 14.); Almanah Tg. M.; Bethlen Anik\u00f3; Bi\u00e1s Istv\u00e1n; EM; Guly\u00e1s; Gy\u00e1szjelent\u0151; Id\u0151t\u00e1r 2; Id\u0151t\u00e1r 3; Maros megyei m. t\u00f6rt. 5.; Marosi-Helikon; Marosi-KZST; Molter 2., 3.; Mv. \u00e9s a h\u00e1bor\u00fa 2; Osv\u00e1th; P\u00e1lmay, Sebesty\u00e9n; Sz\u00e9kelyf\u00f6ld \u00ed. k.<\/br><\/p>\n","protected":false},"excerpt":{"rendered":"<p>Mez\u0151madaras, 1877. nov. 1., \u2020\u00a0Mv., 1931 m\u00e1j. 6.: \u00fcgyv\u00e9d, politikus, birtokos, ref. f\u0151gondnok. \u2013 Bochkor Mih\u00e1ly t\u00f6rv\u00e9nyb\u00edr\u00f3 \u00e9s Szentmikl\u00f3ssy Terka fia. Mez\u0151madarason fogadt\u00e1k \u00f6r\u00f6kbe: Mih\u00e1ly Zsigmond \u00e9s neje Csontos Karolina (1886), az\u00f3ta kett\u0151s csal\u00e1dnev\u0171. Testv\u00e9rei Mv.-en \u00e9ltek: Ferencz Giza Szil\u00e1gyi J\u00e1nosn\u00e9; Ferencz Annus Cs\u00edky L\u00e1szl\u00f3n\u00e9. Feles\u00e9ge: csikszentm\u00e1rtoni \u00e9s csikdelnei Bochkor Adrianne, a Ref. N\u0151sz\u00f6vets\u00e9g megyei [&hellip;]<\/p>\n","protected":false},"featured_media":0,"comment_status":"open","ping_status":"closed","template":"","meta":[],"product_brand":[],"product_cat":[137],"product_tag":[],"class_list":{"0":"post-7957","1":"product","2":"type-product","3":"status-publish","5":"product_cat-maros-megyei-eletrajzi-lexikon","7":"first","8":"instock","9":"shipping-taxable","10":"product-type-simple"},"_links":{"self":[{"href":"https:\/\/uj.adatbank.ro\/lexikon\/wp-json\/wp\/v2\/product\/7957","targetHints":{"allow":["GET"]}}],"collection":[{"href":"https:\/\/uj.adatbank.ro\/lexikon\/wp-json\/wp\/v2\/product"}],"about":[{"href":"https:\/\/uj.adatbank.ro\/lexikon\/wp-json\/wp\/v2\/types\/product"}],"replies":[{"embeddable":true,"href":"https:\/\/uj.adatbank.ro\/lexikon\/wp-json\/wp\/v2\/comments?post=7957"}],"wp:attachment":[{"href":"https:\/\/uj.adatbank.ro\/lexikon\/wp-json\/wp\/v2\/media?parent=7957"}],"wp:term":[{"taxonomy":"product_brand","embeddable":true,"href":"https:\/\/uj.adatbank.ro\/lexikon\/wp-json\/wp\/v2\/product_brand?post=7957"},{"taxonomy":"product_cat","embeddable":true,"href":"https:\/\/uj.adatbank.ro\/lexikon\/wp-json\/wp\/v2\/product_cat?post=7957"},{"taxonomy":"product_tag","embeddable":true,"href":"https:\/\/uj.adatbank.ro\/lexikon\/wp-json\/wp\/v2\/product_tag?post=7957"}],"curies":[{"name":"wp","href":"https:\/\/api.w.org\/{rel}","templated":true}]}}

FERENCZ MIHÁLY Zsigmond, § körösi és barátosi

<p>Mezőmadaras, 1877. nov. 1., † Mv., 1931 máj. 6.: ügyvéd, politikus, birtokos, ref. főgondnok. – Bochkor Mihály törvénybíró és Szentmiklóssy Terka fia. Mezőmadarason fogadták örökbe: Mihály Zsigmond és neje Csontos Karolina (1886), azóta kettős családnevű. Testvérei Mv.-en éltek: Ferencz Giza Szilágyi Jánosné; Ferencz Annus Csíky Lászlóné. Felesége: csikszentmártoni és csikdelnei Bochkor Adrianne, a Ref. Nőszövetség megyei elnöke (1912–). Gyermekeik: Judith dr. Koleszár Lászlóné; Adrienne dr. Dózsa Ferencné; Éva Bethlen Gáborné. – Mezőmadarasi birtokos. Középiskoláit Mv.-en a jogot Kv.-on végezte, dr. jur. Mv.-en nyitott ügyvédi irodát, közben 500 holdat kitevő birtokán gazdálkodott. Tagja a megyei törvényhatósági bizottságnak (1901–); helyettes tiszti főügyész (1908); az ügyvédi és bírói vizsgáztató bizottság tagja (1928–); a mv.-i közigazgatási tanfolyamon a büntetőjog tanára. Az első vh.-ban az 5. tüzéreknél mint főhadnagy harcolt, a Sig. Laud. a kardokkal kitüntetés tulajdonosa. Impériumváltozás után az OMP intéző bizottságának tagja, szenátor jelöltje, a város Közigazgatási Bizottságának tagja (1923), megyei tanácsos (1926-; 1929–30) de közéleti működésének súlypontja a ref. egyházi és iskolai ügyekre esett: a mv.-i Ref. Koll. előljárója, jogtanácsosa (1921–), a ref. egyház presbitere, a Marosi Ref. Egyházmegye főgondnoka (1924–31), a minoriták jogtanácsosa, egyházkerületi főtörvényszéki bíró, zsinati képviselő, a Szanatórium Egyesület alelnöke (1926), az építő rt. főrészvényese. A Kv.-i Takarékpénztár és Hitelbank vásárhelyi fiókjának valamint a Közhasznú Takarékpénztárnak jogtanácsosa. Számos más intézmény vezetésében vett részt. A Mv.-i Kaszinó választmányi tagja (1919). Az Erdélyi Helikon mv.-i tagjai közt szerepelt (1930). A minoriták jogásza volt, korai halála után felesége a minoriták bérházában maradhatott. <strong>Cikke:</strong> A Marosi Kálvin Szövetség Évkönyvében. <br /><strong>Irod.:</strong> Ágoston Albert: Alkotásainkra, értékeinkre emlékezve (Nú., 1993. dec. 14.); Almanah Tg. M.; Bethlen Anikó; Biás István; EM; Gulyás; Gyászjelentő; Időtár 2; Időtár 3; Maros megyei m. tört. 5.; Marosi-Helikon; Marosi-KZST; Molter 2., 3.; Mv. és a háború 2; Osváth; Pálmay, Sebestyén; Székelyföld í. k.</br></p>

<p>Mezőmadaras, 1877. nov. 1., † Mv., 1931 máj. 6.: ügyvéd, politikus, birtokos, ref. főgondnok. – Bochkor Mihály törvénybíró és Szentmiklóssy Terka fia. Mezőmadarason fogadták örökbe: Mihály Zsigmond és neje Csontos Karolina (1886), azóta kettős családnevű. Testvérei Mv.-en éltek: Ferencz Giza Szilágyi Jánosné; Ferencz Annus Csíky Lászlóné. Felesége: csikszentmártoni és csikdelnei Bochkor Adrianne, a Ref. Nőszövetség megyei [&hellip;]</p>
