{"id":7959,"date":"2025-06-29T10:09:36","date_gmt":"2025-06-29T08:09:36","guid":{"rendered":"https:\/\/uj.adatbank.ro\/lexikon\/termek\/ferencz-zsigmond\/"},"modified":"2025-06-29T10:09:36","modified_gmt":"2025-06-29T08:09:36","slug":"ferencz-zsigmond","status":"publish","type":"product","link":"https:\/\/uj.adatbank.ro\/lexikon\/termek\/ferencz-zsigmond\/","title":{"rendered":"FERENCZ Zsigmond"},"content":{"rendered":"<p>1926 \u2020\u00a0Buk.? : kos\u00e1rlabd\u00e1z\u00f3, edz\u00f4, j\u00e1t\u00e9kvezet\u00f4. \u2013 Feles\u00e9ge Acz\u00e9l \u00c9va. A mv.-i R. K. Gimn.-ban tanult. Buk.-ben Elv\u00e9gezte a testnevel\u00e9si f\u0151iskol\u00e1t \u00e9s testnevel\u0151 tan\u00e1ri diplom\u00e1t szerzett. A Hangya Sz\u00f6vetkezet vezet\u0151 igazgat\u00f3ja Mv.-en. Kos\u00e1rlabda j\u00e1t\u00e9kos Mv.-en (1944\u201349), j\u00e1t\u00e9kvezet\u0151 (1926\u2013). Szerkesztette Elek M\u00e1rtonnal a m. nyelven kiadott kos\u00e1rlabdak\u00f6zl\u00f6nyt (1948). Buk. -be ker\u00fclt, rom\u00e1n v\u00e1logatott j\u00e1t\u00e9kos volt (1949). A Nemzetk\u00f6zi Kos\u00e1rlabda-Sz\u00f6vets\u00e9g (FIBA) j\u00e1t\u00e9kvezet\u00f4je (1952\u201366). A buk.-i Rapid n\u0151i kos\u00e1rlabda csapat\u00e1nak edz\u0151je (1961). Mint edz\u0151 a rom\u00e1n v\u00e1logatottal t\u00edz Eur\u00f3pabajnoks\u00e1gon vett r\u00e9szt. \u00c9rdemes edz\u00f4, c\u00edmzetes nemzetk\u00f6zi j\u00e1t\u00e9kvezet\u00f4. A 20. sz\u00e1zad sportg\u00e1l\u00e1ja keret\u00e9ben dijazt\u00e1k az \u00e9vsz\u00e1zad sportol\u00f3it Mv.-en, a kit\u00fcntetettek k\u00f6z\u00f6tt szerepelt, mint kos\u00e1rlabda j\u00e1t\u00e9kos (2000). <br \/><strong>Irod.:<\/strong> Er\u00f6ss Attila: A mv.-i r\u00f3mai katolikus oktat\u00e1s \u00fajraindul\u00e1s\u00e1nak 300. \u00e9vfordul\u00f3j\u00e1ra, neves tan\u00e1rok \u00e9s di\u00e1kok (N\u00fa., 2002. j\u00fan. 18); Mv.-i R. K. okt.<\/br><\/p>\n","protected":false},"excerpt":{"rendered":"<p>1926 \u2020\u00a0Buk.? : kos\u00e1rlabd\u00e1z\u00f3, edz\u00f4, j\u00e1t\u00e9kvezet\u00f4. \u2013 Feles\u00e9ge Acz\u00e9l \u00c9va. A mv.-i R. K. Gimn.-ban tanult. Buk.-ben Elv\u00e9gezte a testnevel\u00e9si f\u0151iskol\u00e1t \u00e9s testnevel\u0151 tan\u00e1ri diplom\u00e1t szerzett. A Hangya Sz\u00f6vetkezet vezet\u0151 igazgat\u00f3ja Mv.-en. Kos\u00e1rlabda j\u00e1t\u00e9kos Mv.-en (1944\u201349), j\u00e1t\u00e9kvezet\u0151 (1926\u2013). Szerkesztette Elek M\u00e1rtonnal a m. nyelven kiadott kos\u00e1rlabdak\u00f6zl\u00f6nyt (1948). Buk. -be ker\u00fclt, rom\u00e1n v\u00e1logatott j\u00e1t\u00e9kos volt (1949). [&hellip;]<\/p>\n","protected":false},"featured_media":0,"comment_status":"open","ping_status":"closed","template":"","meta":[],"product_brand":[],"product_cat":[137],"product_tag":[],"class_list":{"0":"post-7959","1":"product","2":"type-product","3":"status-publish","5":"product_cat-maros-megyei-eletrajzi-lexikon","7":"first","8":"instock","9":"shipping-taxable","10":"product-type-simple"},"_links":{"self":[{"href":"https:\/\/uj.adatbank.ro\/lexikon\/wp-json\/wp\/v2\/product\/7959","targetHints":{"allow":["GET"]}}],"collection":[{"href":"https:\/\/uj.adatbank.ro\/lexikon\/wp-json\/wp\/v2\/product"}],"about":[{"href":"https:\/\/uj.adatbank.ro\/lexikon\/wp-json\/wp\/v2\/types\/product"}],"replies":[{"embeddable":true,"href":"https:\/\/uj.adatbank.ro\/lexikon\/wp-json\/wp\/v2\/comments?post=7959"}],"wp:attachment":[{"href":"https:\/\/uj.adatbank.ro\/lexikon\/wp-json\/wp\/v2\/media?parent=7959"}],"wp:term":[{"taxonomy":"product_brand","embeddable":true,"href":"https:\/\/uj.adatbank.ro\/lexikon\/wp-json\/wp\/v2\/product_brand?post=7959"},{"taxonomy":"product_cat","embeddable":true,"href":"https:\/\/uj.adatbank.ro\/lexikon\/wp-json\/wp\/v2\/product_cat?post=7959"},{"taxonomy":"product_tag","embeddable":true,"href":"https:\/\/uj.adatbank.ro\/lexikon\/wp-json\/wp\/v2\/product_tag?post=7959"}],"curies":[{"name":"wp","href":"https:\/\/api.w.org\/{rel}","templated":true}]}}

<p>1926 † Buk.? : kosárlabdázó, edzô, játékvezetô. – Felesége Aczél Éva. A mv.-i R. K. Gimn.-ban tanult. Buk.-ben Elvégezte a testnevelési főiskolát és testnevelő tanári diplomát szerzett. A Hangya Szövetkezet vezető igazgatója Mv.-en. Kosárlabda játékos Mv.-en (1944–49), játékvezető (1926–). Szerkesztette Elek Mártonnal a m. nyelven kiadott kosárlabdaközlönyt (1948). Buk. -be került, román válogatott játékos volt (1949). A Nemzetközi Kosárlabda-Szövetség (FIBA) játékvezetôje (1952–66). A buk.-i Rapid női kosárlabda csapatának edzője (1961). Mint edző a román válogatottal tíz Európabajnokságon vett részt. Érdemes edzô, címzetes nemzetközi játékvezetô. A 20. század sportgálája keretében dijazták az évszázad sportolóit Mv.-en, a kitüntetettek között szerepelt, mint kosárlabda játékos (2000). <br /><strong>Irod.:</strong> Eröss Attila: A mv.-i római katolikus oktatás újraindulásának 300. évfordulójára, neves tanárok és diákok (Nú., 2002. jún. 18); Mv.-i R. K. okt.</br></p>

<p>1926 † Buk.? : kosárlabdázó, edzô, játékvezetô. – Felesége Aczél Éva. A mv.-i R. K. Gimn.-ban tanult. Buk.-ben Elvégezte a testnevelési főiskolát és testnevelő tanári diplomát szerzett. A Hangya Szövetkezet vezető igazgatója Mv.-en. Kosárlabda játékos Mv.-en (1944–49), játékvezető (1926–). Szerkesztette Elek Mártonnal a m. nyelven kiadott kosárlabdaközlönyt (1948). Buk. -be került, román válogatott játékos volt (1949). [&hellip;]</p>
