{"id":7964,"date":"2025-06-29T10:09:45","date_gmt":"2025-06-29T08:09:45","guid":{"rendered":"https:\/\/uj.adatbank.ro\/lexikon\/termek\/ferenczi-ella\/"},"modified":"2025-06-29T10:09:45","modified_gmt":"2025-06-29T08:09:45","slug":"ferenczi-ella","status":"publish","type":"product","link":"https:\/\/uj.adatbank.ro\/lexikon\/termek\/ferenczi-ella\/","title":{"rendered":"FERENCZI Ella"},"content":{"rendered":"<p>Nagypest\u00e9ny, 1918. \u2020\u00a02002: orvos. \u2013 T\u00f6bbgyermekes ref. papi csal\u00e1dban n\u0151tt fel. Kv.-on v\u00e9gezte az orvosi egyetemet (1942). A kv.-i Haynal Klinik\u00e1n gyakornok (1942\u20131945). A mv.-i TBC Klinik\u00e1n tan\u00e1rseg\u00e9d (1946\u20131952), f\u0151orvos (1952\u20131959), a mv.-i T\u00fcd\u0151gondoz\u00f3 f\u0151orvosi vezet\u0151je nyugd\u00edjaz\u00e1s\u00e1ig (1959\u20131977). Fiziol\u00f3giai egyetemi jegyzeteket \u00edrt a di\u00e1kjainak: <br \/><strong>Irod.:<\/strong> Kiss\u2013P\u00e9terffy\u2013P\u00e9terffy<\/br><\/p>\n","protected":false},"excerpt":{"rendered":"<p>Nagypest\u00e9ny, 1918. \u2020\u00a02002: orvos. \u2013 T\u00f6bbgyermekes ref. papi csal\u00e1dban n\u0151tt fel. Kv.-on v\u00e9gezte az orvosi egyetemet (1942). A kv.-i Haynal Klinik\u00e1n gyakornok (1942\u20131945). A mv.-i TBC Klinik\u00e1n tan\u00e1rseg\u00e9d (1946\u20131952), f\u0151orvos (1952\u20131959), a mv.-i T\u00fcd\u0151gondoz\u00f3 f\u0151orvosi vezet\u0151je nyugd\u00edjaz\u00e1s\u00e1ig (1959\u20131977). Fiziol\u00f3giai egyetemi jegyzeteket \u00edrt a di\u00e1kjainak: Irod.: Kiss\u2013P\u00e9terffy\u2013P\u00e9terffy<\/p>\n","protected":false},"featured_media":0,"comment_status":"open","ping_status":"closed","template":"","meta":[],"product_brand":[],"product_cat":[137],"product_tag":[],"class_list":{"0":"post-7964","1":"product","2":"type-product","3":"status-publish","5":"product_cat-maros-megyei-eletrajzi-lexikon","7":"first","8":"instock","9":"shipping-taxable","10":"product-type-simple"},"_links":{"self":[{"href":"https:\/\/uj.adatbank.ro\/lexikon\/wp-json\/wp\/v2\/product\/7964","targetHints":{"allow":["GET"]}}],"collection":[{"href":"https:\/\/uj.adatbank.ro\/lexikon\/wp-json\/wp\/v2\/product"}],"about":[{"href":"https:\/\/uj.adatbank.ro\/lexikon\/wp-json\/wp\/v2\/types\/product"}],"replies":[{"embeddable":true,"href":"https:\/\/uj.adatbank.ro\/lexikon\/wp-json\/wp\/v2\/comments?post=7964"}],"wp:attachment":[{"href":"https:\/\/uj.adatbank.ro\/lexikon\/wp-json\/wp\/v2\/media?parent=7964"}],"wp:term":[{"taxonomy":"product_brand","embeddable":true,"href":"https:\/\/uj.adatbank.ro\/lexikon\/wp-json\/wp\/v2\/product_brand?post=7964"},{"taxonomy":"product_cat","embeddable":true,"href":"https:\/\/uj.adatbank.ro\/lexikon\/wp-json\/wp\/v2\/product_cat?post=7964"},{"taxonomy":"product_tag","embeddable":true,"href":"https:\/\/uj.adatbank.ro\/lexikon\/wp-json\/wp\/v2\/product_tag?post=7964"}],"curies":[{"name":"wp","href":"https:\/\/api.w.org\/{rel}","templated":true}]}}