{"id":7971,"date":"2025-06-29T10:09:57","date_gmt":"2025-06-29T08:09:57","guid":{"rendered":"https:\/\/uj.adatbank.ro\/lexikon\/termek\/ferenczi-jozsef\/"},"modified":"2025-06-29T10:09:57","modified_gmt":"2025-06-29T08:09:57","slug":"ferenczi-jozsef","status":"publish","type":"product","link":"https:\/\/uj.adatbank.ro\/lexikon\/termek\/ferenczi-jozsef\/","title":{"rendered":"FERENCZI J\u00f3zsef"},"content":{"rendered":"<p>Nagyk\u00e1szon, 1806. szept. 6., \u2020\u00a0Gyulafeh\u00e9rv\u00e1r, 1870. jan. 30.: r. k. pap. \u2013 B\u00e9csben az Augustineumban is tanult (1830). Papp\u00e1 szentelt\u00e9k (1829. szept. 20.). A gyulafeh\u00e9rv\u00e1ri teol\u00f3gi\u00e1n tanulm\u00e1nyi fel\u00fcgyel\u0151 (1831). Tan\u00e1r Mv.-en (1832\u201340). Nagyk\u00e1szonban pl\u00e9b\u00e1nos (1840). Helyettes esperes, iskolai fel\u00fcgyel\u0151 (1850), Cs\u00edkszentgy\u00f6rgy\u00f6n pl\u00e9b\u00e1nos \u00e9s alcs\u00edk-k\u00e1szoni f\u0151esperes (1852), Sz\u00e9kelyudvarhelyen pl\u00e9b\u00e1nos \u00e9s f\u0151esperes (1854), Gyulafef\u00e9rv\u00e1ron a teol\u00f3gia rektora, kanonok (1859\u201368). <br \/><strong>Irod.:<\/strong> Ferenczi S\u00e1ndor 2009<\/br><\/p>\n","protected":false},"excerpt":{"rendered":"<p>Nagyk\u00e1szon, 1806. szept. 6., \u2020\u00a0Gyulafeh\u00e9rv\u00e1r, 1870. jan. 30.: r. k. pap. \u2013 B\u00e9csben az Augustineumban is tanult (1830). Papp\u00e1 szentelt\u00e9k (1829. szept. 20.). A gyulafeh\u00e9rv\u00e1ri teol\u00f3gi\u00e1n tanulm\u00e1nyi fel\u00fcgyel\u0151 (1831). Tan\u00e1r Mv.-en (1832\u201340). Nagyk\u00e1szonban pl\u00e9b\u00e1nos (1840). Helyettes esperes, iskolai fel\u00fcgyel\u0151 (1850), Cs\u00edkszentgy\u00f6rgy\u00f6n pl\u00e9b\u00e1nos \u00e9s alcs\u00edk-k\u00e1szoni f\u0151esperes (1852), Sz\u00e9kelyudvarhelyen pl\u00e9b\u00e1nos \u00e9s f\u0151esperes (1854), Gyulafef\u00e9rv\u00e1ron a teol\u00f3gia rektora, [&hellip;]<\/p>\n","protected":false},"featured_media":0,"comment_status":"open","ping_status":"closed","template":"","meta":[],"product_brand":[],"product_cat":[137],"product_tag":[],"class_list":{"0":"post-7971","1":"product","2":"type-product","3":"status-publish","5":"product_cat-maros-megyei-eletrajzi-lexikon","7":"first","8":"instock","9":"shipping-taxable","10":"product-type-simple"},"_links":{"self":[{"href":"https:\/\/uj.adatbank.ro\/lexikon\/wp-json\/wp\/v2\/product\/7971","targetHints":{"allow":["GET"]}}],"collection":[{"href":"https:\/\/uj.adatbank.ro\/lexikon\/wp-json\/wp\/v2\/product"}],"about":[{"href":"https:\/\/uj.adatbank.ro\/lexikon\/wp-json\/wp\/v2\/types\/product"}],"replies":[{"embeddable":true,"href":"https:\/\/uj.adatbank.ro\/lexikon\/wp-json\/wp\/v2\/comments?post=7971"}],"wp:attachment":[{"href":"https:\/\/uj.adatbank.ro\/lexikon\/wp-json\/wp\/v2\/media?parent=7971"}],"wp:term":[{"taxonomy":"product_brand","embeddable":true,"href":"https:\/\/uj.adatbank.ro\/lexikon\/wp-json\/wp\/v2\/product_brand?post=7971"},{"taxonomy":"product_cat","embeddable":true,"href":"https:\/\/uj.adatbank.ro\/lexikon\/wp-json\/wp\/v2\/product_cat?post=7971"},{"taxonomy":"product_tag","embeddable":true,"href":"https:\/\/uj.adatbank.ro\/lexikon\/wp-json\/wp\/v2\/product_tag?post=7971"}],"curies":[{"name":"wp","href":"https:\/\/api.w.org\/{rel}","templated":true}]}}

FERENCZI József

<p>Nagykászon, 1806. szept. 6., † Gyulafehérvár, 1870. jan. 30.: r. k. pap. – Bécsben az Augustineumban is tanult (1830). Pappá szentelték (1829. szept. 20.). A gyulafehérvári teológián tanulmányi felügyelő (1831). Tanár Mv.-en (1832–40). Nagykászonban plébános (1840). Helyettes esperes, iskolai felügyelő (1850), Csíkszentgyörgyön plébános és alcsík-kászoni főesperes (1852), Székelyudvarhelyen plébános és főesperes (1854), Gyulafeférváron a teológia rektora, kanonok (1859–68). <br /><strong>Irod.:</strong> Ferenczi Sándor 2009</br></p>

<p>Nagykászon, 1806. szept. 6., † Gyulafehérvár, 1870. jan. 30.: r. k. pap. – Bécsben az Augustineumban is tanult (1830). Pappá szentelték (1829. szept. 20.). A gyulafehérvári teológián tanulmányi felügyelő (1831). Tanár Mv.-en (1832–40). Nagykászonban plébános (1840). Helyettes esperes, iskolai felügyelő (1850), Csíkszentgyörgyön plébános és alcsík-kászoni főesperes (1852), Székelyudvarhelyen plébános és főesperes (1854), Gyulafeférváron a teológia rektora, [&hellip;]</p>
