{"id":7972,"date":"2025-06-29T10:10:00","date_gmt":"2025-06-29T08:10:00","guid":{"rendered":"https:\/\/uj.adatbank.ro\/lexikon\/termek\/ferenczi-jozsef-2\/"},"modified":"2025-06-29T10:10:00","modified_gmt":"2025-06-29T08:10:00","slug":"ferenczi-jozsef-2","status":"publish","type":"product","link":"https:\/\/uj.adatbank.ro\/lexikon\/termek\/ferenczi-jozsef-2\/","title":{"rendered":"FERENCZI J\u00f3zsef"},"content":{"rendered":"<p>Medgyes, 1927. aug. 8., \u2020 Mv., 2015. jan. 2.: tan\u00e1r, m\u0171vel\u0151d\u00e9si fel\u00fcgyel\u0151. \u2013 Feles\u00e9ge. Tejnor Marietta (Szeben, 1940. szept. 30. \u2013), m. -n\u00e9metszakos tan\u00e1r. Fiaik: J\u00f3zsef (Korond, 1960. szept. 1. -\u2013), g\u00e9p\u00e9szm\u00e9rn\u00f6k, Attila (Sz\u00e9kelyudvarhely, 1963. \u00e1pr. 25. \u2013), \u00e9p\u00edt\u00e9szm\u00e9rn\u00f6k. \u2013 Iskolai tanulm\u00e1nyait Medgyesen kezdte \u00e9s Korondon folytatta, mivel a csal\u00e1d a t\u00f6rt\u00e9nelmi v\u00e1ltoz\u00e1sok folyam\u00e1n Medgyesr\u0151l, az \u00e9desanyja faluj\u00e1ba, Korondra k\u00f6lt\u00f6zhetett (1940). Tanul\u00e1sban, magaviseletben kit\u00fcnt, leventeparancsnok lelt, ami miatt a rendszerv\u00e1lt\u00e1s ut\u00e1n sok volt a kellemetlens\u00e9ge. F\u00e9mipari l\u00edc. -ot Mv.-en (1948). Kv.-on a Pedag\u00f3giai F\u0151iskola t\u00f6rt\u00e9nelem-f\u00f6ldrajz (1965), majd a BBTE filoz\u00f3fia \u2013t\u00f6rt\u00e9nelem szak\u00e1n v\u00e9gzett mag\u00e1n\u00faton (1974). Diplomamunk\u00e1ja a Maros megyei k\u00f6zkonyvt\u00e1rak tev\u00e9kenys\u00e9ge, Imreh Istv\u00e1n prof. ir\u00e1ny\u00edt\u00e1s\u00e1val v\u00e9dte meg. Tan\u00fcgyi fokozatai: II. oszt. (1976), I. oszt. (1980). A katonai soroz\u00e1skor Slatina-ra, tiszti iskol\u00e1ba ir\u00e1ny\u00edtott\u00e1k, kit\u00fan\u0151 eredm\u00e9nnyel v\u00e9gezte be, ennek ellen\u00e9re a felavat\u00e1s el\u0151est\u00e9j\u00e9n, mint \u201drendszerellenes oszt\u00e1lyidegent\u201d szerelt\u00e9k le. Nem tudott szakm\u00e1j\u00e1ban sem elhelyezedni. Helyettes tan\u00e1r Szentegyh\u00e1zasfaluban. A Sz\u00e9kelyudvarhelyi Tan\u00edt\u00f3k\u00e9pz\u0151ben szerzett tan\u00edt\u00f3i oklevelet (1954). Kov\u00e1cs Mih\u00e1ly igazgat\u00f3tan\u00e1rral siker\u00fclt beind\u00edtaniuk, a ma is m\u0171k\u00f6d\u0151, Szentkeresztb\u00e1nyai L\u00edc.-i oktat\u00e1st, itt aligazgat\u00f3 (1952\u201353). K\u00e1poln\u00e1sfaluban iskolaigazgat\u00f3 (1959\u201366). Mv. -re k\u00f6lt\u00f6z\u00f6tt, a Rajoni M\u0171vel\u0151d\u00e9si Bizotts\u00e1g (1965\u20131968), a Maros megyei M\u0171vel\u0151d\u00e9si Igazgat\u00f3s\u00e1g a k\u00f6nyvt\u00e1rak f\u0151fel\u00fcgyel\u0151je nyugd\u00edjaz\u00e1s\u00e1ig (1969- 1989. okt. 1.). \u00cdr\u00e1sait k\u00f6z\u00f6lte a helyi magyar \u00e9s roman sajt\u00f3, a k\u00f6nyvt\u00e1ri szaklapok. \u2013 <strong>F. m.:<\/strong> Ferenczi J\u00f3zsef. A marosv\u00e1s\u00e1rhelyi cukorgy\u00e1r t\u00f6rt\u00e9nete, I. fokozat\u00fa vizsgadolgozat. Tudom\u00e1nyos ir\u00e1ny\u00edt\u00f3: Imreh Istv\u00e1n, egyetemi el\u0151ad\u00f3tan\u00e1r, tudom\u00e1nyos kutat\u00f3. \u2013 Kv., 1981. <br \/><strong>Irod.:<\/strong> csal\u00e1di inf.<\/br><\/p>\n","protected":false},"excerpt":{"rendered":"<p>Medgyes, 1927. aug. 8., \u2020 Mv., 2015. jan. 2.: tan\u00e1r, m\u0171vel\u0151d\u00e9si fel\u00fcgyel\u0151. \u2013 Feles\u00e9ge. Tejnor Marietta (Szeben, 1940. szept. 30. \u2013), m. -n\u00e9metszakos tan\u00e1r. Fiaik: J\u00f3zsef (Korond, 1960. szept. 1. -\u2013), g\u00e9p\u00e9szm\u00e9rn\u00f6k, Attila (Sz\u00e9kelyudvarhely, 1963. \u00e1pr. 25. \u2013), \u00e9p\u00edt\u00e9szm\u00e9rn\u00f6k. \u2013 Iskolai tanulm\u00e1nyait Medgyesen kezdte \u00e9s Korondon folytatta, mivel a csal\u00e1d a t\u00f6rt\u00e9nelmi v\u00e1ltoz\u00e1sok folyam\u00e1n Medgyesr\u0151l, [&hellip;]<\/p>\n","protected":false},"featured_media":0,"comment_status":"open","ping_status":"closed","template":"","meta":[],"product_brand":[],"product_cat":[137],"product_tag":[],"class_list":{"0":"post-7972","1":"product","2":"type-product","3":"status-publish","5":"product_cat-maros-megyei-eletrajzi-lexikon","7":"first","8":"instock","9":"shipping-taxable","10":"product-type-simple"},"_links":{"self":[{"href":"https:\/\/uj.adatbank.ro\/lexikon\/wp-json\/wp\/v2\/product\/7972","targetHints":{"allow":["GET"]}}],"collection":[{"href":"https:\/\/uj.adatbank.ro\/lexikon\/wp-json\/wp\/v2\/product"}],"about":[{"href":"https:\/\/uj.adatbank.ro\/lexikon\/wp-json\/wp\/v2\/types\/product"}],"replies":[{"embeddable":true,"href":"https:\/\/uj.adatbank.ro\/lexikon\/wp-json\/wp\/v2\/comments?post=7972"}],"wp:attachment":[{"href":"https:\/\/uj.adatbank.ro\/lexikon\/wp-json\/wp\/v2\/media?parent=7972"}],"wp:term":[{"taxonomy":"product_brand","embeddable":true,"href":"https:\/\/uj.adatbank.ro\/lexikon\/wp-json\/wp\/v2\/product_brand?post=7972"},{"taxonomy":"product_cat","embeddable":true,"href":"https:\/\/uj.adatbank.ro\/lexikon\/wp-json\/wp\/v2\/product_cat?post=7972"},{"taxonomy":"product_tag","embeddable":true,"href":"https:\/\/uj.adatbank.ro\/lexikon\/wp-json\/wp\/v2\/product_tag?post=7972"}],"curies":[{"name":"wp","href":"https:\/\/api.w.org\/{rel}","templated":true}]}}

FERENCZI József

<p>Medgyes, 1927. aug. 8., † Mv., 2015. jan. 2.: tanár, művelődési felügyelő. – Felesége. Tejnor Marietta (Szeben, 1940. szept. 30. –), m. -németszakos tanár. Fiaik: József (Korond, 1960. szept. 1. -–), gépészmérnök, Attila (Székelyudvarhely, 1963. ápr. 25. –), építészmérnök. – Iskolai tanulmányait Medgyesen kezdte és Korondon folytatta, mivel a család a történelmi változások folyamán Medgyesről, az édesanyja falujába, Korondra költözhetett (1940). Tanulásban, magaviseletben kitünt, leventeparancsnok lelt, ami miatt a rendszerváltás után sok volt a kellemetlensége. Fémipari líc. -ot Mv.-en (1948). Kv.-on a Pedagógiai Főiskola történelem-földrajz (1965), majd a BBTE filozófia –történelem szakán végzett magánúton (1974). Diplomamunkája a Maros megyei közkonyvtárak tevékenysége, Imreh István prof. irányításával védte meg. Tanügyi fokozatai: II. oszt. (1976), I. oszt. (1980). A katonai sorozáskor Slatina-ra, tiszti iskolába irányították, kitúnő eredménnyel végezte be, ennek ellenére a felavatás előestéjén, mint ”rendszerellenes osztályidegent” szerelték le. Nem tudott szakmájában sem elhelyezedni. Helyettes tanár Szentegyházasfaluban. A Székelyudvarhelyi Tanítóképzőben szerzett tanítói oklevelet (1954). Kovács Mihály igazgatótanárral sikerült beindítaniuk, a ma is működő, Szentkeresztbányai Líc.-i oktatást, itt aligazgató (1952–53). Kápolnásfaluban iskolaigazgató (1959–66). Mv. -re költözött, a Rajoni Művelődési Bizottság (1965–1968), a Maros megyei Művelődési Igazgatóság a könyvtárak főfelügyelője nyugdíjazásáig (1969- 1989. okt. 1.). Írásait közölte a helyi magyar és roman sajtó, a könyvtári szaklapok. – <strong>F. m.:</strong> Ferenczi József. A marosvásárhelyi cukorgyár története, I. fokozatú vizsgadolgozat. Tudományos irányító: Imreh István, egyetemi előadótanár, tudományos kutató. – Kv., 1981. <br /><strong>Irod.:</strong> családi inf.</br></p>

<p>Medgyes, 1927. aug. 8., † Mv., 2015. jan. 2.: tanár, művelődési felügyelő. – Felesége. Tejnor Marietta (Szeben, 1940. szept. 30. –), m. -németszakos tanár. Fiaik: József (Korond, 1960. szept. 1. -–), gépészmérnök, Attila (Székelyudvarhely, 1963. ápr. 25. –), építészmérnök. – Iskolai tanulmányait Medgyesen kezdte és Korondon folytatta, mivel a család a történelmi változások folyamán Medgyesről, [&hellip;]</p>
