{"id":7982,"date":"2025-06-29T10:10:19","date_gmt":"2025-06-29T08:10:19","guid":{"rendered":"https:\/\/uj.adatbank.ro\/lexikon\/termek\/ferenczi-tamas\/"},"modified":"2025-06-29T10:10:19","modified_gmt":"2025-06-29T08:10:19","slug":"ferenczi-tamas","status":"publish","type":"product","link":"https:\/\/uj.adatbank.ro\/lexikon\/termek\/ferenczi-tamas\/","title":{"rendered":"FERENCZI Tam\u00e1s"},"content":{"rendered":"<p>1850., \u2020\u00a0? : tan\u00edt\u00f3. \u2013 \u00d6t \u00e9vi szolg\u00e1lati id\u0151vel a p\u00fcsp\u00f6k Abaf\u00e1j\u00e1ra k\u00fcldte, ahol k\u00e9t \u00e9vet tan\u00edtott a r. k. iskol\u00e1ban (1878\u201380). <br \/><strong>Irod.:<\/strong> Abaf\u00e1ja<\/br><\/p>\n","protected":false},"excerpt":{"rendered":"<p>1850., \u2020\u00a0? : tan\u00edt\u00f3. \u2013 \u00d6t \u00e9vi szolg\u00e1lati id\u0151vel a p\u00fcsp\u00f6k Abaf\u00e1j\u00e1ra k\u00fcldte, ahol k\u00e9t \u00e9vet tan\u00edtott a r. k. iskol\u00e1ban (1878\u201380). Irod.: Abaf\u00e1ja<\/p>\n","protected":false},"featured_media":0,"comment_status":"open","ping_status":"closed","template":"","meta":[],"product_brand":[],"product_cat":[137],"product_tag":[],"class_list":{"0":"post-7982","1":"product","2":"type-product","3":"status-publish","5":"product_cat-maros-megyei-eletrajzi-lexikon","7":"first","8":"instock","9":"shipping-taxable","10":"product-type-simple"},"_links":{"self":[{"href":"https:\/\/uj.adatbank.ro\/lexikon\/wp-json\/wp\/v2\/product\/7982","targetHints":{"allow":["GET"]}}],"collection":[{"href":"https:\/\/uj.adatbank.ro\/lexikon\/wp-json\/wp\/v2\/product"}],"about":[{"href":"https:\/\/uj.adatbank.ro\/lexikon\/wp-json\/wp\/v2\/types\/product"}],"replies":[{"embeddable":true,"href":"https:\/\/uj.adatbank.ro\/lexikon\/wp-json\/wp\/v2\/comments?post=7982"}],"wp:attachment":[{"href":"https:\/\/uj.adatbank.ro\/lexikon\/wp-json\/wp\/v2\/media?parent=7982"}],"wp:term":[{"taxonomy":"product_brand","embeddable":true,"href":"https:\/\/uj.adatbank.ro\/lexikon\/wp-json\/wp\/v2\/product_brand?post=7982"},{"taxonomy":"product_cat","embeddable":true,"href":"https:\/\/uj.adatbank.ro\/lexikon\/wp-json\/wp\/v2\/product_cat?post=7982"},{"taxonomy":"product_tag","embeddable":true,"href":"https:\/\/uj.adatbank.ro\/lexikon\/wp-json\/wp\/v2\/product_tag?post=7982"}],"curies":[{"name":"wp","href":"https:\/\/api.w.org\/{rel}","templated":true}]}}