{"id":7983,"date":"2025-06-29T10:10:21","date_gmt":"2025-06-29T08:10:21","guid":{"rendered":"https:\/\/uj.adatbank.ro\/lexikon\/termek\/ferenczi-zoltan\/"},"modified":"2025-06-29T10:10:21","modified_gmt":"2025-06-29T08:10:21","slug":"ferenczi-zoltan","status":"publish","type":"product","link":"https:\/\/uj.adatbank.ro\/lexikon\/termek\/ferenczi-zoltan\/","title":{"rendered":"FERENCZI Zolt\u00e1n"},"content":{"rendered":"<p>Borsa, 1857. okt. 7., \u2020\u00a0Bp., 1927. m\u00e1j. 31.: irodalomt\u00f6rt\u00e9n\u00e9sz, k\u00f6nyvt\u00e1ri szakember. \u2013 A kv.-i Egyetemi K\u00f6nyvt\u00e1r igazgat\u00f3ja, \u00e9let\u00e9t az irodalom- \u00e9s sz\u00ednh\u00e1zt\u00f6rt\u00e9netnek szentelte. Seg\u00edtett Erd\u00e9lyi P\u00e1llal \u00e9s Moln\u00e1r G\u00e1borral egy\u00fctt a Bern\u00e1dy alap\u00edtotta mv.-i V\u00e1rosi k\u00f6nyvt\u00e1r megszervez\u00e9s\u00e9ben, elrendez\u00e9s\u00e9ben. \u00c1tvette a Teleki t\u00e9ka alap\u00edtv\u00e1ny adminisztr\u00e1l\u00e1s\u00e1t a min. nev\u00e9ben (1918). Pet\u0151fi \u00e9letrajz\u00e1t a Kisfaludi T\u00e1rsas\u00e1g a Sz\u00e9her \u00c1rp\u00e1d jutalommal t\u00fcntette ki. Endr\u0151di S\u00e1ndorral szerk. -tette a Pet\u0151fi-k\u00f6nyvt\u00e1r sorozatot, ebben k\u00f6z\u00f6lte a Szabads\u00e1g, szerelem \u00e9s a P. sz\u00fclet\u00e9s\u00e9nek \u00e9s elt\u00fcn\u00e9s\u00e9nek irodalma c. munk\u00e1it. \u2013 <strong>F. m.:<\/strong> Pet\u0151fi \u00e9letrajza. 1\u20133. k\u00f6t. (Bp., 1896); A kv.-i sz\u00edn\u00e9szet \u00e9s sz\u00ednh\u00e1z t\u00f6rt\u00e9nete \/ Kiadja a kv.-i sz\u00edn\u00e9szet sz\u00e1z\u00e9ves jubileum\u00e1t rendez\u0151 bizotts\u00e1g (Kv., 1897); E. Kov\u00e1cs Gyula k\u00f6ltem\u00e9nyei a k\u00f6lt\u0151 \u00e9letrajz\u00e1val (Kiad. Le\u00e1nyai E. Kov\u00e1cs Ilona \u00e9s Etelka; Kv., 1900.). <br \/><strong>Irod.:<\/strong> Bern\u00e1dy eml\u00e9kezete; F\u00fcl\u00f6p\u2013Ferencz; Id\u0151t\u00e1r 2; Kusz\u00e1lik\u2013Zal\u00e1nyi<\/br><\/p>\n","protected":false},"excerpt":{"rendered":"<p>Borsa, 1857. okt. 7., \u2020\u00a0Bp., 1927. m\u00e1j. 31.: irodalomt\u00f6rt\u00e9n\u00e9sz, k\u00f6nyvt\u00e1ri szakember. \u2013 A kv.-i Egyetemi K\u00f6nyvt\u00e1r igazgat\u00f3ja, \u00e9let\u00e9t az irodalom- \u00e9s sz\u00ednh\u00e1zt\u00f6rt\u00e9netnek szentelte. Seg\u00edtett Erd\u00e9lyi P\u00e1llal \u00e9s Moln\u00e1r G\u00e1borral egy\u00fctt a Bern\u00e1dy alap\u00edtotta mv.-i V\u00e1rosi k\u00f6nyvt\u00e1r megszervez\u00e9s\u00e9ben, elrendez\u00e9s\u00e9ben. \u00c1tvette a Teleki t\u00e9ka alap\u00edtv\u00e1ny adminisztr\u00e1l\u00e1s\u00e1t a min. nev\u00e9ben (1918). Pet\u0151fi \u00e9letrajz\u00e1t a Kisfaludi T\u00e1rsas\u00e1g a Sz\u00e9her [&hellip;]<\/p>\n","protected":false},"featured_media":0,"comment_status":"open","ping_status":"closed","template":"","meta":[],"product_brand":[],"product_cat":[137],"product_tag":[],"class_list":{"0":"post-7983","1":"product","2":"type-product","3":"status-publish","5":"product_cat-maros-megyei-eletrajzi-lexikon","7":"first","8":"instock","9":"shipping-taxable","10":"product-type-simple"},"_links":{"self":[{"href":"https:\/\/uj.adatbank.ro\/lexikon\/wp-json\/wp\/v2\/product\/7983","targetHints":{"allow":["GET"]}}],"collection":[{"href":"https:\/\/uj.adatbank.ro\/lexikon\/wp-json\/wp\/v2\/product"}],"about":[{"href":"https:\/\/uj.adatbank.ro\/lexikon\/wp-json\/wp\/v2\/types\/product"}],"replies":[{"embeddable":true,"href":"https:\/\/uj.adatbank.ro\/lexikon\/wp-json\/wp\/v2\/comments?post=7983"}],"wp:attachment":[{"href":"https:\/\/uj.adatbank.ro\/lexikon\/wp-json\/wp\/v2\/media?parent=7983"}],"wp:term":[{"taxonomy":"product_brand","embeddable":true,"href":"https:\/\/uj.adatbank.ro\/lexikon\/wp-json\/wp\/v2\/product_brand?post=7983"},{"taxonomy":"product_cat","embeddable":true,"href":"https:\/\/uj.adatbank.ro\/lexikon\/wp-json\/wp\/v2\/product_cat?post=7983"},{"taxonomy":"product_tag","embeddable":true,"href":"https:\/\/uj.adatbank.ro\/lexikon\/wp-json\/wp\/v2\/product_tag?post=7983"}],"curies":[{"name":"wp","href":"https:\/\/api.w.org\/{rel}","templated":true}]}}

FERENCZI Zoltán

<p>Borsa, 1857. okt. 7., † Bp., 1927. máj. 31.: irodalomtörténész, könyvtári szakember. – A kv.-i Egyetemi Könyvtár igazgatója, életét az irodalom- és színháztörténetnek szentelte. Segített Erdélyi Pállal és Molnár Gáborral együtt a Bernády alapította mv.-i Városi könyvtár megszervezésében, elrendezésében. Átvette a Teleki téka alapítvány adminisztrálását a min. nevében (1918). Petőfi életrajzát a Kisfaludi Társaság a Széher Árpád jutalommal tüntette ki. Endrődi Sándorral szerk. -tette a Petőfi-könyvtár sorozatot, ebben közölte a Szabadság, szerelem és a P. születésének és eltünésének irodalma c. munkáit. – <strong>F. m.:</strong> Petőfi életrajza. 1–3. köt. (Bp., 1896); A kv.-i színészet és színház története / Kiadja a kv.-i színészet százéves jubileumát rendező bizottság (Kv., 1897); E. Kovács Gyula költeményei a költő életrajzával (Kiad. Leányai E. Kovács Ilona és Etelka; Kv., 1900.). <br /><strong>Irod.:</strong> Bernády emlékezete; Fülöp–Ferencz; Időtár 2; Kuszálik–Zalányi</br></p>

<p>Borsa, 1857. okt. 7., † Bp., 1927. máj. 31.: irodalomtörténész, könyvtári szakember. – A kv.-i Egyetemi Könyvtár igazgatója, életét az irodalom- és színháztörténetnek szentelte. Segített Erdélyi Pállal és Molnár Gáborral együtt a Bernády alapította mv.-i Városi könyvtár megszervezésében, elrendezésében. Átvette a Teleki téka alapítvány adminisztrálását a min. nevében (1918). Petőfi életrajzát a Kisfaludi Társaság a Széher [&hellip;]</p>
