{"id":7984,"date":"2025-06-29T10:10:22","date_gmt":"2025-06-29T08:10:22","guid":{"rendered":"https:\/\/uj.adatbank.ro\/lexikon\/termek\/ferenczi-zsigmond-ferenczy-zsigmond\/"},"modified":"2025-06-29T10:10:22","modified_gmt":"2025-06-29T08:10:22","slug":"ferenczi-zsigmond-ferenczy-zsigmond","status":"publish","type":"product","link":"https:\/\/uj.adatbank.ro\/lexikon\/termek\/ferenczi-zsigmond-ferenczy-zsigmond\/","title":{"rendered":"FERENCZI Zsigmond, Ferenczy Zsigmond"},"content":{"rendered":"<p>Mv., 1889. j\u00fal. 28., \u2020 Bp., 1959. dec. 29.: \u00fcgyv\u00e9d, k\u00e9pvisel\u0151, lapszerk. \u2013 Jogi doktor\u00e1tust Kv.-on szerzett, majd Mv.-en \u00fcgyv\u00e9di irod\u00e1t nyitott. A MP f\u0151titk\u00e1ra (1925\u201330), v\u00e1rosi tan\u00e1csos (1929, 1931). Az OMP list\u00e1j\u00e1n beker\u00fclt a rom\u00e1n k\u00e9pvisel\u0151h\u00e1zban (1932\u201333); Buk.-en \u00fcgyv\u00e9d (1936\u201340) szerk. -tette \u00e9s kiadta a mv.-i Gazdas\u00e1gi Mozg\u00f3s\u00edt\u00e1s c. havilap egyetlen sz\u00e1m\u00e1t (1931. nov. 25) \u00e9s a \u201eMagasz\u0151\u201d: Marossz\u00e9ki \u00c1ltal\u00e1nos Sz\u00f6vetkezeti foly\u00f3irat (1933. j\u00fan. 18. \u201334. aug. 9.) sz\u00e1mait. Felekezeti alapon k\u00e9sz\u00edtett tervet a rom\u00e1niai magyars\u00e1g nemzetis\u00e9gi megszervez\u00e9s\u00e9re. Eml\u00e9kirat\u00e1ban ut\u00f3pisztikus n\u00e9zeteit foglalta \u00f6ssze a vh. k\u00fcsz\u00f6b\u00e9n. \u2013 <strong>F. m.:<\/strong> ABC Egym\u00e1s terh\u00e9t hordozz\u00e1tok (Kv., 1934); Isten, szellem, keny\u00e9r (Nagyv\u00e1rad, 1939). <br \/><strong>Irod.:<\/strong> F\u00fcl\u00f6p\u2013Ferencz; Gazdas\u00e1gi s\u00e9relmeink \u00e9s k\u00edv\u00e1ns\u00e1gaink (Kv., 1929); Guly\u00e1s; Id\u0151t\u00e1r 3; Kelemen; \u00d6kr\u00f6s; Politics and political parties in Roumania (London, 1936); Popt\u0103ma\u015f\u2013M\u00f3zes; Predescu (1999); RMIL<\/br><\/p>\n","protected":false},"excerpt":{"rendered":"<p>Mv., 1889. j\u00fal. 28., \u2020 Bp., 1959. dec. 29.: \u00fcgyv\u00e9d, k\u00e9pvisel\u0151, lapszerk. \u2013 Jogi doktor\u00e1tust Kv.-on szerzett, majd Mv.-en \u00fcgyv\u00e9di irod\u00e1t nyitott. A MP f\u0151titk\u00e1ra (1925\u201330), v\u00e1rosi tan\u00e1csos (1929, 1931). Az OMP list\u00e1j\u00e1n beker\u00fclt a rom\u00e1n k\u00e9pvisel\u0151h\u00e1zban (1932\u201333); Buk.-en \u00fcgyv\u00e9d (1936\u201340) szerk. -tette \u00e9s kiadta a mv.-i Gazdas\u00e1gi Mozg\u00f3s\u00edt\u00e1s c. havilap egyetlen sz\u00e1m\u00e1t (1931. nov. [&hellip;]<\/p>\n","protected":false},"featured_media":0,"comment_status":"open","ping_status":"closed","template":"","meta":[],"product_brand":[],"product_cat":[137],"product_tag":[],"class_list":{"0":"post-7984","1":"product","2":"type-product","3":"status-publish","5":"product_cat-maros-megyei-eletrajzi-lexikon","7":"first","8":"instock","9":"shipping-taxable","10":"product-type-simple"},"_links":{"self":[{"href":"https:\/\/uj.adatbank.ro\/lexikon\/wp-json\/wp\/v2\/product\/7984","targetHints":{"allow":["GET"]}}],"collection":[{"href":"https:\/\/uj.adatbank.ro\/lexikon\/wp-json\/wp\/v2\/product"}],"about":[{"href":"https:\/\/uj.adatbank.ro\/lexikon\/wp-json\/wp\/v2\/types\/product"}],"replies":[{"embeddable":true,"href":"https:\/\/uj.adatbank.ro\/lexikon\/wp-json\/wp\/v2\/comments?post=7984"}],"wp:attachment":[{"href":"https:\/\/uj.adatbank.ro\/lexikon\/wp-json\/wp\/v2\/media?parent=7984"}],"wp:term":[{"taxonomy":"product_brand","embeddable":true,"href":"https:\/\/uj.adatbank.ro\/lexikon\/wp-json\/wp\/v2\/product_brand?post=7984"},{"taxonomy":"product_cat","embeddable":true,"href":"https:\/\/uj.adatbank.ro\/lexikon\/wp-json\/wp\/v2\/product_cat?post=7984"},{"taxonomy":"product_tag","embeddable":true,"href":"https:\/\/uj.adatbank.ro\/lexikon\/wp-json\/wp\/v2\/product_tag?post=7984"}],"curies":[{"name":"wp","href":"https:\/\/api.w.org\/{rel}","templated":true}]}}

<p>Mv., 1889. júl. 28., † Bp., 1959. dec. 29.: ügyvéd, képviselő, lapszerk. – Jogi doktorátust Kv.-on szerzett, majd Mv.-en ügyvédi irodát nyitott. A MP főtitkára (1925–30), városi tanácsos (1929, 1931). Az OMP listáján bekerült a román képviselőházban (1932–33); Buk.-en ügyvéd (1936–40) szerk. -tette és kiadta a mv.-i Gazdasági Mozgósítás c. havilap egyetlen számát (1931. nov. 25) és a „Magasző”: Marosszéki Általános Szövetkezeti folyóirat (1933. jún. 18. –34. aug. 9.) számait. Felekezeti alapon készített tervet a romániai magyarság nemzetiségi megszervezésére. Emlékiratában utópisztikus nézeteit foglalta össze a vh. küszöbén. – <strong>F. m.:</strong> ABC Egymás terhét hordozzátok (Kv., 1934); Isten, szellem, kenyér (Nagyvárad, 1939). <br /><strong>Irod.:</strong> Fülöp–Ferencz; Gazdasági sérelmeink és kívánságaink (Kv., 1929); Gulyás; Időtár 3; Kelemen; Ökrös; Politics and political parties in Roumania (London, 1936); Poptămaş–Mózes; Predescu (1999); RMIL</br></p>

<p>Mv., 1889. júl. 28., † Bp., 1959. dec. 29.: ügyvéd, képviselő, lapszerk. – Jogi doktorátust Kv.-on szerzett, majd Mv.-en ügyvédi irodát nyitott. A MP főtitkára (1925–30), városi tanácsos (1929, 1931). Az OMP listáján bekerült a román képviselőházban (1932–33); Buk.-en ügyvéd (1936–40) szerk. -tette és kiadta a mv.-i Gazdasági Mozgósítás c. havilap egyetlen számát (1931. nov. [&hellip;]</p>
