{"id":7992,"date":"2025-06-29T10:10:36","date_gmt":"2025-06-29T08:10:36","guid":{"rendered":"https:\/\/uj.adatbank.ro\/lexikon\/termek\/ferenczy-gabor-%c2%a7-ferenczi-gabor\/"},"modified":"2025-06-29T10:10:36","modified_gmt":"2025-06-29T08:10:36","slug":"ferenczy-gabor-%c2%a7-ferenczi-gabor","status":"publish","type":"product","link":"https:\/\/uj.adatbank.ro\/lexikon\/termek\/ferenczy-gabor-%c2%a7-ferenczi-gabor\/","title":{"rendered":"FERENCZY G\u00e1bor, \u00a7 Ferenczi G\u00e1bor"},"content":{"rendered":"<p>Boldogfalva, 1881. okt. 28., \u2020 Ny\u00e1r\u00e1dszentbenedek, 1967. \u00e1pr. 14.: l\u00e9vita-tan\u00edt\u00f3, tank\u00f6nyv\u00edr\u00f3, fels\u0151h\u00e1zi tag. \u2013 Feles\u00e9ge: Farkas Zsuzsanna (1906. nov. 5. \u2013). Hat gyermek\u00fck: Zsuzs\u00e1nna (1907\u2013), J\u00falia, a fest\u0151m\u0171v\u00e9sz (1909\u20131999), Istv\u00e1n (1910\u20131978), Anna (1912\u2013), G\u00e1bor (1921\u20131921), L\u00e1szl\u00f3-\u00c1kos (1923\u20131968). Tanulm\u00e1nyait Sz\u00e9kelyudvarhelyen \u00e9s Nagyenyeden v\u00e9gezte (1901). Pedadag\u00f3giai m\u0171k\u00f6d\u00e9s\u00e9t Both\u00e1z\u00e1n, majd Bed\u00e9ben kezdte mint l\u00e9vitatan\u00edt\u00f3 (1902-04). Ny\u00e1r\u00e1dszentbenedeken ref. iskolai igazgat\u00f3-tan\u00edt\u00f3, k\u00e1ntortan\u00edt\u00f3 nyugd\u00edjaz\u00e1s\u00e1ig (1904. jan. 25. \u201347). R\u00e9szt vett az els\u0151 vh.-ban az 50. gy. ezered k\u00f6tel\u00e9k\u00e9ben harcolt, orosz fogs\u00e1gba ker\u00fclt, mint karpaszom\u00e1nyos tizedes (1915. okt. 20. &#8211; haza\u00e9rkez\u00e9s\u00e9ig 1920. aug. 4.). A MT. vm.-i Tan\u00edt\u00f3egylet eln\u00f6ke (1941). A M. Ogy. beh\u00edvott k\u00e9pvisel\u0151je (1940\u201344), fel is sz\u00f3lalt (1943. dec. 22.). A falu \u00f6sszes iskol\u00e1skor\u00fa (60\u201370) gyerek\u00e9t, I-VII. oszt.-ig tan\u00edtotta. A nyilv\u00e1ntartott faiskola gondoz\u00e1s\u00e1t is v\u00e9gezte a gyermekekkel. K\u00e1ntor, harangoz\u00f3, lelk\u00e9szhelyettes, a f\u00e9rfidal\u00e1rda \u00e9s a m\u0171kedvel\u0151 sz\u00ednj\u00e1tsz\u00f3csoport vezet\u0151je egyszem\u00e9lyben. A marosi ref. egyh\u00e1zmegyei tan\u00edt\u00f3 test\u00fclet eln\u00f6ke, az erd\u00e9lyi ref. egyh\u00e1zker\u00fclet tan\u00edt\u00f3-k\u00e9pvisel\u0151je, egyh\u00e1zmegyei tan\u00e1csos volt. Tank\u00f6nyveket is \u00edrt n\u00e9h\u00e1ny tan\u00edt\u00f3t\u00e1rs\u00e1val, a ref. iskol\u00e1k elemi oszt\u00e1lyai sz\u00e1m\u00e1ra, tan\u00fcgyi lapokban k\u00f6z\u00f6lte cikkeit. \u2013 <strong>F. m.:<\/strong> <strong>szerk.:<\/strong> Magyar nyelv: Olvas\u00f3k\u00f6nyv, nyelvtan \u00e9s term\u00e9szettudom\u00e1nyok a m. tannyelv\u0171 elemi iskol\u00e1k III. oszt. r\u00e9sz\u00e9re (szerk. L\u0151rinczi Ferenc, Bedelean Diomed, \u0150sz S\u00e1ndor, F. G.; Kv., 1934; Kv., 1938); Limba rom\u00e2n\u0103: cartea de cetire, gramatic\u0103, istoria pentru clasa a IV-a primar\u0103; Magyar nyelv: Olvas\u00f3k\u00f6nyv, nyelvtan, term\u00e9szettudom\u00e1nyok, f\u00f6ldrajz, sz\u00e1mtan \u00e9s m\u00e9rtan, a m. tannyelv\u0171 elemi iskol\u00e1k IV. oszt\u00e1lya sz\u00e1m\u00e1ra (\u00centocmit\u0103 de \u2013 <strong>szerk.:<\/strong> L\u0151rinczi Ferenc, Bedelean Diomed, F. G., Kali S\u00e1ndor; Kv., 1934; Kv., 1933; Kv., 1938); A Hivatalos K\u00f6zl\u00f6ny 1936. m\u00e1j. 13-i 109. sz\u00e1m\u00e1ban meghirdetett analitikus tanterv alapj\u00e1n \u00f6ssze\u00e1ll\u00edtott tank\u00f6nyv az elemi iskol\u00e1k V. oszt. -ai sz\u00e1m\u00e1ra: m. olvas\u00f3, m. nyelvtan, t\u00e1rsadalmi \u00e9s \u00e1llampolg\u00e1ri nevel\u00e9s, eg\u00e9szs\u00e9gtan, f\u00f6ldrajz, term\u00e9szettudom\u00e1ny, mez\u0151gazdas\u00e1gi ismeretek. A VI. Oszt. sz\u00e1m\u00e1ra \u00edrt tank\u00f6nyvek: m. olvas\u00f3, m. nyelvtan, t\u00e1rsadalom \u00e9s \u00e1llampolg\u00e1rs\u00e1gi nevel\u00e9s, eg\u00e9szs\u00e9gtan, term\u00e9szettudom\u00e1ny, mez\u0151gazdas\u00e1gi ismeretek. \u00centocmit de: Bedelean Diomed, T. C. Stan, F. G., L\u0151rinczi Ferenc, Kali S\u00e1ndor, \u0150sz S\u00e1ndor; Kv., 1936). <br \/><strong>Irod.:<\/strong> Buzog\u00e1ny \u00c1rp\u00e1d: \u00c9vfordul\u00f3ink (\u00d6r\u00f6ks\u00e9g\u00fcnk, 4. sz., 2011); EM; Erd\u00e9lyi v\u00e1rmegy\u00e9k; Id\u0151t\u00e1r 3; Ny\u00e1r\u00e1dszentbenedek<\/br><\/p>\n","protected":false},"excerpt":{"rendered":"<p>Boldogfalva, 1881. okt. 28., \u2020 Ny\u00e1r\u00e1dszentbenedek, 1967. \u00e1pr. 14.: l\u00e9vita-tan\u00edt\u00f3, tank\u00f6nyv\u00edr\u00f3, fels\u0151h\u00e1zi tag. \u2013 Feles\u00e9ge: Farkas Zsuzsanna (1906. nov. 5. \u2013). Hat gyermek\u00fck: Zsuzs\u00e1nna (1907\u2013), J\u00falia, a fest\u0151m\u0171v\u00e9sz (1909\u20131999), Istv\u00e1n (1910\u20131978), Anna (1912\u2013), G\u00e1bor (1921\u20131921), L\u00e1szl\u00f3-\u00c1kos (1923\u20131968). Tanulm\u00e1nyait Sz\u00e9kelyudvarhelyen \u00e9s Nagyenyeden v\u00e9gezte (1901). Pedadag\u00f3giai m\u0171k\u00f6d\u00e9s\u00e9t Both\u00e1z\u00e1n, majd Bed\u00e9ben kezdte mint l\u00e9vitatan\u00edt\u00f3 (1902-04). Ny\u00e1r\u00e1dszentbenedeken ref. iskolai [&hellip;]<\/p>\n","protected":false},"featured_media":0,"comment_status":"open","ping_status":"closed","template":"","meta":[],"product_brand":[],"product_cat":[137],"product_tag":[],"class_list":{"0":"post-7992","1":"product","2":"type-product","3":"status-publish","5":"product_cat-maros-megyei-eletrajzi-lexikon","7":"first","8":"instock","9":"shipping-taxable","10":"product-type-simple"},"_links":{"self":[{"href":"https:\/\/uj.adatbank.ro\/lexikon\/wp-json\/wp\/v2\/product\/7992","targetHints":{"allow":["GET"]}}],"collection":[{"href":"https:\/\/uj.adatbank.ro\/lexikon\/wp-json\/wp\/v2\/product"}],"about":[{"href":"https:\/\/uj.adatbank.ro\/lexikon\/wp-json\/wp\/v2\/types\/product"}],"replies":[{"embeddable":true,"href":"https:\/\/uj.adatbank.ro\/lexikon\/wp-json\/wp\/v2\/comments?post=7992"}],"wp:attachment":[{"href":"https:\/\/uj.adatbank.ro\/lexikon\/wp-json\/wp\/v2\/media?parent=7992"}],"wp:term":[{"taxonomy":"product_brand","embeddable":true,"href":"https:\/\/uj.adatbank.ro\/lexikon\/wp-json\/wp\/v2\/product_brand?post=7992"},{"taxonomy":"product_cat","embeddable":true,"href":"https:\/\/uj.adatbank.ro\/lexikon\/wp-json\/wp\/v2\/product_cat?post=7992"},{"taxonomy":"product_tag","embeddable":true,"href":"https:\/\/uj.adatbank.ro\/lexikon\/wp-json\/wp\/v2\/product_tag?post=7992"}],"curies":[{"name":"wp","href":"https:\/\/api.w.org\/{rel}","templated":true}]}}

FERENCZY Gábor, § Ferenczi Gábor

<p>Boldogfalva, 1881. okt. 28., † Nyárádszentbenedek, 1967. ápr. 14.: lévita-tanító, tankönyvíró, felsőházi tag. – Felesége: Farkas Zsuzsanna (1906. nov. 5. –). Hat gyermekük: Zsuzsánna (1907–), Júlia, a festőművész (1909–1999), István (1910–1978), Anna (1912–), Gábor (1921–1921), László-Ákos (1923–1968). Tanulmányait Székelyudvarhelyen és Nagyenyeden végezte (1901). Pedadagógiai működését Botházán, majd Bedében kezdte mint lévitatanító (1902-04). Nyárádszentbenedeken ref. iskolai igazgató-tanító, kántortanító nyugdíjazásáig (1904. jan. 25. –47). Részt vett az első vh.-ban az 50. gy. ezered kötelékében harcolt, orosz fogságba került, mint karpaszományos tizedes (1915. okt. 20. &#8211; hazaérkezéséig 1920. aug. 4.). A MT. vm.-i Tanítóegylet elnöke (1941). A M. Ogy. behívott képviselője (1940–44), fel is szólalt (1943. dec. 22.). A falu összes iskoláskorú (60–70) gyerekét, I-VII. oszt.-ig tanította. A nyilvántartott faiskola gondozását is végezte a gyermekekkel. Kántor, harangozó, lelkészhelyettes, a férfidalárda és a műkedvelő színjátszócsoport vezetője egyszemélyben. A marosi ref. egyházmegyei tanító testület elnöke, az erdélyi ref. egyházkerület tanító-képviselője, egyházmegyei tanácsos volt. Tankönyveket is írt néhány tanítótársával, a ref. iskolák elemi osztályai számára, tanügyi lapokban közölte cikkeit. – <strong>F. m.:</strong> <strong>szerk.:</strong> Magyar nyelv: Olvasókönyv, nyelvtan és természettudományok a m. tannyelvű elemi iskolák III. oszt. részére (szerk. Lőrinczi Ferenc, Bedelean Diomed, Ősz Sándor, F. G.; Kv., 1934; Kv., 1938); Limba română: cartea de cetire, gramatică, istoria pentru clasa a IV-a primară; Magyar nyelv: Olvasókönyv, nyelvtan, természettudományok, földrajz, számtan és mértan, a m. tannyelvű elemi iskolák IV. osztálya számára (Întocmită de – <strong>szerk.:</strong> Lőrinczi Ferenc, Bedelean Diomed, F. G., Kali Sándor; Kv., 1934; Kv., 1933; Kv., 1938); A Hivatalos Közlöny 1936. máj. 13-i 109. számában meghirdetett analitikus tanterv alapján összeállított tankönyv az elemi iskolák V. oszt. -ai számára: m. olvasó, m. nyelvtan, társadalmi és állampolgári nevelés, egészségtan, földrajz, természettudomány, mezőgazdasági ismeretek. A VI. Oszt. számára írt tankönyvek: m. olvasó, m. nyelvtan, társadalom és állampolgársági nevelés, egészségtan, természettudomány, mezőgazdasági ismeretek. Întocmit de: Bedelean Diomed, T. C. Stan, F. G., Lőrinczi Ferenc, Kali Sándor, Ősz Sándor; Kv., 1936). <br /><strong>Irod.:</strong> Buzogány Árpád: Évfordulóink (Örökségünk, 4. sz., 2011); EM; Erdélyi vármegyék; Időtár 3; Nyárádszentbenedek</br></p>

<p>Boldogfalva, 1881. okt. 28., † Nyárádszentbenedek, 1967. ápr. 14.: lévita-tanító, tankönyvíró, felsőházi tag. – Felesége: Farkas Zsuzsanna (1906. nov. 5. –). Hat gyermekük: Zsuzsánna (1907–), Júlia, a festőművész (1909–1999), István (1910–1978), Anna (1912–), Gábor (1921–1921), László-Ákos (1923–1968). Tanulmányait Székelyudvarhelyen és Nagyenyeden végezte (1901). Pedadagógiai működését Botházán, majd Bedében kezdte mint lévitatanító (1902-04). Nyárádszentbenedeken ref. iskolai [&hellip;]</p>
