{"id":7997,"date":"2025-06-29T10:10:46","date_gmt":"2025-06-29T08:10:46","guid":{"rendered":"https:\/\/uj.adatbank.ro\/lexikon\/termek\/ferenczy-istvan-%c2%a7\/"},"modified":"2025-06-29T10:10:46","modified_gmt":"2025-06-29T08:10:46","slug":"ferenczy-istvan-%c2%a7","status":"publish","type":"product","link":"https:\/\/uj.adatbank.ro\/lexikon\/termek\/ferenczy-istvan-%c2%a7\/","title":{"rendered":"FERENCZY Istv\u00e1n, \u00a7"},"content":{"rendered":"<p>G\u00f6rg\u00e9nyszentimre, 1876, \u2020\u00a0? : \u00fcgyv\u00e9d. \u2013 K\u00f6z\u00e9piskol\u00e1it Sz\u00e1szr\u00e9genben, Mv.-en, Sz\u00e9kelyudvarhelyen, egyetemi tanulm\u00e1nyait Kv.-on v\u00e9gezte, \u00fcgyv\u00e9di vizsg\u00e1t Mv.-en tett. \u00dcgyv\u00e9d \u00e9s kir. k\u00f6zjegyz\u0151 volt Sz\u00e1szr\u00e9genben. Kir. k\u00f6rjegyz\u0151 (1940\u2013). A MP helyi eln\u00f6ke, a r. k. egyh\u00e1z tan\u00e1csosa, a M. Kaszin\u00f3 eln\u00f6ke, a r. k. St\u00e1tus helyi k\u00e9pvisel\u0151je volt. R\u00e9szt vett az I. vh.-ban a 62. gy. ezred k\u00f6tel\u00e9k\u00e9ben Alb\u00e1ni\u00e1ban harcolt, majd Galici\u00e1ba ker\u00fclt, mal\u00e1ri\u00e1t kapott, mint tartal\u00e9kos z\u00e1szl\u00f3s szerelt le (1915\u201318). R\u00e9szt vett a nyugatmagyarorsz\u00e1gi harcokban. Az OMP Maros-Torda megyei tagozat\u00e1nak aleln\u00f6ke (1929). <br \/><strong>Irod.:<\/strong> Erd\u00e9lyi ezredek; Id\u0151t\u00e1r 3\u00a0; Sz\u00e9kelyf\u00f6ld \u00ed. k.<\/br><\/p>\n","protected":false},"excerpt":{"rendered":"<p>G\u00f6rg\u00e9nyszentimre, 1876, \u2020\u00a0? : \u00fcgyv\u00e9d. \u2013 K\u00f6z\u00e9piskol\u00e1it Sz\u00e1szr\u00e9genben, Mv.-en, Sz\u00e9kelyudvarhelyen, egyetemi tanulm\u00e1nyait Kv.-on v\u00e9gezte, \u00fcgyv\u00e9di vizsg\u00e1t Mv.-en tett. \u00dcgyv\u00e9d \u00e9s kir. k\u00f6zjegyz\u0151 volt Sz\u00e1szr\u00e9genben. Kir. k\u00f6rjegyz\u0151 (1940\u2013). A MP helyi eln\u00f6ke, a r. k. egyh\u00e1z tan\u00e1csosa, a M. Kaszin\u00f3 eln\u00f6ke, a r. k. St\u00e1tus helyi k\u00e9pvisel\u0151je volt. R\u00e9szt vett az I. vh.-ban a 62. gy. [&hellip;]<\/p>\n","protected":false},"featured_media":0,"comment_status":"open","ping_status":"closed","template":"","meta":[],"product_brand":[],"product_cat":[137],"product_tag":[],"class_list":{"0":"post-7997","1":"product","2":"type-product","3":"status-publish","5":"product_cat-maros-megyei-eletrajzi-lexikon","7":"first","8":"instock","9":"shipping-taxable","10":"product-type-simple"},"_links":{"self":[{"href":"https:\/\/uj.adatbank.ro\/lexikon\/wp-json\/wp\/v2\/product\/7997","targetHints":{"allow":["GET"]}}],"collection":[{"href":"https:\/\/uj.adatbank.ro\/lexikon\/wp-json\/wp\/v2\/product"}],"about":[{"href":"https:\/\/uj.adatbank.ro\/lexikon\/wp-json\/wp\/v2\/types\/product"}],"replies":[{"embeddable":true,"href":"https:\/\/uj.adatbank.ro\/lexikon\/wp-json\/wp\/v2\/comments?post=7997"}],"wp:attachment":[{"href":"https:\/\/uj.adatbank.ro\/lexikon\/wp-json\/wp\/v2\/media?parent=7997"}],"wp:term":[{"taxonomy":"product_brand","embeddable":true,"href":"https:\/\/uj.adatbank.ro\/lexikon\/wp-json\/wp\/v2\/product_brand?post=7997"},{"taxonomy":"product_cat","embeddable":true,"href":"https:\/\/uj.adatbank.ro\/lexikon\/wp-json\/wp\/v2\/product_cat?post=7997"},{"taxonomy":"product_tag","embeddable":true,"href":"https:\/\/uj.adatbank.ro\/lexikon\/wp-json\/wp\/v2\/product_tag?post=7997"}],"curies":[{"name":"wp","href":"https:\/\/api.w.org\/{rel}","templated":true}]}}

FERENCZY István, §

<p>Görgényszentimre, 1876, † ? : ügyvéd. – Középiskoláit Szászrégenben, Mv.-en, Székelyudvarhelyen, egyetemi tanulmányait Kv.-on végezte, ügyvédi vizsgát Mv.-en tett. Ügyvéd és kir. közjegyző volt Szászrégenben. Kir. körjegyző (1940–). A MP helyi elnöke, a r. k. egyház tanácsosa, a M. Kaszinó elnöke, a r. k. Státus helyi képviselője volt. Részt vett az I. vh.-ban a 62. gy. ezred kötelékében Albániában harcolt, majd Galiciába került, maláriát kapott, mint tartalékos zászlós szerelt le (1915–18). Részt vett a nyugatmagyarországi harcokban. Az OMP Maros-Torda megyei tagozatának alelnöke (1929). <br /><strong>Irod.:</strong> Erdélyi ezredek; Időtár 3 ; Székelyföld í. k.</br></p>

<p>Görgényszentimre, 1876, † ? : ügyvéd. – Középiskoláit Szászrégenben, Mv.-en, Székelyudvarhelyen, egyetemi tanulmányait Kv.-on végezte, ügyvédi vizsgát Mv.-en tett. Ügyvéd és kir. közjegyző volt Szászrégenben. Kir. körjegyző (1940–). A MP helyi elnöke, a r. k. egyház tanácsosa, a M. Kaszinó elnöke, a r. k. Státus helyi képviselője volt. Részt vett az I. vh.-ban a 62. gy. [&hellip;]</p>
