{"id":8000,"date":"2025-06-29T10:10:52","date_gmt":"2025-06-29T08:10:52","guid":{"rendered":"https:\/\/uj.adatbank.ro\/lexikon\/termek\/ferenczy-jozsef\/"},"modified":"2025-06-29T10:10:52","modified_gmt":"2025-06-29T08:10:52","slug":"ferenczy-jozsef","status":"publish","type":"product","link":"https:\/\/uj.adatbank.ro\/lexikon\/termek\/ferenczy-jozsef\/","title":{"rendered":"FERENCZY J\u00f3zsef"},"content":{"rendered":"<p>Mv., 1866. dec. 17., \u2020 Temesv\u00e1r, 1925. dec. 4.: fest\u0151m\u0171v\u00e9sz. \u2013 Divald K\u00e1roly eperjesi f\u00e9nyk\u00e9p\u00e9sz m\u0171term\u00e9ben, majd Bp.-en Bihari S\u00e1ndorn\u00e1l \u00e9s Karlovszky Bertalann\u00e1l dolgozott. A Julian Akad. -\u00e1n \u00e9s P\u00e1rizsban (1896\u201397), majd Bp.-en Bencz\u00far Gyula mesteriskol\u00e1j\u00e1ban tanult fest\u00e9szetet (1897\u201398). H\u00e1rom \u00e9vig M\u00fcnchenben dolgozott, majd Temesv\u00e1ron telepedett le. Fest\u0151iskol\u00e1t alap\u00edtott (1910). M\u00fcnchenben dolgozott (1914\u201316). Megfestette a temesi gr\u00f3fok \u00e9s f\u0151isp\u00e1nok arck\u00e9peit, a v\u00e1rosh\u00e1za sz\u00e1m\u00e1ra az egykori k\u00e9pvisel\u0151k\u00e9t \u00e9s a polg\u00e1rmesterek\u00e9t, Calasanti J\u00f3zsef \u00e9let\u00e9b\u0151l vett n\u00e9gy k\u00e9ppel d\u00edsz\u00edtette a piarista templom mennyezet\u00e9t. A resicai koh\u00f3k \u00e9s kov\u00e1csm\u0171helyek \u00e9let\u00e9t sz\u00e1mos k\u00e9p\u00e9n eleven\u00edtette meg. M\u0171veib\u0151l Temesv\u00e1ron egy\u00e9ni ki\u00e1ll\u00edt\u00e1st rendezett (1911). A Temesv\u00e1ri K\u00e9pt\u00e1r \u0151rzi Zsuzsika c. olajfestm\u00e9ny\u00e9t. <br \/><strong>Irod.:<\/strong> Banner; D\u00e9ry B\u00e9la: Almanach (Bp., 1912); \u00c9ber; Moln\u00e1r; RNL; R\u00daL; Szab\u00f3\u2013K\u00e1llai; Szab\u00f3\u2013Simon\u2013Sz\u00f6gi<\/br><\/p>\n","protected":false},"excerpt":{"rendered":"<p>Mv., 1866. dec. 17., \u2020 Temesv\u00e1r, 1925. dec. 4.: fest\u0151m\u0171v\u00e9sz. \u2013 Divald K\u00e1roly eperjesi f\u00e9nyk\u00e9p\u00e9sz m\u0171term\u00e9ben, majd Bp.-en Bihari S\u00e1ndorn\u00e1l \u00e9s Karlovszky Bertalann\u00e1l dolgozott. A Julian Akad. -\u00e1n \u00e9s P\u00e1rizsban (1896\u201397), majd Bp.-en Bencz\u00far Gyula mesteriskol\u00e1j\u00e1ban tanult fest\u00e9szetet (1897\u201398). H\u00e1rom \u00e9vig M\u00fcnchenben dolgozott, majd Temesv\u00e1ron telepedett le. Fest\u0151iskol\u00e1t alap\u00edtott (1910). M\u00fcnchenben dolgozott (1914\u201316). Megfestette a [&hellip;]<\/p>\n","protected":false},"featured_media":0,"comment_status":"open","ping_status":"closed","template":"","meta":[],"product_brand":[],"product_cat":[137],"product_tag":[],"class_list":{"0":"post-8000","1":"product","2":"type-product","3":"status-publish","5":"product_cat-maros-megyei-eletrajzi-lexikon","7":"first","8":"instock","9":"shipping-taxable","10":"product-type-simple"},"_links":{"self":[{"href":"https:\/\/uj.adatbank.ro\/lexikon\/wp-json\/wp\/v2\/product\/8000","targetHints":{"allow":["GET"]}}],"collection":[{"href":"https:\/\/uj.adatbank.ro\/lexikon\/wp-json\/wp\/v2\/product"}],"about":[{"href":"https:\/\/uj.adatbank.ro\/lexikon\/wp-json\/wp\/v2\/types\/product"}],"replies":[{"embeddable":true,"href":"https:\/\/uj.adatbank.ro\/lexikon\/wp-json\/wp\/v2\/comments?post=8000"}],"wp:attachment":[{"href":"https:\/\/uj.adatbank.ro\/lexikon\/wp-json\/wp\/v2\/media?parent=8000"}],"wp:term":[{"taxonomy":"product_brand","embeddable":true,"href":"https:\/\/uj.adatbank.ro\/lexikon\/wp-json\/wp\/v2\/product_brand?post=8000"},{"taxonomy":"product_cat","embeddable":true,"href":"https:\/\/uj.adatbank.ro\/lexikon\/wp-json\/wp\/v2\/product_cat?post=8000"},{"taxonomy":"product_tag","embeddable":true,"href":"https:\/\/uj.adatbank.ro\/lexikon\/wp-json\/wp\/v2\/product_tag?post=8000"}],"curies":[{"name":"wp","href":"https:\/\/api.w.org\/{rel}","templated":true}]}}

FERENCZY József

<p>Mv., 1866. dec. 17., † Temesvár, 1925. dec. 4.: festőművész. – Divald Károly eperjesi fényképész műtermében, majd Bp.-en Bihari Sándornál és Karlovszky Bertalannál dolgozott. A Julian Akad. -án és Párizsban (1896–97), majd Bp.-en Benczúr Gyula mesteriskolájában tanult festészetet (1897–98). Három évig Münchenben dolgozott, majd Temesváron telepedett le. Festőiskolát alapított (1910). Münchenben dolgozott (1914–16). Megfestette a temesi grófok és főispánok arcképeit, a városháza számára az egykori képviselőkét és a polgármesterekét, Calasanti József életéből vett négy képpel díszítette a piarista templom mennyezetét. A resicai kohók és kovácsműhelyek életét számos képén elevenítette meg. Műveiből Temesváron egyéni kiállítást rendezett (1911). A Temesvári Képtár őrzi Zsuzsika c. olajfestményét. <br /><strong>Irod.:</strong> Banner; Déry Béla: Almanach (Bp., 1912); Éber; Molnár; RNL; RÚL; Szabó–Kállai; Szabó–Simon–Szögi</br></p>

<p>Mv., 1866. dec. 17., † Temesvár, 1925. dec. 4.: festőművész. – Divald Károly eperjesi fényképész műtermében, majd Bp.-en Bihari Sándornál és Karlovszky Bertalannál dolgozott. A Julian Akad. -án és Párizsban (1896–97), majd Bp.-en Benczúr Gyula mesteriskolájában tanult festészetet (1897–98). Három évig Münchenben dolgozott, majd Temesváron telepedett le. Festőiskolát alapított (1910). Münchenben dolgozott (1914–16). Megfestette a [&hellip;]</p>
