{"id":8004,"date":"2025-06-29T10:11:01","date_gmt":"2025-06-29T08:11:01","guid":{"rendered":"https:\/\/uj.adatbank.ro\/lexikon\/termek\/ferenczy-petronella-%c2%a7\/"},"modified":"2025-06-29T10:11:01","modified_gmt":"2025-06-29T08:11:01","slug":"ferenczy-petronella-%c2%a7","status":"publish","type":"product","link":"https:\/\/uj.adatbank.ro\/lexikon\/termek\/ferenczy-petronella-%c2%a7\/","title":{"rendered":"FERENCZY Petronella, \u00a7"},"content":{"rendered":"<p>\u00dajpest, 1887., \u2020 ? : zenetan\u00e1r. \u2013 Cimbalom \u00e9s zongoratanulm\u00e1nyait az \u00fajpesti zeneiskol\u00e1ban kezdte, a Fodor Ern\u0151 bp.-i zeneakad\u00e9mi\u00e1n, majd az Orsz\u00e1gos M. Kir. Zeneakad\u00e9mi\u00e1n folytatta \u00e9s befejezte (1909). Id\u0151k\u00f6zben k\u00f6z\u00e9piskolai \u00e9nektan\u00edt\u00f3i oklevelet is szerzett. Megh\u00edv\u00e1st kapott a mv.-i zeneiskol\u00e1hoz a cimbalom \u00e9s zongora tanszakra, itt 18 \u00e9vet m\u0171k\u00f6d\u00f6tt (1910\u201328), hat \u00e9vig vezette az \u00e9nektan\u00edt\u00e1st a fels\u0151bb le\u00e1nyiskol\u00e1ban is. <br \/><strong>Irod.:<\/strong> Anuarul Conservatorului Municipiului Tg. M. (1927\u20131928); Hajd\u00f3 K\u00e1roly: A mv.-i zeneiskola \u00e9vfordul\u00f3j\u00e1ra (N\u00fa., 1999. jan. 12.); Mv. m\u0171v. v\u00e1r.; Zenetudom\u00e1nyi \u00edr\u00e1sok<\/br><\/p>\n","protected":false},"excerpt":{"rendered":"<p>\u00dajpest, 1887., \u2020 ? : zenetan\u00e1r. \u2013 Cimbalom \u00e9s zongoratanulm\u00e1nyait az \u00fajpesti zeneiskol\u00e1ban kezdte, a Fodor Ern\u0151 bp.-i zeneakad\u00e9mi\u00e1n, majd az Orsz\u00e1gos M. Kir. Zeneakad\u00e9mi\u00e1n folytatta \u00e9s befejezte (1909). Id\u0151k\u00f6zben k\u00f6z\u00e9piskolai \u00e9nektan\u00edt\u00f3i oklevelet is szerzett. Megh\u00edv\u00e1st kapott a mv.-i zeneiskol\u00e1hoz a cimbalom \u00e9s zongora tanszakra, itt 18 \u00e9vet m\u0171k\u00f6d\u00f6tt (1910\u201328), hat \u00e9vig vezette az \u00e9nektan\u00edt\u00e1st [&hellip;]<\/p>\n","protected":false},"featured_media":0,"comment_status":"open","ping_status":"closed","template":"","meta":[],"product_brand":[],"product_cat":[137],"product_tag":[],"class_list":{"0":"post-8004","1":"product","2":"type-product","3":"status-publish","5":"product_cat-maros-megyei-eletrajzi-lexikon","7":"first","8":"instock","9":"shipping-taxable","10":"product-type-simple"},"_links":{"self":[{"href":"https:\/\/uj.adatbank.ro\/lexikon\/wp-json\/wp\/v2\/product\/8004","targetHints":{"allow":["GET"]}}],"collection":[{"href":"https:\/\/uj.adatbank.ro\/lexikon\/wp-json\/wp\/v2\/product"}],"about":[{"href":"https:\/\/uj.adatbank.ro\/lexikon\/wp-json\/wp\/v2\/types\/product"}],"replies":[{"embeddable":true,"href":"https:\/\/uj.adatbank.ro\/lexikon\/wp-json\/wp\/v2\/comments?post=8004"}],"wp:attachment":[{"href":"https:\/\/uj.adatbank.ro\/lexikon\/wp-json\/wp\/v2\/media?parent=8004"}],"wp:term":[{"taxonomy":"product_brand","embeddable":true,"href":"https:\/\/uj.adatbank.ro\/lexikon\/wp-json\/wp\/v2\/product_brand?post=8004"},{"taxonomy":"product_cat","embeddable":true,"href":"https:\/\/uj.adatbank.ro\/lexikon\/wp-json\/wp\/v2\/product_cat?post=8004"},{"taxonomy":"product_tag","embeddable":true,"href":"https:\/\/uj.adatbank.ro\/lexikon\/wp-json\/wp\/v2\/product_tag?post=8004"}],"curies":[{"name":"wp","href":"https:\/\/api.w.org\/{rel}","templated":true}]}}

<p>Újpest, 1887., † ? : zenetanár. – Cimbalom és zongoratanulmányait az újpesti zeneiskolában kezdte, a Fodor Ernő bp.-i zeneakadémián, majd az Országos M. Kir. Zeneakadémián folytatta és befejezte (1909). Időközben középiskolai énektanítói oklevelet is szerzett. Meghívást kapott a mv.-i zeneiskolához a cimbalom és zongora tanszakra, itt 18 évet működött (1910–28), hat évig vezette az énektanítást a felsőbb leányiskolában is. <br /><strong>Irod.:</strong> Anuarul Conservatorului Municipiului Tg. M. (1927–1928); Hajdó Károly: A mv.-i zeneiskola évfordulójára (Nú., 1999. jan. 12.); Mv. műv. vár.; Zenetudományi írások</br></p>

<p>Újpest, 1887., † ? : zenetanár. – Cimbalom és zongoratanulmányait az újpesti zeneiskolában kezdte, a Fodor Ernő bp.-i zeneakadémián, majd az Országos M. Kir. Zeneakadémián folytatta és befejezte (1909). Időközben középiskolai énektanítói oklevelet is szerzett. Meghívást kapott a mv.-i zeneiskolához a cimbalom és zongora tanszakra, itt 18 évet működött (1910–28), hat évig vezette az énektanítást [&hellip;]</p>
