{"id":8005,"date":"2025-06-29T10:11:05","date_gmt":"2025-06-29T08:11:05","guid":{"rendered":"https:\/\/uj.adatbank.ro\/lexikon\/termek\/feri-vilmos-jozsef-fery-vilmos-jozsef\/"},"modified":"2025-06-29T10:11:05","modified_gmt":"2025-06-29T08:11:05","slug":"feri-vilmos-jozsef-fery-vilmos-jozsef","status":"publish","type":"product","link":"https:\/\/uj.adatbank.ro\/lexikon\/termek\/feri-vilmos-jozsef-fery-vilmos-jozsef\/","title":{"rendered":"FERI Vilmos J\u00f3zsef, Fery Vilmos J\u00f3zsef"},"content":{"rendered":"<p>Sz\u00e9lszeg, 1894. febr. 14., \u2020\u00a0?: h\u00e1zf\u0151n\u0151k, minorita teol\u00f3giai tan\u00e1r, gimn.-i igazgat\u00f3, b\u00fclcseleti dr. \u2013 A gimn. -ot Nagyb\u00e1ny\u00e1n \u00e9s Mv.-en v\u00e9gezte, itt bel\u00e9pett a rendbe (1910. aug. 21.). A teol. -t R\u00f3m\u00e1ban \u00e9s B\u00e9csben v\u00e9gezte, R\u00f3m\u00e1ban doktor\u00e1lt (1914). Szepeshelyen papp\u00e1 szentelt\u00e9k (1917. okt. 21.). Cs\u00fct\u00f6rt\u00f6khelyen, majd Nagyb\u00e1ny\u00e1n helyettes \u00fajoncmester (1918), Aradon hitoktat\u00f3 (1919), Szil\u00e1gysomly\u00f3n hittan\u00e1r. A gimn. megsz\u00fcntet\u00e9se ut\u00e1n Nagyenyeden k\u00e1pl\u00e1n; Mv.-en h\u00e1zf\u0151n\u00f6k, a rendh\u00e1zat majdnem \u00fcresen tal\u00e1lta. A kv.-i rendh\u00e1zat \u00e9s templomot felsz\u00e1molt\u00e1k \u00e9s \u00e1tadt\u00e1k a g\u00f6r\u00f6g kat. -nak (1926. nov.). Az ing\u00f3s\u00e1gaik egy r\u00e9sz\u00e9t \u00e1thozt\u00e1k Mv. -re. Az olt\u00e1rokat, az orgon\u00e1t, a b\u00fatorzat, a templomi felszerel\u00e9s \u00e9s a k\u00f6nyvt\u00e1r egy r\u00e9sz\u00e9t. Mv.-en indult a Nagyb\u00e1ny\u00e1r\u00f3l \u00e1thelyezett novici\u00e1tus (\u00fajonck\u00e9pz\u00e9s) is (1926), h\u00e1zf\u0151n\u00f6k (1927. aug. 27. \u2013 1929. szept. 1.). Az els\u0151 tan\u00e9v 1927. aug. 27.-ben indult Lugoson h\u00e1zf\u0151n\u00f6k, Nagyb\u00e1ny\u00e1n teol. tan\u00e1r, a f\u0151gimn. megb\u00edzott igazgat\u00f3ja (1940\u201341). A Nagyb\u00e1nya \u00e9s Vid\u00e9ke c. hetilap szerk.-je (1939. okt. 1. \u201341. febr.). \u2013 Fm.: A nagyenyedi r. k. pl\u00e9b\u00e1nia r\u00f6vid t\u00f6rt\u00e9nete (Arad, 1927.) <br \/><strong>Irod.:<\/strong> Guly\u00e1s; Maros megyei t\u00f6rt.; Monay: magyaro.-i \u00e9s erd\u00e9lyi minorit\u00e1k<\/br><\/p>\n","protected":false},"excerpt":{"rendered":"<p>Sz\u00e9lszeg, 1894. febr. 14., \u2020\u00a0?: h\u00e1zf\u0151n\u0151k, minorita teol\u00f3giai tan\u00e1r, gimn.-i igazgat\u00f3, b\u00fclcseleti dr. \u2013 A gimn. -ot Nagyb\u00e1ny\u00e1n \u00e9s Mv.-en v\u00e9gezte, itt bel\u00e9pett a rendbe (1910. aug. 21.). A teol. -t R\u00f3m\u00e1ban \u00e9s B\u00e9csben v\u00e9gezte, R\u00f3m\u00e1ban doktor\u00e1lt (1914). Szepeshelyen papp\u00e1 szentelt\u00e9k (1917. okt. 21.). Cs\u00fct\u00f6rt\u00f6khelyen, majd Nagyb\u00e1ny\u00e1n helyettes \u00fajoncmester (1918), Aradon hitoktat\u00f3 (1919), Szil\u00e1gysomly\u00f3n hittan\u00e1r. [&hellip;]<\/p>\n","protected":false},"featured_media":0,"comment_status":"open","ping_status":"closed","template":"","meta":[],"product_brand":[],"product_cat":[137],"product_tag":[],"class_list":{"0":"post-8005","1":"product","2":"type-product","3":"status-publish","5":"product_cat-maros-megyei-eletrajzi-lexikon","7":"first","8":"instock","9":"shipping-taxable","10":"product-type-simple"},"_links":{"self":[{"href":"https:\/\/uj.adatbank.ro\/lexikon\/wp-json\/wp\/v2\/product\/8005","targetHints":{"allow":["GET"]}}],"collection":[{"href":"https:\/\/uj.adatbank.ro\/lexikon\/wp-json\/wp\/v2\/product"}],"about":[{"href":"https:\/\/uj.adatbank.ro\/lexikon\/wp-json\/wp\/v2\/types\/product"}],"replies":[{"embeddable":true,"href":"https:\/\/uj.adatbank.ro\/lexikon\/wp-json\/wp\/v2\/comments?post=8005"}],"wp:attachment":[{"href":"https:\/\/uj.adatbank.ro\/lexikon\/wp-json\/wp\/v2\/media?parent=8005"}],"wp:term":[{"taxonomy":"product_brand","embeddable":true,"href":"https:\/\/uj.adatbank.ro\/lexikon\/wp-json\/wp\/v2\/product_brand?post=8005"},{"taxonomy":"product_cat","embeddable":true,"href":"https:\/\/uj.adatbank.ro\/lexikon\/wp-json\/wp\/v2\/product_cat?post=8005"},{"taxonomy":"product_tag","embeddable":true,"href":"https:\/\/uj.adatbank.ro\/lexikon\/wp-json\/wp\/v2\/product_tag?post=8005"}],"curies":[{"name":"wp","href":"https:\/\/api.w.org\/{rel}","templated":true}]}}

FERI Vilmos József, Fery Vilmos József

<p>Szélszeg, 1894. febr. 14., † ?: házfőnők, minorita teológiai tanár, gimn.-i igazgató, bülcseleti dr. – A gimn. -ot Nagybányán és Mv.-en végezte, itt belépett a rendbe (1910. aug. 21.). A teol. -t Rómában és Bécsben végezte, Rómában doktorált (1914). Szepeshelyen pappá szentelték (1917. okt. 21.). Csütörtökhelyen, majd Nagybányán helyettes újoncmester (1918), Aradon hitoktató (1919), Szilágysomlyón hittanár. A gimn. megszüntetése után Nagyenyeden káplán; Mv.-en házfőnök, a rendházat majdnem üresen találta. A kv.-i rendházat és templomot felszámolták és átadták a görög kat. -nak (1926. nov.). Az ingóságaik egy részét áthozták Mv. -re. Az oltárokat, az orgonát, a bútorzat, a templomi felszerelés és a könyvtár egy részét. Mv.-en indult a Nagybányáról áthelyezett noviciátus (újoncképzés) is (1926), házfőnök (1927. aug. 27. – 1929. szept. 1.). Az első tanév 1927. aug. 27.-ben indult Lugoson házfőnök, Nagybányán teol. tanár, a főgimn. megbízott igazgatója (1940–41). A Nagybánya és Vidéke c. hetilap szerk.-je (1939. okt. 1. –41. febr.). – Fm.: A nagyenyedi r. k. plébánia rövid története (Arad, 1927.) <br /><strong>Irod.:</strong> Gulyás; Maros megyei tört.; Monay: magyaro.-i és erdélyi minoriták</br></p>

<p>Szélszeg, 1894. febr. 14., † ?: házfőnők, minorita teológiai tanár, gimn.-i igazgató, bülcseleti dr. – A gimn. -ot Nagybányán és Mv.-en végezte, itt belépett a rendbe (1910. aug. 21.). A teol. -t Rómában és Bécsben végezte, Rómában doktorált (1914). Szepeshelyen pappá szentelték (1917. okt. 21.). Csütörtökhelyen, majd Nagybányán helyettes újoncmester (1918), Aradon hitoktató (1919), Szilágysomlyón hittanár. [&hellip;]</p>
