{"id":8008,"date":"2025-06-29T10:11:10","date_gmt":"2025-06-29T08:11:10","guid":{"rendered":"https:\/\/uj.adatbank.ro\/lexikon\/termek\/feszt-gyorgy-%c2%a7-feszt-gheorghe\/"},"modified":"2025-06-29T10:11:10","modified_gmt":"2025-06-29T08:11:10","slug":"feszt-gyorgy-%c2%a7-feszt-gheorghe","status":"publish","type":"product","link":"https:\/\/uj.adatbank.ro\/lexikon\/termek\/feszt-gyorgy-%c2%a7-feszt-gheorghe\/","title":{"rendered":"FESZT Gy\u00f6rgy, \u00a7 \/ Feszt Gheorghe"},"content":{"rendered":"<p>Kv., 1889. \u00e1pr. 13., \u2020 Mv., 1952. jan. 7. A kv.-i H\u00e1zsong\u00e1rdi temet\u0151ben nyugszik.: orvos, dr., radiol\u00f3gus egyetemi tan\u00e1r. \u2013 Feszt Antal \u00e9s Hantz Am\u00e1lia fia. Fiai: Tibor \u00e9s Gy\u00f6rgy orvos prof. -ok. \u2013 Kv.-on a Ref. Koll.-ban \u00e9retts\u00e9gizett (1907). Orvosi diplom\u00e1t Kv.-on szerzett a FJTE-en, summa cum laude min\u0151s\u00edt\u00e9ssel (1912), ut\u00e1na n\u00e9meto.-i tanulm\u00e1ny\u00faton volt. Kv.-on egyetemi tan\u00e1rseg\u00e9d a T\u00f6rv\u00e9nysz\u00e9ki Orvostani Int\u00e9zetben (1913\u201319), az els\u0151 vh. alatt frontszolg\u00e1latot teljes\u00edtett, a k\u00f3rh\u00e1zakban mint f\u0151orvos m\u0171k\u00f6d\u00f6tt, t\u00f6bb hadi kit\u00fcntet\u00e9st kapott. Imp\u00e9rium v\u00e1ltoz\u00e1s ut\u00e1n mag\u00e1ngyakorlatot folytatott: belgy\u00f3gy\u00e1sz \u00e9s r\u00f6ntgenol\u00f3gus szakorvos (1919\u201341), a kv.-i V\u00f6r\u00f6skereszt, majd a Park-szanat\u00f3riumban oszt\u00e1lyvezet\u0151 f\u0151orvos (1923\u201341). Bekapcsol\u00f3dott az EME Orvostudom\u00e1nyi Szakoszt\u00e1ly\u00e1nak munk\u00e1j\u00e1ba, jegyz\u0151 (1932. m\u00e1j. \u201336.), titk\u00e1r (1936. jan. -j\u00fal.). Int\u00e9zeti tan\u00e1r a FJTE Belgy\u00f3gy\u00e1szati klinik\u00e1j\u00e1n (1941\u201345), a Belgy\u00f3gy\u00e1szati Klinika r\u00f6ntgen int\u00e9zet\u00e9nek vezet\u0151je, a r\u00f6ntkendiagnosztikai el\u0151ad\u00e1sokat tartotta, professzora a BTE-n (1945\u201348). Az orvosi kar Mv. -re helyez\u00e9sekor \u00e1tk\u00f6lt\u00f6z\u00f6tt Mv. -re. Jelent\u0151s szerepet j\u00e1tszott a mv.-i orvosi egyetem megszervez\u00e9s\u00e9ben, a MOGYI orvosi kar\u00e1nak els\u0151 d\u00e9k\u00e1nja (1945. j\u00fan. 15. \u2013 1949. nov. 3.), majd a tan\u00fcgyi reform k\u00f6vetkezt\u00e9ben \u00f6n\u00e1ll\u00f3sult MOGYI rektora (1949. szept. 4. \u2013 1951. okt. 31.), a Radiol\u00f3giai Klinika vezet\u0151je (1945\u201352). A j\u00f3t\u00e9konykod\u00e1s patr\u00f3nusa, j\u00f3t\u00e9konys\u00e1gi int\u00e9zm\u00e9nyek vezet\u0151s\u00e9gi tagja, szeg\u00e9ny sors\u00fa betegek orvosa volt. Kutat\u00e1si ter\u00fclete: a gyomor- b\u00e9lcsatorna, epe\u00fatak, vese \u00e9s h\u00fagyutak betegs\u00e9geinek r\u00f6ntgendiagnosztik\u00e1ja, a r\u00e1kbetegs\u00e9g \u00e9s gyullad\u00e1sos folyamatok sug\u00e1rkezel\u00e9se. Szakcikkei jelentek meg az Erd\u00e9lyi Orvosi Lap, M. R\u00f6ntgenk\u00f6zl\u00f6ny, M. N\u0151gy\u00f3gy\u00e1szat, EME Orvostudom\u00e1nyi \u00c9rtes\u00edt\u0151, Ardealul medical, Orvosi Szemle c. foly\u00f3iratokban. \u2013 <strong>F. m.:<\/strong> A r\u00f6ntgensug\u00e1r (Mv., 1946); Orvosi r\u00f6ntgentan bevezet\u0151 el\u0151ad\u00e1sa. (Kv., 1946); Orvosi r\u00f6ntgentan.: egyetemi jegyzet 1. \u20134. r\u00e9sz (Mv., 1947\u201348); Az orvosi r\u00f6ntgentan elm\u00e9leti alapismeretei (Mv., 1948). <br \/><strong>Irod.:<\/strong> Dezs\u0151 Istv\u00e1n; EM; Genersich; H\u00e1zsong\u00e1rd; Id\u0151t\u00e1r 4.; IMF; Kelemen L.; KKACs; [Nekrol\u00f3g] (El\u0151re, Mv., 1952. jan. 8.; 1952. jan. 9.); Mv.-i Gy\u00f3gyszer\u00e9szeti Kar; Orvostudom\u00e1nyi \u00c9rtes\u00edt\u0151 (2002, 75); Barab\u00e1s-P\u00e9ter M.\u2013P\u00e9ter H. M.; P\u00e9ter 2006; P\u00e9terffy \u00c1. &#8211; P. P.; Revista \u015etiin\u0163elor Medicale- Medicina Intern\u0103 (1952. 1 sz.); RMIL; RMKK; Sz\u00f6ll\u0151si 2009; Todea\u2013F\u00fcl\u00f6p\u2013Avram; T\u00f3th-G\u00e1bor; Viharban<\/br><\/p>\n","protected":false},"excerpt":{"rendered":"<p>Kv., 1889. \u00e1pr. 13., \u2020 Mv., 1952. jan. 7. A kv.-i H\u00e1zsong\u00e1rdi temet\u0151ben nyugszik.: orvos, dr., radiol\u00f3gus egyetemi tan\u00e1r. \u2013 Feszt Antal \u00e9s Hantz Am\u00e1lia fia. Fiai: Tibor \u00e9s Gy\u00f6rgy orvos prof. -ok. \u2013 Kv.-on a Ref. Koll.-ban \u00e9retts\u00e9gizett (1907). Orvosi diplom\u00e1t Kv.-on szerzett a FJTE-en, summa cum laude min\u0151s\u00edt\u00e9ssel (1912), ut\u00e1na n\u00e9meto.-i tanulm\u00e1ny\u00faton volt. [&hellip;]<\/p>\n","protected":false},"featured_media":0,"comment_status":"open","ping_status":"closed","template":"","meta":[],"product_brand":[],"product_cat":[137],"product_tag":[],"class_list":{"0":"post-8008","1":"product","2":"type-product","3":"status-publish","5":"product_cat-maros-megyei-eletrajzi-lexikon","7":"first","8":"instock","9":"shipping-taxable","10":"product-type-simple"},"_links":{"self":[{"href":"https:\/\/uj.adatbank.ro\/lexikon\/wp-json\/wp\/v2\/product\/8008","targetHints":{"allow":["GET"]}}],"collection":[{"href":"https:\/\/uj.adatbank.ro\/lexikon\/wp-json\/wp\/v2\/product"}],"about":[{"href":"https:\/\/uj.adatbank.ro\/lexikon\/wp-json\/wp\/v2\/types\/product"}],"replies":[{"embeddable":true,"href":"https:\/\/uj.adatbank.ro\/lexikon\/wp-json\/wp\/v2\/comments?post=8008"}],"wp:attachment":[{"href":"https:\/\/uj.adatbank.ro\/lexikon\/wp-json\/wp\/v2\/media?parent=8008"}],"wp:term":[{"taxonomy":"product_brand","embeddable":true,"href":"https:\/\/uj.adatbank.ro\/lexikon\/wp-json\/wp\/v2\/product_brand?post=8008"},{"taxonomy":"product_cat","embeddable":true,"href":"https:\/\/uj.adatbank.ro\/lexikon\/wp-json\/wp\/v2\/product_cat?post=8008"},{"taxonomy":"product_tag","embeddable":true,"href":"https:\/\/uj.adatbank.ro\/lexikon\/wp-json\/wp\/v2\/product_tag?post=8008"}],"curies":[{"name":"wp","href":"https:\/\/api.w.org\/{rel}","templated":true}]}}

FESZT György, § / Feszt Gheorghe

<p>Kv., 1889. ápr. 13., † Mv., 1952. jan. 7. A kv.-i Házsongárdi temetőben nyugszik.: orvos, dr., radiológus egyetemi tanár. – Feszt Antal és Hantz Amália fia. Fiai: Tibor és György orvos prof. -ok. – Kv.-on a Ref. Koll.-ban érettségizett (1907). Orvosi diplomát Kv.-on szerzett a FJTE-en, summa cum laude minősítéssel (1912), utána németo.-i tanulmányúton volt. Kv.-on egyetemi tanársegéd a Törvényszéki Orvostani Intézetben (1913–19), az első vh. alatt frontszolgálatot teljesített, a kórházakban mint főorvos működött, több hadi kitüntetést kapott. Impérium változás után magángyakorlatot folytatott: belgyógyász és röntgenológus szakorvos (1919–41), a kv.-i Vöröskereszt, majd a Park-szanatóriumban osztályvezető főorvos (1923–41). Bekapcsolódott az EME Orvostudományi Szakosztályának munkájába, jegyző (1932. máj. –36.), titkár (1936. jan. -júl.). Intézeti tanár a FJTE Belgyógyászati klinikáján (1941–45), a Belgyógyászati Klinika röntgen intézetének vezetője, a röntkendiagnosztikai előadásokat tartotta, professzora a BTE-n (1945–48). Az orvosi kar Mv. -re helyezésekor átköltözött Mv. -re. Jelentős szerepet játszott a mv.-i orvosi egyetem megszervezésében, a MOGYI orvosi karának első dékánja (1945. jún. 15. – 1949. nov. 3.), majd a tanügyi reform következtében önállósult MOGYI rektora (1949. szept. 4. – 1951. okt. 31.), a Radiológiai Klinika vezetője (1945–52). A jótékonykodás patrónusa, jótékonysági intézmények vezetőségi tagja, szegény sorsú betegek orvosa volt. Kutatási területe: a gyomor- bélcsatorna, epeútak, vese és húgyutak betegségeinek röntgendiagnosztikája, a rákbetegség és gyulladásos folyamatok sugárkezelése. Szakcikkei jelentek meg az Erdélyi Orvosi Lap, M. Röntgenközlöny, M. Nőgyógyászat, EME Orvostudományi Értesítő, Ardealul medical, Orvosi Szemle c. folyóiratokban. – <strong>F. m.:</strong> A röntgensugár (Mv., 1946); Orvosi röntgentan bevezető előadása. (Kv., 1946); Orvosi röntgentan.: egyetemi jegyzet 1. –4. rész (Mv., 1947–48); Az orvosi röntgentan elméleti alapismeretei (Mv., 1948). <br /><strong>Irod.:</strong> Dezső István; EM; Genersich; Házsongárd; Időtár 4.; IMF; Kelemen L.; KKACs; [Nekrológ] (Előre, Mv., 1952. jan. 8.; 1952. jan. 9.); Mv.-i Gyógyszerészeti Kar; Orvostudományi Értesítő (2002, 75); Barabás-Péter M.–Péter H. M.; Péter 2006; Péterffy Á. &#8211; P. P.; Revista Ştiinţelor Medicale- Medicina Internă (1952. 1 sz.); RMIL; RMKK; Szöllősi 2009; Todea–Fülöp–Avram; Tóth-Gábor; Viharban</br></p>

<p>Kv., 1889. ápr. 13., † Mv., 1952. jan. 7. A kv.-i Házsongárdi temetőben nyugszik.: orvos, dr., radiológus egyetemi tanár. – Feszt Antal és Hantz Amália fia. Fiai: Tibor és György orvos prof. -ok. – Kv.-on a Ref. Koll.-ban érettségizett (1907). Orvosi diplomát Kv.-on szerzett a FJTE-en, summa cum laude minősítéssel (1912), utána németo.-i tanulmányúton volt. [&hellip;]</p>
