{"id":8012,"date":"2025-06-29T10:11:19","date_gmt":"2025-06-29T08:11:19","guid":{"rendered":"https:\/\/uj.adatbank.ro\/lexikon\/termek\/fey-laszlo-alneve-vasarhelyi-laszlo-berde-aron\/"},"modified":"2025-06-29T10:11:19","modified_gmt":"2025-06-29T08:11:19","slug":"fey-laszlo-alneve-vasarhelyi-laszlo-berde-aron","status":"publish","type":"product","link":"https:\/\/uj.adatbank.ro\/lexikon\/termek\/fey-laszlo-alneve-vasarhelyi-laszlo-berde-aron\/","title":{"rendered":"FEY L\u00e1szl\u00f3, \u00e1lneve: V\u00e1s\u00e1rhelyi L\u00e1szl\u00f3, Berde \u00c1ron"},"content":{"rendered":"<p>Mv., 1925. szept. 5., \u2020\u00a0Kv., 2014 j\u00fan 23.: tan\u00e1r, k\u00f6z\u00edr\u00f3. \u2013 \u00c9retts\u00e9gizett Mv.-en a Ref. Koll.-ban (1943), majd a kv. &#8211; i BTE-K\u00e9mia kar\u00e1n biok\u00e9mikusi oklevelet szerzett (1949). A M\u00f3ricz Zsigmond Koll. tagja volt. A BTE-en tan\u00e1rseg\u00e9d (1949\u201353), aspir\u00e1ns (1953\u201357), majd Kv.-on k\u00f6z\u00e9piskolai tan\u00e1r (1957\u201385). Kutat\u00e1si ter\u00fclete: biok\u00e9mia, pedag\u00f3gia. A H\u00e9t Berde M\u00f3zes d\u00edj\u00e1val t\u00fcntett\u00e9k ki (1975). Pedag\u00f3giai, m\u00f3dszertani cikkeit k\u00f6z\u00f6lte\u00a0a : Tan\u00fcgyi \u00dajs\u00e1g, A H\u00e9t, Ifj\u00famunk\u00e1s, Korunk, \u00c9let \u00e9s Iskola, Revsta de Fizic\u0103 \u015fi chimie, Korunk \u00c9vk\u00f6nyv. Tanulm\u00e1nnyal szerepel a Via\u0163a \u015ecolii (1973) \u00e9s a \u015ecoala \u015fi elevii (1974) c. gy\u0171jtem\u00e9nyes kiadv\u00e1nyokban. <br \/><strong>Irod.:<\/strong> KKACs; RMIL; RMKK; Tett (1982. 2. sz)<\/br><\/p>\n","protected":false},"excerpt":{"rendered":"<p>Mv., 1925. szept. 5., \u2020\u00a0Kv., 2014 j\u00fan 23.: tan\u00e1r, k\u00f6z\u00edr\u00f3. \u2013 \u00c9retts\u00e9gizett Mv.-en a Ref. Koll.-ban (1943), majd a kv. &#8211; i BTE-K\u00e9mia kar\u00e1n biok\u00e9mikusi oklevelet szerzett (1949). A M\u00f3ricz Zsigmond Koll. tagja volt. A BTE-en tan\u00e1rseg\u00e9d (1949\u201353), aspir\u00e1ns (1953\u201357), majd Kv.-on k\u00f6z\u00e9piskolai tan\u00e1r (1957\u201385). Kutat\u00e1si ter\u00fclete: biok\u00e9mia, pedag\u00f3gia. A H\u00e9t Berde M\u00f3zes d\u00edj\u00e1val t\u00fcntett\u00e9k [&hellip;]<\/p>\n","protected":false},"featured_media":0,"comment_status":"open","ping_status":"closed","template":"","meta":[],"product_brand":[],"product_cat":[137],"product_tag":[],"class_list":{"0":"post-8012","1":"product","2":"type-product","3":"status-publish","5":"product_cat-maros-megyei-eletrajzi-lexikon","7":"first","8":"instock","9":"shipping-taxable","10":"product-type-simple"},"_links":{"self":[{"href":"https:\/\/uj.adatbank.ro\/lexikon\/wp-json\/wp\/v2\/product\/8012","targetHints":{"allow":["GET"]}}],"collection":[{"href":"https:\/\/uj.adatbank.ro\/lexikon\/wp-json\/wp\/v2\/product"}],"about":[{"href":"https:\/\/uj.adatbank.ro\/lexikon\/wp-json\/wp\/v2\/types\/product"}],"replies":[{"embeddable":true,"href":"https:\/\/uj.adatbank.ro\/lexikon\/wp-json\/wp\/v2\/comments?post=8012"}],"wp:attachment":[{"href":"https:\/\/uj.adatbank.ro\/lexikon\/wp-json\/wp\/v2\/media?parent=8012"}],"wp:term":[{"taxonomy":"product_brand","embeddable":true,"href":"https:\/\/uj.adatbank.ro\/lexikon\/wp-json\/wp\/v2\/product_brand?post=8012"},{"taxonomy":"product_cat","embeddable":true,"href":"https:\/\/uj.adatbank.ro\/lexikon\/wp-json\/wp\/v2\/product_cat?post=8012"},{"taxonomy":"product_tag","embeddable":true,"href":"https:\/\/uj.adatbank.ro\/lexikon\/wp-json\/wp\/v2\/product_tag?post=8012"}],"curies":[{"name":"wp","href":"https:\/\/api.w.org\/{rel}","templated":true}]}}

FEY László, álneve: Vásárhelyi László, Berde Áron

<p>Mv., 1925. szept. 5., † Kv., 2014 jún 23.: tanár, közíró. – Érettségizett Mv.-en a Ref. Koll.-ban (1943), majd a kv. &#8211; i BTE-Kémia karán biokémikusi oklevelet szerzett (1949). A Móricz Zsigmond Koll. tagja volt. A BTE-en tanársegéd (1949–53), aspiráns (1953–57), majd Kv.-on középiskolai tanár (1957–85). Kutatási területe: biokémia, pedagógia. A Hét Berde Mózes díjával tüntették ki (1975). Pedagógiai, módszertani cikkeit közölte a : Tanügyi Újság, A Hét, Ifjúmunkás, Korunk, Élet és Iskola, Revsta de Fizică şi chimie, Korunk Évkönyv. Tanulmánnyal szerepel a Viaţa Şcolii (1973) és a Şcoala şi elevii (1974) c. gyűjteményes kiadványokban. <br /><strong>Irod.:</strong> KKACs; RMIL; RMKK; Tett (1982. 2. sz)</br></p>

<p>Mv., 1925. szept. 5., † Kv., 2014 jún 23.: tanár, közíró. – Érettségizett Mv.-en a Ref. Koll.-ban (1943), majd a kv. &#8211; i BTE-Kémia karán biokémikusi oklevelet szerzett (1949). A Móricz Zsigmond Koll. tagja volt. A BTE-en tanársegéd (1949–53), aspiráns (1953–57), majd Kv.-on középiskolai tanár (1957–85). Kutatási területe: biokémia, pedagógia. A Hét Berde Mózes díjával tüntették [&hellip;]</p>
