{"id":8019,"date":"2025-06-29T10:11:39","date_gmt":"2025-06-29T08:11:39","guid":{"rendered":"https:\/\/uj.adatbank.ro\/lexikon\/termek\/fik-janos\/"},"modified":"2025-06-29T10:11:39","modified_gmt":"2025-06-29T08:11:39","slug":"fik-janos","status":"publish","type":"product","link":"https:\/\/uj.adatbank.ro\/lexikon\/termek\/fik-janos\/","title":{"rendered":"FIK J\u00e1nos"},"content":{"rendered":"<p>? \u2020\u00a0? : pall\u00e9r-mester. \u2013 A somosdi templom \u00e9p\u00edt\u00e9s\u00e9t fejezte be h\u00e1rom t\u00e1rs\u00e1val (1805). <br \/><strong>Irod.:<\/strong> Somosd<\/br><\/p>\n","protected":false},"excerpt":{"rendered":"<p>? \u2020\u00a0? : pall\u00e9r-mester. \u2013 A somosdi templom \u00e9p\u00edt\u00e9s\u00e9t fejezte be h\u00e1rom t\u00e1rs\u00e1val (1805). Irod.: Somosd<\/p>\n","protected":false},"featured_media":0,"comment_status":"open","ping_status":"closed","template":"","meta":[],"product_brand":[],"product_cat":[137],"product_tag":[],"class_list":{"0":"post-8019","1":"product","2":"type-product","3":"status-publish","5":"product_cat-maros-megyei-eletrajzi-lexikon","7":"first","8":"instock","9":"shipping-taxable","10":"product-type-simple"},"_links":{"self":[{"href":"https:\/\/uj.adatbank.ro\/lexikon\/wp-json\/wp\/v2\/product\/8019","targetHints":{"allow":["GET"]}}],"collection":[{"href":"https:\/\/uj.adatbank.ro\/lexikon\/wp-json\/wp\/v2\/product"}],"about":[{"href":"https:\/\/uj.adatbank.ro\/lexikon\/wp-json\/wp\/v2\/types\/product"}],"replies":[{"embeddable":true,"href":"https:\/\/uj.adatbank.ro\/lexikon\/wp-json\/wp\/v2\/comments?post=8019"}],"wp:attachment":[{"href":"https:\/\/uj.adatbank.ro\/lexikon\/wp-json\/wp\/v2\/media?parent=8019"}],"wp:term":[{"taxonomy":"product_brand","embeddable":true,"href":"https:\/\/uj.adatbank.ro\/lexikon\/wp-json\/wp\/v2\/product_brand?post=8019"},{"taxonomy":"product_cat","embeddable":true,"href":"https:\/\/uj.adatbank.ro\/lexikon\/wp-json\/wp\/v2\/product_cat?post=8019"},{"taxonomy":"product_tag","embeddable":true,"href":"https:\/\/uj.adatbank.ro\/lexikon\/wp-json\/wp\/v2\/product_tag?post=8019"}],"curies":[{"name":"wp","href":"https:\/\/api.w.org\/{rel}","templated":true}]}}