{"id":8023,"date":"2025-06-29T10:11:48","date_gmt":"2025-06-29T08:11:48","guid":{"rendered":"https:\/\/uj.adatbank.ro\/lexikon\/termek\/fikker-janos\/"},"modified":"2025-06-29T10:11:48","modified_gmt":"2025-06-29T08:11:48","slug":"fikker-janos","status":"publish","type":"product","link":"https:\/\/uj.adatbank.ro\/lexikon\/termek\/fikker-janos\/","title":{"rendered":"FIKKER J\u00e1nos"},"content":{"rendered":"<p>Mez\u0151szengyel, 1907. okt. 16., \u2020\u00a0?\u00a0: teol\u00f3giai mag\u00e1ntan\u00e1r, unit. lelk\u00e9sz, tan\u00e1r. \u2013 A fia: F. S\u00e1ndor, ref. lelk\u00e9sz Nagy\u00f6lyvesen. -Tanulm\u00e1nyait Kv.-on az Unit. Gimn.-ban \u00e9s az Unit Teol\u00f3gi\u00e1n folytatta. Lelk\u00e9sz lett (1929); az Oxfordi Manchester Coll. N\u0151vend\u00e9ke. Lelk\u00e9sz Kv.-on (1931\u201332), K\u00f6venden, majd Kv.-on vall\u00e1stan\u00e1r, teologiai tan\u00e1r; b\u00f6lcs\u00e9szeti oklevelet szerzett (1938). \u2013 <strong>F. m.:<\/strong> Bevezet\u00e9s a vall\u00e1s l\u00e9nyeg\u00e9hez (Tora, 1934); Az Istenr\u0151l val\u00f3 felfog\u00e1s korunk tudom\u00e1nyos gondolkoz\u00e1s\u00e1ban (Kv., 1936); A vall\u00e1s gy\u00f6kerei (Kv., 1938). <br \/><strong>Irod.:<\/strong> Guly\u00e1s<\/br><\/p>\n","protected":false},"excerpt":{"rendered":"<p>Mez\u0151szengyel, 1907. okt. 16., \u2020\u00a0?\u00a0: teol\u00f3giai mag\u00e1ntan\u00e1r, unit. lelk\u00e9sz, tan\u00e1r. \u2013 A fia: F. S\u00e1ndor, ref. lelk\u00e9sz Nagy\u00f6lyvesen. -Tanulm\u00e1nyait Kv.-on az Unit. Gimn.-ban \u00e9s az Unit Teol\u00f3gi\u00e1n folytatta. Lelk\u00e9sz lett (1929); az Oxfordi Manchester Coll. N\u0151vend\u00e9ke. Lelk\u00e9sz Kv.-on (1931\u201332), K\u00f6venden, majd Kv.-on vall\u00e1stan\u00e1r, teologiai tan\u00e1r; b\u00f6lcs\u00e9szeti oklevelet szerzett (1938). \u2013 F. m.: Bevezet\u00e9s a vall\u00e1s [&hellip;]<\/p>\n","protected":false},"featured_media":0,"comment_status":"open","ping_status":"closed","template":"","meta":[],"product_brand":[],"product_cat":[137],"product_tag":[],"class_list":{"0":"post-8023","1":"product","2":"type-product","3":"status-publish","5":"product_cat-maros-megyei-eletrajzi-lexikon","7":"first","8":"instock","9":"shipping-taxable","10":"product-type-simple"},"_links":{"self":[{"href":"https:\/\/uj.adatbank.ro\/lexikon\/wp-json\/wp\/v2\/product\/8023","targetHints":{"allow":["GET"]}}],"collection":[{"href":"https:\/\/uj.adatbank.ro\/lexikon\/wp-json\/wp\/v2\/product"}],"about":[{"href":"https:\/\/uj.adatbank.ro\/lexikon\/wp-json\/wp\/v2\/types\/product"}],"replies":[{"embeddable":true,"href":"https:\/\/uj.adatbank.ro\/lexikon\/wp-json\/wp\/v2\/comments?post=8023"}],"wp:attachment":[{"href":"https:\/\/uj.adatbank.ro\/lexikon\/wp-json\/wp\/v2\/media?parent=8023"}],"wp:term":[{"taxonomy":"product_brand","embeddable":true,"href":"https:\/\/uj.adatbank.ro\/lexikon\/wp-json\/wp\/v2\/product_brand?post=8023"},{"taxonomy":"product_cat","embeddable":true,"href":"https:\/\/uj.adatbank.ro\/lexikon\/wp-json\/wp\/v2\/product_cat?post=8023"},{"taxonomy":"product_tag","embeddable":true,"href":"https:\/\/uj.adatbank.ro\/lexikon\/wp-json\/wp\/v2\/product_tag?post=8023"}],"curies":[{"name":"wp","href":"https:\/\/api.w.org\/{rel}","templated":true}]}}

FIKKER János

<p>Mezőszengyel, 1907. okt. 16., † ? : teológiai magántanár, unit. lelkész, tanár. – A fia: F. Sándor, ref. lelkész Nagyölyvesen. -Tanulmányait Kv.-on az Unit. Gimn.-ban és az Unit Teológián folytatta. Lelkész lett (1929); az Oxfordi Manchester Coll. Nővendéke. Lelkész Kv.-on (1931–32), Kövenden, majd Kv.-on vallástanár, teologiai tanár; bölcsészeti oklevelet szerzett (1938). – <strong>F. m.:</strong> Bevezetés a vallás lényegéhez (Tora, 1934); Az Istenről való felfogás korunk tudományos gondolkozásában (Kv., 1936); A vallás gyökerei (Kv., 1938). <br /><strong>Irod.:</strong> Gulyás</br></p>

<p>Mezőszengyel, 1907. okt. 16., † ? : teológiai magántanár, unit. lelkész, tanár. – A fia: F. Sándor, ref. lelkész Nagyölyvesen. -Tanulmányait Kv.-on az Unit. Gimn.-ban és az Unit Teológián folytatta. Lelkész lett (1929); az Oxfordi Manchester Coll. Nővendéke. Lelkész Kv.-on (1931–32), Kövenden, majd Kv.-on vallástanár, teologiai tanár; bölcsészeti oklevelet szerzett (1938). – F. m.: Bevezetés a vallás [&hellip;]</p>
