{"id":8025,"date":"2025-06-29T10:11:52","date_gmt":"2025-06-29T08:11:52","guid":{"rendered":"https:\/\/uj.adatbank.ro\/lexikon\/termek\/filep-albert-%c2%a7-vadadi-vadadi-filep-albert\/"},"modified":"2025-06-29T10:11:52","modified_gmt":"2025-06-29T08:11:52","slug":"filep-albert-%c2%a7-vadadi-vadadi-filep-albert","status":"publish","type":"product","link":"https:\/\/uj.adatbank.ro\/lexikon\/termek\/filep-albert-%c2%a7-vadadi-vadadi-filep-albert\/","title":{"rendered":"FILEP Albert, \u00a7 vadadi, Vadadi Filep Albert"},"content":{"rendered":"<p>Vaja, 1827. m\u00e1j., \u2020\u00a0Marosszentkir\u00e1ly, 1907. m\u00e1j. 16. S\u00edrja a mv.-i ref. temet\u0151ben: kir. tanfel\u00fcgyel\u0151, tan\u00e1csos. \u2013 Feles\u00e9ge: Fels\u0151k\u00e1polnai Kakutsi Karolina (1837\u20131890). \u2013 K\u00f6z\u00e9piskol\u00e1it \u00e9s a jogot Mv.-en v\u00e9gezte, B\u00e9csben a m\u0171egyetemen tanult (1846\u2013). A szabads\u00e1gharc idej\u00e9n be\u00e1llott a 87. z\u00e1szl\u00f3aljba melynek sz\u00e1zadosa, 14 csat\u00e1ban vett r\u00e9szt. A feketehalmi csat\u00e1ban tan\u00fas\u00edtott h\u0151siess\u00e9g\u00e9\u00e9rt Bem t\u00e1bornok kit\u00fcntette. D\u00e9v\u00e1n\u00e1l mint sz\u00e1zados tette le a fegyvert. A forradalom lever\u00e9se ut\u00e1n gyan\u00faba fogt\u00e1k, a T\u00f6r\u00f6k-Horv\u00e1th-G\u00e1lfi f\u00e9le \u00f6sszeesk\u00fcv\u00e9s miatt 21 h\u00f3napi fogs\u00e1got kapott Nagyszebenben, Gyulafeh\u00e9rv\u00e1ron raboskodott (1854\u201356), majd 3 \u00e9vre besorozt\u00e1k a cs. hadseregbe k\u00f6zleg\u00e9nynek. MT vm. alkir\u00e1lyb\u00edr\u00e1j\u00e1v\u00e1 v\u00e1lasztott\u00e1k (1861\u2013), de csakhamar lemondott \u00e9s marosszentkir\u00e1lyi birtok\u00e1n gazd\u00e1lkodott. A kiegyez\u00e9s ut\u00e1n \u00fajb\u00f3l alkir\u00e1lyb\u00edr\u00f3 lett (1867\u201369), majd az \u00farb\u00e9ri t\u00f6rv\u00e9nysz\u00e9k eln\u00f6ke (1869\u2013). Innen nevezt\u00e9k ki Marossz\u00e9k, Aranyossz\u00e9k, Toradav\u00e1rmegye kir. tanfel\u00fcgyel\u0151j\u00e9nek nyugd\u00edjaz\u00e1s\u00e1ig (1869. j\u00fal. 26. &#8211; 83). Kir. tan\u00e1csos c\u00edmet kapott. Szorgalmazta a szakmai oktat\u00e1s bevezet\u00e9s\u00e9t a n\u00e9piskol\u00e1kban, javul\u00e1st hozott a tan\u00fcgyben: elkezdt\u00e9k az iskolai anyak\u00f6nyvek, felv\u00e9teli, mulaszt\u00e1si, nyilv\u00e1ntart\u00e1si napl\u00f3k vezet\u00e9s\u00e9t, az iskolasz\u00e9k tagjainak kinevez\u00e9s\u00e9t. Kezdem\u00e9nyez\u00e9s\u00e9re megalakult a MT megyei \u00c1ltal\u00e1nos Tan\u00edt\u00f3test\u00fclet (1878. febr. 28). A mv.-i orsz\u00e1gos k\u00f3rh\u00e1zi bizotts\u00e1g tagja (1881). A Mv.-i Kaszin\u00f3 v\u00e1lasztm\u00e1nyi tagja (1883\u2013). A keskenyv\u00e1g\u00e1ny\u00fa vas\u00fatvonal \u00e9p\u00edt\u00e9s\u00e9nek egyik kezdem\u00e9nyez\u0151je (1895). Eln\u00f6ke a MT megyei F\u00fcggetlens\u00e9gi P\u00e1rtnak, a gernyeszegi ker\u00fclet ogy.-i k\u00e9pvisel\u0151je f\u00fcggetlens\u00e9gi programmal (1906). A MT Vm.-i Gazdas\u00e1gi Egylet alap\u00edt\u00f3 tagja, az alapszab\u00e1lyok kidolgoz\u00e1s\u00e1ban tev\u00e9kenykedett, majd a f\u00f6ldm\u0171vel\u00e9si \u00e9s \u00e1llatteny\u00e9szt\u00e9si szakoszt\u00e1ly aleln\u00f6ke. Inditv\u00e1nyoz\u00f3ja volt a mv.-i cukorgy\u00e1r l\u00e9tes\u00edt\u00e9s\u00e9nek, az \u0151 \u00e9rdeme annak a termel\u0151k r\u00e9szv\u00e9nyein t\u00f6rt\u00e9n\u0151 l\u00e9trehoz\u00e1sa. H\u00edrlapi cikkeket \u00edrt. \u2013 <strong>F. m.:<\/strong> <strong>t\u00e1rssz.:<\/strong> Dersi J\u00e1nos eml\u00e9ke (Kv., 1893). <br \/><strong>Irod.:<\/strong> Bi\u00e1s Istv\u00e1n; D\u00f3sa S\u00e1ndor; Eml\u00e9kk\u00f6nyv; Erd\u00e9lyi unit. 1848\u201349; Filep; Gid\u00f3 Csaba: Egy megsz\u0171nt vas\u00fatvonal-h\u00e1l\u00f3zat eml\u00e9k\u00e9re = P\u00e1l-Antal \u2013 Simon; Guly\u00e1s; Kelemen; Kn\u00f6pfler Vilmos: A mv.-i orsz\u00e1gos k\u00f3rh\u00e1z alap\u00edt\u00e1s\u00e1nak \u00e9s fejl\u0151d\u00e9s\u00e9nek r\u00f6vid v\u00e1zlata (Mv, 1882); Pall\u00f3s Albert: Marostorda v\u00e1rmegye \u00e9s Mv. n\u00e9poktat\u00e1si int\u00e9zeteinek t\u00f6rt\u00e9nete (Mv., 1896); Politikai Mo; Szab\u00f3\u2013Sz\u00f6gi<\/br><\/p>\n","protected":false},"excerpt":{"rendered":"<p>Vaja, 1827. m\u00e1j., \u2020\u00a0Marosszentkir\u00e1ly, 1907. m\u00e1j. 16. S\u00edrja a mv.-i ref. temet\u0151ben: kir. tanfel\u00fcgyel\u0151, tan\u00e1csos. \u2013 Feles\u00e9ge: Fels\u0151k\u00e1polnai Kakutsi Karolina (1837\u20131890). \u2013 K\u00f6z\u00e9piskol\u00e1it \u00e9s a jogot Mv.-en v\u00e9gezte, B\u00e9csben a m\u0171egyetemen tanult (1846\u2013). A szabads\u00e1gharc idej\u00e9n be\u00e1llott a 87. z\u00e1szl\u00f3aljba melynek sz\u00e1zadosa, 14 csat\u00e1ban vett r\u00e9szt. A feketehalmi csat\u00e1ban tan\u00fas\u00edtott h\u0151siess\u00e9g\u00e9\u00e9rt Bem t\u00e1bornok kit\u00fcntette. D\u00e9v\u00e1n\u00e1l [&hellip;]<\/p>\n","protected":false},"featured_media":0,"comment_status":"open","ping_status":"closed","template":"","meta":[],"product_brand":[],"product_cat":[137],"product_tag":[],"class_list":{"0":"post-8025","1":"product","2":"type-product","3":"status-publish","5":"product_cat-maros-megyei-eletrajzi-lexikon","7":"first","8":"instock","9":"shipping-taxable","10":"product-type-simple"},"_links":{"self":[{"href":"https:\/\/uj.adatbank.ro\/lexikon\/wp-json\/wp\/v2\/product\/8025","targetHints":{"allow":["GET"]}}],"collection":[{"href":"https:\/\/uj.adatbank.ro\/lexikon\/wp-json\/wp\/v2\/product"}],"about":[{"href":"https:\/\/uj.adatbank.ro\/lexikon\/wp-json\/wp\/v2\/types\/product"}],"replies":[{"embeddable":true,"href":"https:\/\/uj.adatbank.ro\/lexikon\/wp-json\/wp\/v2\/comments?post=8025"}],"wp:attachment":[{"href":"https:\/\/uj.adatbank.ro\/lexikon\/wp-json\/wp\/v2\/media?parent=8025"}],"wp:term":[{"taxonomy":"product_brand","embeddable":true,"href":"https:\/\/uj.adatbank.ro\/lexikon\/wp-json\/wp\/v2\/product_brand?post=8025"},{"taxonomy":"product_cat","embeddable":true,"href":"https:\/\/uj.adatbank.ro\/lexikon\/wp-json\/wp\/v2\/product_cat?post=8025"},{"taxonomy":"product_tag","embeddable":true,"href":"https:\/\/uj.adatbank.ro\/lexikon\/wp-json\/wp\/v2\/product_tag?post=8025"}],"curies":[{"name":"wp","href":"https:\/\/api.w.org\/{rel}","templated":true}]}}

<p>Vaja, 1827. máj., † Marosszentkirály, 1907. máj. 16. Sírja a mv.-i ref. temetőben: kir. tanfelügyelő, tanácsos. – Felesége: Felsőkápolnai Kakutsi Karolina (1837–1890). – Középiskoláit és a jogot Mv.-en végezte, Bécsben a műegyetemen tanult (1846–). A szabadságharc idején beállott a 87. zászlóaljba melynek századosa, 14 csatában vett részt. A feketehalmi csatában tanúsított hősiességéért Bem tábornok kitüntette. Dévánál mint százados tette le a fegyvert. A forradalom leverése után gyanúba fogták, a Török-Horváth-Gálfi féle összeesküvés miatt 21 hónapi fogságot kapott Nagyszebenben, Gyulafehérváron raboskodott (1854–56), majd 3 évre besorozták a cs. hadseregbe közlegénynek. MT vm. alkirálybírájává választották (1861–), de csakhamar lemondott és marosszentkirályi birtokán gazdálkodott. A kiegyezés után újból alkirálybíró lett (1867–69), majd az úrbéri törvényszék elnöke (1869–). Innen nevezték ki Marosszék, Aranyosszék, Toradavármegye kir. tanfelügyelőjének nyugdíjazásáig (1869. júl. 26. &#8211; 83). Kir. tanácsos címet kapott. Szorgalmazta a szakmai oktatás bevezetését a népiskolákban, javulást hozott a tanügyben: elkezdték az iskolai anyakönyvek, felvételi, mulasztási, nyilvántartási naplók vezetését, az iskolaszék tagjainak kinevezését. Kezdeményezésére megalakult a MT megyei Általános Tanítótestület (1878. febr. 28). A mv.-i országos kórházi bizottság tagja (1881). A Mv.-i Kaszinó választmányi tagja (1883–). A keskenyvágányú vasútvonal építésének egyik kezdeményezője (1895). Elnöke a MT megyei Függetlenségi Pártnak, a gernyeszegi kerület ogy.-i képviselője függetlenségi programmal (1906). A MT Vm.-i Gazdasági Egylet alapító tagja, az alapszabályok kidolgozásában tevékenykedett, majd a földművelési és állattenyésztési szakosztály alelnöke. Inditványozója volt a mv.-i cukorgyár létesítésének, az ő érdeme annak a termelők részvényein történő létrehozása. Hírlapi cikkeket írt. – <strong>F. m.:</strong> <strong>társsz.:</strong> Dersi János emléke (Kv., 1893). <br /><strong>Irod.:</strong> Biás István; Dósa Sándor; Emlékkönyv; Erdélyi unit. 1848–49; Filep; Gidó Csaba: Egy megszűnt vasútvonal-hálózat emlékére = Pál-Antal – Simon; Gulyás; Kelemen; Knöpfler Vilmos: A mv.-i országos kórház alapításának és fejlődésének rövid vázlata (Mv, 1882); Pallós Albert: Marostorda vármegye és Mv. népoktatási intézeteinek története (Mv., 1896); Politikai Mo; Szabó–Szögi</br></p>

<p>Vaja, 1827. máj., † Marosszentkirály, 1907. máj. 16. Sírja a mv.-i ref. temetőben: kir. tanfelügyelő, tanácsos. – Felesége: Felsőkápolnai Kakutsi Karolina (1837–1890). – Középiskoláit és a jogot Mv.-en végezte, Bécsben a műegyetemen tanult (1846–). A szabadságharc idején beállott a 87. zászlóaljba melynek századosa, 14 csatában vett részt. A feketehalmi csatában tanúsított hősiességéért Bem tábornok kitüntette. Dévánál [&hellip;]</p>
