{"id":8032,"date":"2025-06-29T10:12:07","date_gmt":"2025-06-29T08:12:07","guid":{"rendered":"https:\/\/uj.adatbank.ro\/lexikon\/termek\/filep-etelka-filep-sandorne-biro-etelka-filep-demeter-etelka\/"},"modified":"2025-06-29T10:12:07","modified_gmt":"2025-06-29T08:12:07","slug":"filep-etelka-filep-sandorne-biro-etelka-filep-demeter-etelka","status":"publish","type":"product","link":"https:\/\/uj.adatbank.ro\/lexikon\/termek\/filep-etelka-filep-sandorne-biro-etelka-filep-demeter-etelka\/","title":{"rendered":"FILEP Etelka, Filep S\u00e1ndorn\u00e9, B\u00edr\u00f3 Etelka, Filep (Demeter) Etelka"},"content":{"rendered":"<p>1929., \u2020 Mv., 1988. j\u00fal. 25.: tan\u00e1r. \u2013 Tan\u00edt\u00f3k\u00e9pz\u0151t v\u00e9gzett, majd a kv.-i Bolyai Egyetem mellett m\u0171k\u0151d\u0151 ped. int\u00e9zet matematika szak\u00e1n szerzett k\u00f6z\u00e9pfok\u00fa tan\u00e1ri okl. -t. Szentgeric\u00e9n tan\u00edtott (1952\u201354), ahonnan a mv.-i Bolyai Farkas (akkori nev\u00e9n I. Ranghe\u0163) l\u00edc. -ba tan\u00edtott sz\u00e1mtant nyugd\u00edjaz\u00e1s\u00e1ig (1954\u201384). Ir\u00e1ny\u00edt\u00e1s\u00e1val tanul\u00f3i \u00f6sszegy\u0171jt\u00f6tt\u00e9k Bolyai Farkas \u00e9s J\u00e1nosra vonatkoz\u00f3 minden \u00fajs\u00e1gcikket, tanulm\u00e1nyt, szemelv\u00e9nyt \u00e9s bevezett\u00e9k a Bolyai f\u00fczet-be. \u00cdgy szoktatta kutat\u00f3munk\u00e1ra a tanul\u00f3kat. Az \u00e1ltala vezetett matematika k\u00f6r egyik \u00e1lland\u00f3 c\u00e9lkit\u0171z\u00e9se a Bolyaiak eml\u00e9k\u00e9nek \u00e1pol\u00e1sa volt, ez\u00e9rt is szervezett kir\u00e1ndul\u00e1sokat Boly\u00e1ra, Dom\u00e1ldra \u00e9s Kv.-ra. K\u00f6ri tev\u00e9kenys\u00e9g\u00e9t el\u0151ad\u00e1sok, ny\u00edlt \u00f3r\u00e1k, cikkek, ki\u00e1ll\u00edt\u00e1sok form\u00e1j\u00e1ban ismertette a v\u00e1ros matematika tan\u00e1raival. Az iskola pion\u00edr egys\u00e9g parancsnoka volt (1956\u201372), amely munk\u00e1ss\u00e1g\u00e1\u00e9rt t\u00f6bbsz\u00f6r t\u00fcntett\u00e9k ki okl. -kel (1960, 1961, 1969). <br \/><strong>Irod.:<\/strong> Madaras; [Nekrol\u00f3g] (V. Z., 1988. j\u00fal. 26.)<\/br><\/p>\n","protected":false},"excerpt":{"rendered":"<p>1929., \u2020 Mv., 1988. j\u00fal. 25.: tan\u00e1r. \u2013 Tan\u00edt\u00f3k\u00e9pz\u0151t v\u00e9gzett, majd a kv.-i Bolyai Egyetem mellett m\u0171k\u0151d\u0151 ped. int\u00e9zet matematika szak\u00e1n szerzett k\u00f6z\u00e9pfok\u00fa tan\u00e1ri okl. -t. Szentgeric\u00e9n tan\u00edtott (1952\u201354), ahonnan a mv.-i Bolyai Farkas (akkori nev\u00e9n I. Ranghe\u0163) l\u00edc. -ba tan\u00edtott sz\u00e1mtant nyugd\u00edjaz\u00e1s\u00e1ig (1954\u201384). Ir\u00e1ny\u00edt\u00e1s\u00e1val tanul\u00f3i \u00f6sszegy\u0171jt\u00f6tt\u00e9k Bolyai Farkas \u00e9s J\u00e1nosra vonatkoz\u00f3 minden \u00fajs\u00e1gcikket, tanulm\u00e1nyt, [&hellip;]<\/p>\n","protected":false},"featured_media":0,"comment_status":"open","ping_status":"closed","template":"","meta":[],"product_brand":[],"product_cat":[137],"product_tag":[],"class_list":{"0":"post-8032","1":"product","2":"type-product","3":"status-publish","5":"product_cat-maros-megyei-eletrajzi-lexikon","7":"first","8":"instock","9":"shipping-taxable","10":"product-type-simple"},"_links":{"self":[{"href":"https:\/\/uj.adatbank.ro\/lexikon\/wp-json\/wp\/v2\/product\/8032","targetHints":{"allow":["GET"]}}],"collection":[{"href":"https:\/\/uj.adatbank.ro\/lexikon\/wp-json\/wp\/v2\/product"}],"about":[{"href":"https:\/\/uj.adatbank.ro\/lexikon\/wp-json\/wp\/v2\/types\/product"}],"replies":[{"embeddable":true,"href":"https:\/\/uj.adatbank.ro\/lexikon\/wp-json\/wp\/v2\/comments?post=8032"}],"wp:attachment":[{"href":"https:\/\/uj.adatbank.ro\/lexikon\/wp-json\/wp\/v2\/media?parent=8032"}],"wp:term":[{"taxonomy":"product_brand","embeddable":true,"href":"https:\/\/uj.adatbank.ro\/lexikon\/wp-json\/wp\/v2\/product_brand?post=8032"},{"taxonomy":"product_cat","embeddable":true,"href":"https:\/\/uj.adatbank.ro\/lexikon\/wp-json\/wp\/v2\/product_cat?post=8032"},{"taxonomy":"product_tag","embeddable":true,"href":"https:\/\/uj.adatbank.ro\/lexikon\/wp-json\/wp\/v2\/product_tag?post=8032"}],"curies":[{"name":"wp","href":"https:\/\/api.w.org\/{rel}","templated":true}]}}

FILEP Etelka, Filep Sándorné, Bíró Etelka, Filep (Demeter) Etelka

<p>1929., † Mv., 1988. júl. 25.: tanár. – Tanítóképzőt végzett, majd a kv.-i Bolyai Egyetem mellett műkődő ped. intézet matematika szakán szerzett középfokú tanári okl. -t. Szentgericén tanított (1952–54), ahonnan a mv.-i Bolyai Farkas (akkori nevén I. Rangheţ) líc. -ba tanított számtant nyugdíjazásáig (1954–84). Irányításával tanulói összegyűjtötték Bolyai Farkas és Jánosra vonatkozó minden újságcikket, tanulmányt, szemelvényt és bevezették a Bolyai füzet-be. Így szoktatta kutatómunkára a tanulókat. Az általa vezetett matematika kör egyik állandó célkitűzése a Bolyaiak emlékének ápolása volt, ezért is szervezett kirándulásokat Bolyára, Domáldra és Kv.-ra. Köri tevékenységét előadások, nyílt órák, cikkek, kiállítások formájában ismertette a város matematika tanáraival. Az iskola pionír egység parancsnoka volt (1956–72), amely munkásságáért többször tüntették ki okl. -kel (1960, 1961, 1969). <br /><strong>Irod.:</strong> Madaras; [Nekrológ] (V. Z., 1988. júl. 26.)</br></p>

<p>1929., † Mv., 1988. júl. 25.: tanár. – Tanítóképzőt végzett, majd a kv.-i Bolyai Egyetem mellett műkődő ped. intézet matematika szakán szerzett középfokú tanári okl. -t. Szentgericén tanított (1952–54), ahonnan a mv.-i Bolyai Farkas (akkori nevén I. Rangheţ) líc. -ba tanított számtant nyugdíjazásáig (1954–84). Irányításával tanulói összegyűjtötték Bolyai Farkas és Jánosra vonatkozó minden újságcikket, tanulmányt, [&hellip;]</p>
