{"id":8046,"date":"2025-06-29T10:12:39","date_gmt":"2025-06-29T08:12:39","guid":{"rendered":"https:\/\/uj.adatbank.ro\/lexikon\/termek\/filep-julia\/"},"modified":"2025-06-29T10:12:39","modified_gmt":"2025-06-29T08:12:39","slug":"filep-julia","status":"publish","type":"product","link":"https:\/\/uj.adatbank.ro\/lexikon\/termek\/filep-julia\/","title":{"rendered":"FILEP J\u00falia"},"content":{"rendered":"<p>1763., \u2020\u00a01779. Mv.-i ref. temet\u0151 s\u00edrk\u0151m\u00fazeum\u00e1ban. <br \/><strong>Irod.:<\/strong> Mv.-i ref. temet\u0151<\/br><\/p>\n","protected":false},"excerpt":{"rendered":"<p>1763., \u2020\u00a01779. Mv.-i ref. temet\u0151 s\u00edrk\u0151m\u00fazeum\u00e1ban. Irod.: Mv.-i ref. temet\u0151<\/p>\n","protected":false},"featured_media":0,"comment_status":"open","ping_status":"closed","template":"","meta":[],"product_brand":[],"product_cat":[137],"product_tag":[],"class_list":{"0":"post-8046","1":"product","2":"type-product","3":"status-publish","5":"product_cat-maros-megyei-eletrajzi-lexikon","7":"first","8":"instock","9":"shipping-taxable","10":"product-type-simple"},"_links":{"self":[{"href":"https:\/\/uj.adatbank.ro\/lexikon\/wp-json\/wp\/v2\/product\/8046","targetHints":{"allow":["GET"]}}],"collection":[{"href":"https:\/\/uj.adatbank.ro\/lexikon\/wp-json\/wp\/v2\/product"}],"about":[{"href":"https:\/\/uj.adatbank.ro\/lexikon\/wp-json\/wp\/v2\/types\/product"}],"replies":[{"embeddable":true,"href":"https:\/\/uj.adatbank.ro\/lexikon\/wp-json\/wp\/v2\/comments?post=8046"}],"wp:attachment":[{"href":"https:\/\/uj.adatbank.ro\/lexikon\/wp-json\/wp\/v2\/media?parent=8046"}],"wp:term":[{"taxonomy":"product_brand","embeddable":true,"href":"https:\/\/uj.adatbank.ro\/lexikon\/wp-json\/wp\/v2\/product_brand?post=8046"},{"taxonomy":"product_cat","embeddable":true,"href":"https:\/\/uj.adatbank.ro\/lexikon\/wp-json\/wp\/v2\/product_cat?post=8046"},{"taxonomy":"product_tag","embeddable":true,"href":"https:\/\/uj.adatbank.ro\/lexikon\/wp-json\/wp\/v2\/product_tag?post=8046"}],"curies":[{"name":"wp","href":"https:\/\/api.w.org\/{rel}","templated":true}]}}