{"id":8049,"date":"2025-06-29T10:12:45","date_gmt":"2025-06-29T08:12:45","guid":{"rendered":"https:\/\/uj.adatbank.ro\/lexikon\/termek\/filep-laszlo-vadadi\/"},"modified":"2025-06-29T10:12:45","modified_gmt":"2025-06-29T08:12:45","slug":"filep-laszlo-vadadi","status":"publish","type":"product","link":"https:\/\/uj.adatbank.ro\/lexikon\/termek\/filep-laszlo-vadadi\/","title":{"rendered":"FILEP L\u00e1szl\u00f3, vadadi"},"content":{"rendered":"<p>Ikland, 1886., \u2020\u00a0S\u00e1rd, 1928. febr. 12.: szolgab\u00edr\u00f3, f\u00f6ldbirtokos, a ref. egyh\u00e1z f\u0151gondnoka, egyh\u00e1zmegyei k\u00e9pvisel\u0151. \u2013 Sz\u00e9kely l\u00f3f\u0151nemes csal\u00e1d sarja. Feles\u00e9ge: d\u00e1lnoki Ga\u00e1l Ir\u00e9n (1870\u20131940). \u2013 Iskol\u00e1i elv\u00e9gz\u00e9se ut\u00e1n az erd\u0151hivataln\u00e1l mint \u00edrnok m\u0171k\u00f6d\u00f6tt, majd \u00f6n\u00e1ll\u00f3 gazda Marosszentgy\u00f6rgy\u00f6n (1919\u2013). Az I. vh.-ban az orosz \u00e9s az olasz fronton harcolt, megsebes\u00fclt \u00e9s fogs\u00e1gba esett, mint \u0151rmester szerelt le. Az I. \u00e9s a II. ez\u00fcst vit. \u00e9s a bronz vit. \u00e9rem \u00e9s a K\u00e1roly Csapatkereszt tulajdonosa. A Gazdak\u00f6r eln\u00f6ke, az Els\u0151 M. \u00c1ltal\u00e1nos Biztos\u00edt\u00f3 T\u00e1rsas\u00e1g megb\u00edzottja. <br \/><strong>Irod.:<\/strong> Filep; Sz\u00e9kelyf\u00f6ld \u00ed. k<\/br><\/p>\n","protected":false},"excerpt":{"rendered":"<p>Ikland, 1886., \u2020\u00a0S\u00e1rd, 1928. febr. 12.: szolgab\u00edr\u00f3, f\u00f6ldbirtokos, a ref. egyh\u00e1z f\u0151gondnoka, egyh\u00e1zmegyei k\u00e9pvisel\u0151. \u2013 Sz\u00e9kely l\u00f3f\u0151nemes csal\u00e1d sarja. Feles\u00e9ge: d\u00e1lnoki Ga\u00e1l Ir\u00e9n (1870\u20131940). \u2013 Iskol\u00e1i elv\u00e9gz\u00e9se ut\u00e1n az erd\u0151hivataln\u00e1l mint \u00edrnok m\u0171k\u00f6d\u00f6tt, majd \u00f6n\u00e1ll\u00f3 gazda Marosszentgy\u00f6rgy\u00f6n (1919\u2013). Az I. vh.-ban az orosz \u00e9s az olasz fronton harcolt, megsebes\u00fclt \u00e9s fogs\u00e1gba esett, mint \u0151rmester szerelt [&hellip;]<\/p>\n","protected":false},"featured_media":0,"comment_status":"open","ping_status":"closed","template":"","meta":[],"product_brand":[],"product_cat":[137],"product_tag":[],"class_list":{"0":"post-8049","1":"product","2":"type-product","3":"status-publish","5":"product_cat-maros-megyei-eletrajzi-lexikon","7":"first","8":"instock","9":"shipping-taxable","10":"product-type-simple"},"_links":{"self":[{"href":"https:\/\/uj.adatbank.ro\/lexikon\/wp-json\/wp\/v2\/product\/8049","targetHints":{"allow":["GET"]}}],"collection":[{"href":"https:\/\/uj.adatbank.ro\/lexikon\/wp-json\/wp\/v2\/product"}],"about":[{"href":"https:\/\/uj.adatbank.ro\/lexikon\/wp-json\/wp\/v2\/types\/product"}],"replies":[{"embeddable":true,"href":"https:\/\/uj.adatbank.ro\/lexikon\/wp-json\/wp\/v2\/comments?post=8049"}],"wp:attachment":[{"href":"https:\/\/uj.adatbank.ro\/lexikon\/wp-json\/wp\/v2\/media?parent=8049"}],"wp:term":[{"taxonomy":"product_brand","embeddable":true,"href":"https:\/\/uj.adatbank.ro\/lexikon\/wp-json\/wp\/v2\/product_brand?post=8049"},{"taxonomy":"product_cat","embeddable":true,"href":"https:\/\/uj.adatbank.ro\/lexikon\/wp-json\/wp\/v2\/product_cat?post=8049"},{"taxonomy":"product_tag","embeddable":true,"href":"https:\/\/uj.adatbank.ro\/lexikon\/wp-json\/wp\/v2\/product_tag?post=8049"}],"curies":[{"name":"wp","href":"https:\/\/api.w.org\/{rel}","templated":true}]}}

FILEP László, vadadi

<p>Ikland, 1886., † Sárd, 1928. febr. 12.: szolgabíró, földbirtokos, a ref. egyház főgondnoka, egyházmegyei képviselő. – Székely lófőnemes család sarja. Felesége: dálnoki Gaál Irén (1870–1940). – Iskolái elvégzése után az erdőhivatalnál mint írnok működött, majd önálló gazda Marosszentgyörgyön (1919–). Az I. vh.-ban az orosz és az olasz fronton harcolt, megsebesült és fogságba esett, mint őrmester szerelt le. Az I. és a II. ezüst vit. és a bronz vit. érem és a Károly Csapatkereszt tulajdonosa. A Gazdakör elnöke, az Első M. Általános Biztosító Társaság megbízottja. <br /><strong>Irod.:</strong> Filep; Székelyföld í. k</br></p>

<p>Ikland, 1886., † Sárd, 1928. febr. 12.: szolgabíró, földbirtokos, a ref. egyház főgondnoka, egyházmegyei képviselő. – Székely lófőnemes család sarja. Felesége: dálnoki Gaál Irén (1870–1940). – Iskolái elvégzése után az erdőhivatalnál mint írnok működött, majd önálló gazda Marosszentgyörgyön (1919–). Az I. vh.-ban az orosz és az olasz fronton harcolt, megsebesült és fogságba esett, mint őrmester szerelt [&hellip;]</p>
