{"id":8058,"date":"2025-06-29T10:13:03","date_gmt":"2025-06-29T08:13:03","guid":{"rendered":"https:\/\/uj.adatbank.ro\/lexikon\/termek\/filep-peter-vadadi-iklandi\/"},"modified":"2025-06-29T10:13:03","modified_gmt":"2025-06-29T08:13:03","slug":"filep-peter-vadadi-iklandi","status":"publish","type":"product","link":"https:\/\/uj.adatbank.ro\/lexikon\/termek\/filep-peter-vadadi-iklandi\/","title":{"rendered":"FILEP P\u00e9ter, vadadi, iklandi"},"content":{"rendered":"<p>1809, \u2020\u00a01885: f\u00f6ldbirtokos. \u2013 Feles\u00e9ge Gazda Borb\u00e1la (1806\u20131871). Gyermekeik: S\u00e1ndor (1835\u20131903); L\u00e1szl\u00f3 (1838\u20131898); K\u00e1roly (1840\u20131901); Mikl\u00f3s (1836\u20131900) \u00e9s Zsuzsanna. \u2013 Alap\u00edtv\u00e1nyt hozott l\u00e9tre (1870. aug. 11. \u00e9s \u00e1tdolgozva folytat\u00f3dott 1880. \u00e1pr. 25.) az iklandi \u00e9s m\u00e1s sz\u00e9kelyf\u00f6ldi szeg\u00e9ny ekkl\u00e9zsi\u00e1k, valamint a mv.-i ref. f\u0151tanoda megseg\u00edt\u00e9s\u00e9re. \u2013 <strong>F. m.:<\/strong> Iklandi \u00e9s Vadadi Filep P\u00e9ter \u00e9s neje Gazda Borb\u00e1la alap\u00edtv\u00e1nya (Mv., 1880). <br \/><strong>Irod.:<\/strong> Csejd \u2013T\u00f3falva; Filep; Mv. t\u00f6rt. 2<\/br><\/p>\n","protected":false},"excerpt":{"rendered":"<p>1809, \u2020\u00a01885: f\u00f6ldbirtokos. \u2013 Feles\u00e9ge Gazda Borb\u00e1la (1806\u20131871). Gyermekeik: S\u00e1ndor (1835\u20131903); L\u00e1szl\u00f3 (1838\u20131898); K\u00e1roly (1840\u20131901); Mikl\u00f3s (1836\u20131900) \u00e9s Zsuzsanna. \u2013 Alap\u00edtv\u00e1nyt hozott l\u00e9tre (1870. aug. 11. \u00e9s \u00e1tdolgozva folytat\u00f3dott 1880. \u00e1pr. 25.) az iklandi \u00e9s m\u00e1s sz\u00e9kelyf\u00f6ldi szeg\u00e9ny ekkl\u00e9zsi\u00e1k, valamint a mv.-i ref. f\u0151tanoda megseg\u00edt\u00e9s\u00e9re. \u2013 F. m.: Iklandi \u00e9s Vadadi Filep P\u00e9ter \u00e9s neje [&hellip;]<\/p>\n","protected":false},"featured_media":0,"comment_status":"open","ping_status":"closed","template":"","meta":[],"product_brand":[],"product_cat":[137],"product_tag":[],"class_list":{"0":"post-8058","1":"product","2":"type-product","3":"status-publish","5":"product_cat-maros-megyei-eletrajzi-lexikon","7":"first","8":"instock","9":"shipping-taxable","10":"product-type-simple"},"_links":{"self":[{"href":"https:\/\/uj.adatbank.ro\/lexikon\/wp-json\/wp\/v2\/product\/8058","targetHints":{"allow":["GET"]}}],"collection":[{"href":"https:\/\/uj.adatbank.ro\/lexikon\/wp-json\/wp\/v2\/product"}],"about":[{"href":"https:\/\/uj.adatbank.ro\/lexikon\/wp-json\/wp\/v2\/types\/product"}],"replies":[{"embeddable":true,"href":"https:\/\/uj.adatbank.ro\/lexikon\/wp-json\/wp\/v2\/comments?post=8058"}],"wp:attachment":[{"href":"https:\/\/uj.adatbank.ro\/lexikon\/wp-json\/wp\/v2\/media?parent=8058"}],"wp:term":[{"taxonomy":"product_brand","embeddable":true,"href":"https:\/\/uj.adatbank.ro\/lexikon\/wp-json\/wp\/v2\/product_brand?post=8058"},{"taxonomy":"product_cat","embeddable":true,"href":"https:\/\/uj.adatbank.ro\/lexikon\/wp-json\/wp\/v2\/product_cat?post=8058"},{"taxonomy":"product_tag","embeddable":true,"href":"https:\/\/uj.adatbank.ro\/lexikon\/wp-json\/wp\/v2\/product_tag?post=8058"}],"curies":[{"name":"wp","href":"https:\/\/api.w.org\/{rel}","templated":true}]}}