{"id":8059,"date":"2025-06-29T10:13:05","date_gmt":"2025-06-29T08:13:05","guid":{"rendered":"https:\/\/uj.adatbank.ro\/lexikon\/termek\/filep-samuel\/"},"modified":"2025-06-29T10:13:05","modified_gmt":"2025-06-29T08:13:05","slug":"filep-samuel","status":"publish","type":"product","link":"https:\/\/uj.adatbank.ro\/lexikon\/termek\/filep-samuel\/","title":{"rendered":"FILEP S\u00e1muel"},"content":{"rendered":"<p>Erd\u0151szengyel, 1874., \u2020\u00a01941.: jegyz\u0151, f\u00f6ldbirtokos. \u2013 Feles\u00e9ge hossz\u00famezei Nagy Am\u00e1lia. \u2013 Iskol\u00e1i elv\u00e9gz\u00e9se ut\u00e1n k\u00f6zigazgat\u00e1si p\u00e1ly\u00e1ra l\u00e9pett. Marosv\u00e9csen kezdte el m\u0171k\u00f6d\u00e9s\u00e9t, H\u00e9tb\u00fckk\u00f6n, majd Fels\u0151r\u00e9p\u00e1n volt seg\u00e9djegyz\u0151, ahol jegyz\u0151v\u00e9 v\u00e1lasztott\u00e1k meg \u00e9s onnan ment nyugalomba. Ezut\u00e1n Erd\u0151szengyelen 48 hold birtok\u00e1n \u00f6n\u00e1ll\u00f3 gazd\u00e1lkod\u00e1st folytatott. <br \/><strong>Irod.:<\/strong> Filep; Sz\u00e9kelyf\u00f6ld \u00ed. k<\/br><\/p>\n","protected":false},"excerpt":{"rendered":"<p>Erd\u0151szengyel, 1874., \u2020\u00a01941.: jegyz\u0151, f\u00f6ldbirtokos. \u2013 Feles\u00e9ge hossz\u00famezei Nagy Am\u00e1lia. \u2013 Iskol\u00e1i elv\u00e9gz\u00e9se ut\u00e1n k\u00f6zigazgat\u00e1si p\u00e1ly\u00e1ra l\u00e9pett. Marosv\u00e9csen kezdte el m\u0171k\u00f6d\u00e9s\u00e9t, H\u00e9tb\u00fckk\u00f6n, majd Fels\u0151r\u00e9p\u00e1n volt seg\u00e9djegyz\u0151, ahol jegyz\u0151v\u00e9 v\u00e1lasztott\u00e1k meg \u00e9s onnan ment nyugalomba. Ezut\u00e1n Erd\u0151szengyelen 48 hold birtok\u00e1n \u00f6n\u00e1ll\u00f3 gazd\u00e1lkod\u00e1st folytatott. Irod.: Filep; Sz\u00e9kelyf\u00f6ld \u00ed. k<\/p>\n","protected":false},"featured_media":0,"comment_status":"open","ping_status":"closed","template":"","meta":[],"product_brand":[],"product_cat":[137],"product_tag":[],"class_list":{"0":"post-8059","1":"product","2":"type-product","3":"status-publish","5":"product_cat-maros-megyei-eletrajzi-lexikon","7":"first","8":"instock","9":"shipping-taxable","10":"product-type-simple"},"_links":{"self":[{"href":"https:\/\/uj.adatbank.ro\/lexikon\/wp-json\/wp\/v2\/product\/8059","targetHints":{"allow":["GET"]}}],"collection":[{"href":"https:\/\/uj.adatbank.ro\/lexikon\/wp-json\/wp\/v2\/product"}],"about":[{"href":"https:\/\/uj.adatbank.ro\/lexikon\/wp-json\/wp\/v2\/types\/product"}],"replies":[{"embeddable":true,"href":"https:\/\/uj.adatbank.ro\/lexikon\/wp-json\/wp\/v2\/comments?post=8059"}],"wp:attachment":[{"href":"https:\/\/uj.adatbank.ro\/lexikon\/wp-json\/wp\/v2\/media?parent=8059"}],"wp:term":[{"taxonomy":"product_brand","embeddable":true,"href":"https:\/\/uj.adatbank.ro\/lexikon\/wp-json\/wp\/v2\/product_brand?post=8059"},{"taxonomy":"product_cat","embeddable":true,"href":"https:\/\/uj.adatbank.ro\/lexikon\/wp-json\/wp\/v2\/product_cat?post=8059"},{"taxonomy":"product_tag","embeddable":true,"href":"https:\/\/uj.adatbank.ro\/lexikon\/wp-json\/wp\/v2\/product_tag?post=8059"}],"curies":[{"name":"wp","href":"https:\/\/api.w.org\/{rel}","templated":true}]}}