{"id":8060,"date":"2025-06-29T10:13:07","date_gmt":"2025-06-29T08:13:07","guid":{"rendered":"https:\/\/uj.adatbank.ro\/lexikon\/termek\/filep-samuel-vadadi\/"},"modified":"2025-06-29T10:13:07","modified_gmt":"2025-06-29T08:13:07","slug":"filep-samuel-vadadi","status":"publish","type":"product","link":"https:\/\/uj.adatbank.ro\/lexikon\/termek\/filep-samuel-vadadi\/","title":{"rendered":"FILEP S\u00e1muel, vadadi"},"content":{"rendered":"<p>? \u2020\u00a0? : tan\u00e1csos, f\u0151b\u00edr\u00f3. \u2013 Tan\u00e1csos (1790), Mv. f\u0151b\u00edr\u00e1ja (1796). C\u00edmerpecs\u00e9tje (1785 \u00e9vi) a mv.-i gr. Teleki-lev\u00e9lt\u00e1rban volt. <br \/><strong>Irod.:<\/strong> Erd\u00e9ly orsz\u00e1g\u00e1nak h\u00e1rom k\u00f6nyvekre osztatott t\u00f6rv\u00e9nyes k\u00f6nyve. (3. k\u00f6t.; Kv., 1816); Fodor\u2013Bal\u00e1s; Id\u0151t\u00e1r 1, Kempelen<\/br><\/p>\n","protected":false},"excerpt":{"rendered":"<p>? \u2020\u00a0? : tan\u00e1csos, f\u0151b\u00edr\u00f3. \u2013 Tan\u00e1csos (1790), Mv. f\u0151b\u00edr\u00e1ja (1796). C\u00edmerpecs\u00e9tje (1785 \u00e9vi) a mv.-i gr. Teleki-lev\u00e9lt\u00e1rban volt. Irod.: Erd\u00e9ly orsz\u00e1g\u00e1nak h\u00e1rom k\u00f6nyvekre osztatott t\u00f6rv\u00e9nyes k\u00f6nyve. (3. k\u00f6t.; Kv., 1816); Fodor\u2013Bal\u00e1s; Id\u0151t\u00e1r 1, Kempelen<\/p>\n","protected":false},"featured_media":0,"comment_status":"open","ping_status":"closed","template":"","meta":[],"product_brand":[],"product_cat":[137],"product_tag":[],"class_list":{"0":"post-8060","1":"product","2":"type-product","3":"status-publish","5":"product_cat-maros-megyei-eletrajzi-lexikon","7":"first","8":"instock","9":"shipping-taxable","10":"product-type-simple"},"_links":{"self":[{"href":"https:\/\/uj.adatbank.ro\/lexikon\/wp-json\/wp\/v2\/product\/8060","targetHints":{"allow":["GET"]}}],"collection":[{"href":"https:\/\/uj.adatbank.ro\/lexikon\/wp-json\/wp\/v2\/product"}],"about":[{"href":"https:\/\/uj.adatbank.ro\/lexikon\/wp-json\/wp\/v2\/types\/product"}],"replies":[{"embeddable":true,"href":"https:\/\/uj.adatbank.ro\/lexikon\/wp-json\/wp\/v2\/comments?post=8060"}],"wp:attachment":[{"href":"https:\/\/uj.adatbank.ro\/lexikon\/wp-json\/wp\/v2\/media?parent=8060"}],"wp:term":[{"taxonomy":"product_brand","embeddable":true,"href":"https:\/\/uj.adatbank.ro\/lexikon\/wp-json\/wp\/v2\/product_brand?post=8060"},{"taxonomy":"product_cat","embeddable":true,"href":"https:\/\/uj.adatbank.ro\/lexikon\/wp-json\/wp\/v2\/product_cat?post=8060"},{"taxonomy":"product_tag","embeddable":true,"href":"https:\/\/uj.adatbank.ro\/lexikon\/wp-json\/wp\/v2\/product_tag?post=8060"}],"curies":[{"name":"wp","href":"https:\/\/api.w.org\/{rel}","templated":true}]}}