{"id":8062,"date":"2025-06-29T10:13:10","date_gmt":"2025-06-29T08:13:10","guid":{"rendered":"https:\/\/uj.adatbank.ro\/lexikon\/termek\/filep-sandor\/"},"modified":"2025-06-29T10:13:10","modified_gmt":"2025-06-29T08:13:10","slug":"filep-sandor","status":"publish","type":"product","link":"https:\/\/uj.adatbank.ro\/lexikon\/termek\/filep-sandor\/","title":{"rendered":"FILEP S\u00e1ndor"},"content":{"rendered":"<p>Marosv\u00e9cs, 1912., \u2020 Mv., 1998. j\u00fal. 23\u00a0: tan\u00e1r. \u2013 Sz\u00fcl\u0151faluj\u00e1ban v\u00e9gezte az ellemi iskol\u00e1t, a mv.-i Ref. Koll.-ban a k\u00f6z\u00e9piskol\u00e1t \u00e9s az egyetemet Kv.-on. A BTE v\u00e9gzett n\u00e9met szakot, Halleban r\u00e9szes\u00fclt tov\u00e1bbk\u00e9pz\u00e9sben. A mv.-i Ref. Koll., majd a Bolyai Farkas L\u00edc. tan\u00e1ra (1937\u201348; 1951\u201376). A M. Kir. \u00c1llami Tan\u00edt\u00f3k\u00e9pz\u0151 Int\u00e9zetben is tan\u00edtott (1940\u201344). A mv.-i Pedag\u00f3giai F\u0151iskola idegennyelv katedr\u00e1j\u00e1n lektor, katedraf\u0151n\u00f6k. <br \/><strong>Irod.:<\/strong> Csif\u00f3; Elekes B\u00e9la 1999; Filep; Mv. t\u00f6rt. 2.; [Nekrol\u00f3g] (N\u00fa., 1998. j\u00fal. 25.); Omagiu; Sk\u00f3la; Szab\u00f3 K. Attila<\/br><\/p>\n","protected":false},"excerpt":{"rendered":"<p>Marosv\u00e9cs, 1912., \u2020 Mv., 1998. j\u00fal. 23\u00a0: tan\u00e1r. \u2013 Sz\u00fcl\u0151faluj\u00e1ban v\u00e9gezte az ellemi iskol\u00e1t, a mv.-i Ref. Koll.-ban a k\u00f6z\u00e9piskol\u00e1t \u00e9s az egyetemet Kv.-on. A BTE v\u00e9gzett n\u00e9met szakot, Halleban r\u00e9szes\u00fclt tov\u00e1bbk\u00e9pz\u00e9sben. A mv.-i Ref. Koll., majd a Bolyai Farkas L\u00edc. tan\u00e1ra (1937\u201348; 1951\u201376). A M. Kir. \u00c1llami Tan\u00edt\u00f3k\u00e9pz\u0151 Int\u00e9zetben is tan\u00edtott (1940\u201344). A mv.-i [&hellip;]<\/p>\n","protected":false},"featured_media":0,"comment_status":"open","ping_status":"closed","template":"","meta":[],"product_brand":[],"product_cat":[137],"product_tag":[],"class_list":{"0":"post-8062","1":"product","2":"type-product","3":"status-publish","5":"product_cat-maros-megyei-eletrajzi-lexikon","7":"first","8":"instock","9":"shipping-taxable","10":"product-type-simple"},"_links":{"self":[{"href":"https:\/\/uj.adatbank.ro\/lexikon\/wp-json\/wp\/v2\/product\/8062","targetHints":{"allow":["GET"]}}],"collection":[{"href":"https:\/\/uj.adatbank.ro\/lexikon\/wp-json\/wp\/v2\/product"}],"about":[{"href":"https:\/\/uj.adatbank.ro\/lexikon\/wp-json\/wp\/v2\/types\/product"}],"replies":[{"embeddable":true,"href":"https:\/\/uj.adatbank.ro\/lexikon\/wp-json\/wp\/v2\/comments?post=8062"}],"wp:attachment":[{"href":"https:\/\/uj.adatbank.ro\/lexikon\/wp-json\/wp\/v2\/media?parent=8062"}],"wp:term":[{"taxonomy":"product_brand","embeddable":true,"href":"https:\/\/uj.adatbank.ro\/lexikon\/wp-json\/wp\/v2\/product_brand?post=8062"},{"taxonomy":"product_cat","embeddable":true,"href":"https:\/\/uj.adatbank.ro\/lexikon\/wp-json\/wp\/v2\/product_cat?post=8062"},{"taxonomy":"product_tag","embeddable":true,"href":"https:\/\/uj.adatbank.ro\/lexikon\/wp-json\/wp\/v2\/product_tag?post=8062"}],"curies":[{"name":"wp","href":"https:\/\/api.w.org\/{rel}","templated":true}]}}

FILEP Sándor

<p>Marosvécs, 1912., † Mv., 1998. júl. 23 : tanár. – Szülőfalujában végezte az ellemi iskolát, a mv.-i Ref. Koll.-ban a középiskolát és az egyetemet Kv.-on. A BTE végzett német szakot, Halleban részesült továbbképzésben. A mv.-i Ref. Koll., majd a Bolyai Farkas Líc. tanára (1937–48; 1951–76). A M. Kir. Állami Tanítóképző Intézetben is tanított (1940–44). A mv.-i Pedagógiai Főiskola idegennyelv katedráján lektor, katedrafőnök. <br /><strong>Irod.:</strong> Csifó; Elekes Béla 1999; Filep; Mv. tört. 2.; [Nekrológ] (Nú., 1998. júl. 25.); Omagiu; Skóla; Szabó K. Attila</br></p>

<p>Marosvécs, 1912., † Mv., 1998. júl. 23 : tanár. – Szülőfalujában végezte az ellemi iskolát, a mv.-i Ref. Koll.-ban a középiskolát és az egyetemet Kv.-on. A BTE végzett német szakot, Halleban részesült továbbképzésben. A mv.-i Ref. Koll., majd a Bolyai Farkas Líc. tanára (1937–48; 1951–76). A M. Kir. Állami Tanítóképző Intézetben is tanított (1940–44). A mv.-i [&hellip;]</p>
