{"id":8068,"date":"2025-06-29T10:13:22","date_gmt":"2025-06-29T08:13:22","guid":{"rendered":"https:\/\/uj.adatbank.ro\/lexikon\/termek\/filimon-aurel-vasile-%c2%a7\/"},"modified":"2025-06-29T10:13:22","modified_gmt":"2025-06-29T08:13:22","slug":"filimon-aurel-vasile-%c2%a7","status":"publish","type":"product","link":"https:\/\/uj.adatbank.ro\/lexikon\/termek\/filimon-aurel-vasile-%c2%a7\/","title":{"rendered":"FILIMON Aurel Vasile, \u00a7"},"content":{"rendered":"<p>Monor, 1891. m\u00e1rc. 4., \u2020 Nagyr\u00e1polt, 1946. m\u00e1rc. 6.: tan\u00e1r, r\u00e9g\u00e9sz, archeol\u00f3gus, k\u00f6nyvt\u00e1r- \u00e9s m\u00fazeumigazgat\u00f3. \u2013 Feles\u00e9ge Ritz Erzs\u00e9bet (1890- Mv., 1987. nov. 22.), le\u00e1nya F. Veronica. \u2013 Tanult Beszterc\u00e9n (1901-04), D\u00e9v\u00e1n a tan\u00edt\u00f3k\u00e9pz\u0151ben (1904\u201310). Fels\u0151vis\u00f3n tan\u00edt\u00f3 (1910\u201313), itt etnogr\u00e1fiai gy\u0171jt\u00e9ssel is foglalkozott, irodalmi \u00e9s t\u00e1rgyi darabokat gy\u0171jt\u00f6tt, amelynek egy r\u00e9sz\u00e9t Bp.-en az Etnographia c. foly\u00f3iratban tett k\u00f6zz\u00e9. A bp.-i egyetem t\u00f6rt\u00e9nelmi, filologiai \u00e9s term\u00e9szettudom\u00e1nyi el\u0151ad\u00e1sok hallgat\u00f3ja, kapcsolatba ker\u00fclt a folklorista Sebesty\u00e9n K\u00e1rollyal, az orientalista V\u00e1mb\u00e9ry \u00c1rminnal, a t\u00f6rt\u00e9n\u00e9sz Hamper J\u00f3zseffel (1913\u201314). A bp.-i tart\u00f3zkod\u00e1sa idej\u00e9n a M. Nemzeti N\u00e9pm\u0171v\u00e9szeti M\u00fazeum munkat\u00e1rsa (1913), a M. N\u00e9prajzi T\u00e1rsas\u00e1g, a Kir\u00e1lyi M. Term\u00e9szettudom\u00e1nyi T\u00e1rsulat, a Magyarhoni F\u00f6ldtani T\u00e1rsulat tagjai k\u00f6z\u00e9 v\u00e1lasztotta. El\u0151ad\u00e1sokat hallgatott a berlini egyetemen is. Buk.-ben Al. Tzigara-Samurca\u015f prof. tan\u00e1rseg\u00e9dje, titk\u00e1ra a N\u00e9pm\u0171v\u00e9szeti \u00e9s Nemzeti M\u0171v\u00e9szeti M\u00fazeumnak (Muzeul de Etnografie \u015fi Art\u0103 Na\u0163ional\u0103) (1914\u201317). Letrat\u00f3ztatt\u00e1k mint az osztr\u00e1k-m. hadsereg katonasz\u00f6kev\u00e9ny\u00e9t, Szebenben, majd Kv.-on beb\u00f6rt\u00f6n\u00f6zt\u00e9k (1917). Mv. -re ker\u00fclt (1918), ahol alap\u00edt\u00f3ja \u00e9s szervez\u0151je a t\u00f6rt\u00e9nelmi, r\u00e9g\u00e9szeti \u00e9s n\u00e9prajzi m\u00fazeumnak (1921. m\u00e1j. 1. \u2013). A Kult\u00farpalot\u00e1ban m\u0171k\u00f6d\u0151 V\u00e1rosi K\u00f6nyvt\u00e1r k\u00f6nyvt\u00e1rosa (1921\u201336), 15 \u00e9ven \u00e1t volt Moln\u00e1r G\u00e1bor igazgat\u00f3 munkat\u00e1rsa, \u00e9rintkez\u00e9sbe l\u00e9pett a MTA-val, a M. Kir. K\u00fcl\u00fcgyminiszt\u00e9riummal \u00e9s sz\u00e9p sz\u00e1m\u00fa magyarnyelv\u0171 k\u00f6nyv\u00e1llom\u00e1nyt siker\u00fclt szereznie a V\u00e1rosi K\u00f6nyvt\u00e1r sz\u00e1m\u00e1ra (1931). Buk. -b\u0151l v\u00e1logatott \u00e9s nagymennyis\u00e9g\u0171 rom\u00e1n nyelv\u0171 h\u00edrlappal, foly\u00f3\u00edrattal \u00e9s k\u00f6nyvvel b\u0151v\u00edtette az \u00e1llom\u00e1nyt. Siker\u00fclt 4200 k\u00f6tet h\u00edrlapot \u00e9s foly\u00f3iratot bek\u00f6tettnie, megmentve ezeket a sz\u00e9tszor\u00f3d\u00e1st\u00f3l. R\u00e9gi rom\u00e1n nyelv\u0171 kiadv\u00e1nyokat fedezett fel. A V\u00e1rosi K\u00f6nyvt\u00e1r igazgat\u00f3ja (1936\u20131940). Kezdem\u00e9nyezte a T\u00f6rt\u00e9nelmi, Archeol\u00f3giai \u00e9s Etnogr\u00e1fiai T\u00e1rsas\u00e1g (1922) megalak\u00edt\u00e1s\u00e1t, \u00e9s kinevezt\u00e9k a t\u00e1rsas\u00e1g titk\u00e1r\u00e1nak. A Kult\u00farpalot\u00e1ban archeol\u00f3giai-t\u00f6rt\u00e9nelmi, egyh\u00e1zm\u0171v\u00e9szeti \u00e9s n\u00e9prajzi \u00e1lland\u00f3 ki\u00e1ll\u00edt\u00e1st rendezett be (1924). T\u00f6bb \u00e1sat\u00e1son vett r\u00e9szt: Marosfelfaluban bronz leleteket tal\u00e1lt (1924). M\u00e9g kutatott Maroskereszt\u00faron Ferenczi S\u00e1ndor kv.-i r\u00e9g\u00e9sszel (1927\u201328), Szov\u00e1ta, D\u00e9da, Mez\u0151kapus, Mez\u0151kecsed, Ny\u00e1r\u00e1dkar\u00e1cson, Maroslekence, Erd\u0151szentgy\u00f6rgy, Mez\u0151b\u00e1nd ter\u00fclet\u00e9n. Munk\u00e1ja nyom\u00e1n megalakul a rom\u00e1n R\u00e9g\u00e9szeti \u00e9s N\u00e9prajzi m\u00fazeum Mv.-en (1935), D\u00e9v\u00e1r\u00f3l \u00e9s Kv. -r\u00f3l kapott ki\u00e1ll\u00edt\u00e1si t\u00e1rgyakat. N\u00e9pm\u0171v\u00e9szeti ki\u00e1ll\u00edt\u00e1sokon vett r\u00e9szt Buk.-ben (1933, 1936). Buk. -be menek\u00fclt (1940), r\u00e9szt vett a rom\u00e1n n\u00e9pm\u0171v\u00e9szeti v\u00e1ndorki\u00e1ll\u00edt\u00e1s megszervez\u00e9s\u00e9n B\u00e9cs, Stuttgart, K\u00f6ln, Frankfurt am Main, Velence v\u00e1rosokban (1941\u201343). A buk.-i bomb\u00e1z\u00e1s ut\u00e1n (1944. \u00e1pr. 4.) a Hunyad megyei Nagyr\u00e1poltra telepedett, ahol hal\u00e1l\u00e1ig lakott. Tudom\u00e1nyos megfigyel\u00e9seit, kutat\u00e1sainak eredm\u00e9nyeit k\u00f6z\u00f6lte az Anuarul Institutului de Istorie na\u0163ional\u0103, Art\u0103 \u015fi tehnic\u0103 grafic\u0103, Boabe de gr\u00e2u, Credin\u0163a, Etnografie, Convorbiri Literare, Daco-Romania, Dacia, Revista de preistorie \u015fi antichit\u0103\u0163i na\u0163ionale, Glasul Mure\u015fului, Etnographia, Volk und Schrift. N\u00e9pk\u00f6lt\u00e9si gy\u0171jtem\u00e9nye jelent\u0151s. A KMTT, valamint a Magyarhoni F\u00f6ldtani T\u00e1rsulat tagja. Mv.-en utca viseli a nev\u00e9t, a volt Iskola u. ma Aurel Fiimon. \u2013 <strong>F. m.:<\/strong> Colec\u0163iile de etnografie, paleontologie \u015fi entomologie a d. -lui A. Filimon (Tg. M. s. a.). <br \/><strong>Irod.:<\/strong> A. F. \u2013 consacrare \u015fi destin (Tg. M., 2001); Autonom magyarok; Bota, Sorina; Caiete Mure\u015fene, 13. sz., 2001.; Centenar \u2013 A. F. (Mv., 1991); Datcu; EL ; Iordan Datcu: Dic\u0163ionarul etnologilor rom\u00e2ni (Buc., 1998); Diaconescu, Aurelia: A. F. (4. III. 1891. \u20136. III. 1946) Fondatorul Muzeului din T\u00e2rgu Mure\u015f \u2013 Activitatea etnografic\u0103 (Tg. M., 2009); Fabian Istv\u00e1n: A. F. \u015fi arheologia mure\u015fean\u0103 modern\u0103 (Libraria, 4, 2005); Guly\u00e1s; Id\u0151t\u00e1r 3; Id\u0151t\u00e1r 4; (Libraria, 8., 2009); Melinte \u015eerban: M\u0103rturii prin vreme (Tg. M., 1999); Moln\u00e1r G\u00e1bor: Nyilatkozat [k\u00e9zirat]; Mv. m\u0171v. v\u00e1r.; Osv\u00e1th; Orb\u00e1n \u2013Oniga; Popt\u0103ma\u015f, Dimitrie: Activitatea bibliologic\u0103 a lui A. F. (Biblioteca \u015fi cercetarea. Cluj-N., 1982.); Popt\u0103ma\u015f, Dimitrie: Philobiblion mure\u015fan \u2013 o via\u0163\u0103 printre oameni \u015fi c\u0103r\u0163i (Tg. M., 2003); Profiluri mure\u015fene. 1.; Suciu, Felician: Desp\u0103r\u0163\u0103m\u00e2ntul \u201eT\u00e2rgu-Mure\u015f\u201d al \u201eAstrei\u201d \u00eentre anii 1913\u20131922 (Marisia, 32\u201333, 2013); Tanco; Todea 2013; Todea\u2013F\u00fcl\u00f6p\u2013Avram, Ana: A. F. (Biblioteca Marisiana, nr. 2., 2006)<\/br><\/p>\n","protected":false},"excerpt":{"rendered":"<p>Monor, 1891. m\u00e1rc. 4., \u2020 Nagyr\u00e1polt, 1946. m\u00e1rc. 6.: tan\u00e1r, r\u00e9g\u00e9sz, archeol\u00f3gus, k\u00f6nyvt\u00e1r- \u00e9s m\u00fazeumigazgat\u00f3. \u2013 Feles\u00e9ge Ritz Erzs\u00e9bet (1890- Mv., 1987. nov. 22.), le\u00e1nya F. Veronica. \u2013 Tanult Beszterc\u00e9n (1901-04), D\u00e9v\u00e1n a tan\u00edt\u00f3k\u00e9pz\u0151ben (1904\u201310). Fels\u0151vis\u00f3n tan\u00edt\u00f3 (1910\u201313), itt etnogr\u00e1fiai gy\u0171jt\u00e9ssel is foglalkozott, irodalmi \u00e9s t\u00e1rgyi darabokat gy\u0171jt\u00f6tt, amelynek egy r\u00e9sz\u00e9t Bp.-en az Etnographia c. [&hellip;]<\/p>\n","protected":false},"featured_media":0,"comment_status":"open","ping_status":"closed","template":"","meta":[],"product_brand":[],"product_cat":[137],"product_tag":[],"class_list":{"0":"post-8068","1":"product","2":"type-product","3":"status-publish","5":"product_cat-maros-megyei-eletrajzi-lexikon","7":"first","8":"instock","9":"shipping-taxable","10":"product-type-simple"},"_links":{"self":[{"href":"https:\/\/uj.adatbank.ro\/lexikon\/wp-json\/wp\/v2\/product\/8068","targetHints":{"allow":["GET"]}}],"collection":[{"href":"https:\/\/uj.adatbank.ro\/lexikon\/wp-json\/wp\/v2\/product"}],"about":[{"href":"https:\/\/uj.adatbank.ro\/lexikon\/wp-json\/wp\/v2\/types\/product"}],"replies":[{"embeddable":true,"href":"https:\/\/uj.adatbank.ro\/lexikon\/wp-json\/wp\/v2\/comments?post=8068"}],"wp:attachment":[{"href":"https:\/\/uj.adatbank.ro\/lexikon\/wp-json\/wp\/v2\/media?parent=8068"}],"wp:term":[{"taxonomy":"product_brand","embeddable":true,"href":"https:\/\/uj.adatbank.ro\/lexikon\/wp-json\/wp\/v2\/product_brand?post=8068"},{"taxonomy":"product_cat","embeddable":true,"href":"https:\/\/uj.adatbank.ro\/lexikon\/wp-json\/wp\/v2\/product_cat?post=8068"},{"taxonomy":"product_tag","embeddable":true,"href":"https:\/\/uj.adatbank.ro\/lexikon\/wp-json\/wp\/v2\/product_tag?post=8068"}],"curies":[{"name":"wp","href":"https:\/\/api.w.org\/{rel}","templated":true}]}}

<p>Monor, 1891. márc. 4., † Nagyrápolt, 1946. márc. 6.: tanár, régész, archeológus, könyvtár- és múzeumigazgató. – Felesége Ritz Erzsébet (1890- Mv., 1987. nov. 22.), leánya F. Veronica. – Tanult Besztercén (1901-04), Déván a tanítóképzőben (1904–10). Felsővisón tanító (1910–13), itt etnográfiai gyűjtéssel is foglalkozott, irodalmi és tárgyi darabokat gyűjtött, amelynek egy részét Bp.-en az Etnographia c. folyóiratban tett közzé. A bp.-i egyetem történelmi, filologiai és természettudományi előadások hallgatója, kapcsolatba került a folklorista Sebestyén Károllyal, az orientalista Vámbéry Árminnal, a történész Hamper Józseffel (1913–14). A bp.-i tartózkodása idején a M. Nemzeti Népművészeti Múzeum munkatársa (1913), a M. Néprajzi Társaság, a Királyi M. Természettudományi Társulat, a Magyarhoni Földtani Társulat tagjai közé választotta. Előadásokat hallgatott a berlini egyetemen is. Buk.-ben Al. Tzigara-Samurcaş prof. tanársegédje, titkára a Népművészeti és Nemzeti Művészeti Múzeumnak (Muzeul de Etnografie şi Artă Naţională) (1914–17). Letratóztatták mint az osztrák-m. hadsereg katonaszökevényét, Szebenben, majd Kv.-on bebörtönözték (1917). Mv. -re került (1918), ahol alapítója és szervezője a történelmi, régészeti és néprajzi múzeumnak (1921. máj. 1. –). A Kultúrpalotában működő Városi Könyvtár könyvtárosa (1921–36), 15 éven át volt Molnár Gábor igazgató munkatársa, érintkezésbe lépett a MTA-val, a M. Kir. Külügyminisztériummal és szép számú magyarnyelvű könyvállományt sikerült szereznie a Városi Könyvtár számára (1931). Buk. -ből válogatott és nagymennyiségű román nyelvű hírlappal, folyóírattal és könyvvel bővítette az állományt. Sikerült 4200 kötet hírlapot és folyóiratot bekötettnie, megmentve ezeket a szétszoródástól. Régi román nyelvű kiadványokat fedezett fel. A Városi Könyvtár igazgatója (1936–1940). Kezdeményezte a Történelmi, Archeológiai és Etnográfiai Társaság (1922) megalakítását, és kinevezték a társaság titkárának. A Kultúrpalotában archeológiai-történelmi, egyházművészeti és néprajzi állandó kiállítást rendezett be (1924). Több ásatáson vett részt: Marosfelfaluban bronz leleteket talált (1924). Még kutatott Maroskeresztúron Ferenczi Sándor kv.-i régésszel (1927–28), Szováta, Déda, Mezőkapus, Mezőkecsed, Nyárádkarácson, Maroslekence, Erdőszentgyörgy, Mezőbánd területén. Munkája nyomán megalakul a román Régészeti és Néprajzi múzeum Mv.-en (1935), Déváról és Kv. -ról kapott kiállítási tárgyakat. Népművészeti kiállításokon vett részt Buk.-ben (1933, 1936). Buk. -be menekült (1940), részt vett a román népművészeti vándorkiállítás megszervezésén Bécs, Stuttgart, Köln, Frankfurt am Main, Velence városokban (1941–43). A buk.-i bombázás után (1944. ápr. 4.) a Hunyad megyei Nagyrápoltra telepedett, ahol haláláig lakott. Tudományos megfigyeléseit, kutatásainak eredményeit közölte az Anuarul Institutului de Istorie naţională, Artă şi tehnică grafică, Boabe de grâu, Credinţa, Etnografie, Convorbiri Literare, Daco-Romania, Dacia, Revista de preistorie şi antichităţi naţionale, Glasul Mureşului, Etnographia, Volk und Schrift. Népköltési gyűjteménye jelentős. A KMTT, valamint a Magyarhoni Földtani Társulat tagja. Mv.-en utca viseli a nevét, a volt Iskola u. ma Aurel Fiimon. – <strong>F. m.:</strong> Colecţiile de etnografie, paleontologie şi entomologie a d. -lui A. Filimon (Tg. M. s. a.). <br /><strong>Irod.:</strong> A. F. – consacrare şi destin (Tg. M., 2001); Autonom magyarok; Bota, Sorina; Caiete Mureşene, 13. sz., 2001.; Centenar – A. F. (Mv., 1991); Datcu; EL ; Iordan Datcu: Dicţionarul etnologilor români (Buc., 1998); Diaconescu, Aurelia: A. F. (4. III. 1891. –6. III. 1946) Fondatorul Muzeului din Târgu Mureş – Activitatea etnografică (Tg. M., 2009); Fabian István: A. F. şi arheologia mureşeană modernă (Libraria, 4, 2005); Gulyás; Időtár 3; Időtár 4; (Libraria, 8., 2009); Melinte Şerban: Mărturii prin vreme (Tg. M., 1999); Molnár Gábor: Nyilatkozat [kézirat]; Mv. műv. vár.; Osváth; Orbán –Oniga; Poptămaş, Dimitrie: Activitatea bibliologică a lui A. F. (Biblioteca şi cercetarea. Cluj-N., 1982.); Poptămaş, Dimitrie: Philobiblion mureşan – o viaţă printre oameni şi cărţi (Tg. M., 2003); Profiluri mureşene. 1.; Suciu, Felician: Despărţământul „Târgu-Mureş” al „Astrei” între anii 1913–1922 (Marisia, 32–33, 2013); Tanco; Todea 2013; Todea–Fülöp–Avram, Ana: A. F. (Biblioteca Marisiana, nr. 2., 2006)</br></p>

<p>Monor, 1891. márc. 4., † Nagyrápolt, 1946. márc. 6.: tanár, régész, archeológus, könyvtár- és múzeumigazgató. – Felesége Ritz Erzsébet (1890- Mv., 1987. nov. 22.), leánya F. Veronica. – Tanult Besztercén (1901-04), Déván a tanítóképzőben (1904–10). Felsővisón tanító (1910–13), itt etnográfiai gyűjtéssel is foglalkozott, irodalmi és tárgyi darabokat gyűjtött, amelynek egy részét Bp.-en az Etnographia c. [&hellip;]</p>
