{"id":8070,"date":"2025-06-29T10:13:25","date_gmt":"2025-06-29T08:13:25","guid":{"rendered":"https:\/\/uj.adatbank.ro\/lexikon\/termek\/filipan-vasile\/"},"modified":"2025-06-29T10:13:25","modified_gmt":"2025-06-29T08:13:25","slug":"filipan-vasile","status":"publish","type":"product","link":"https:\/\/uj.adatbank.ro\/lexikon\/termek\/filipan-vasile\/","title":{"rendered":"FILIPAN Vasile"},"content":{"rendered":"<p>1763., \u2020 1841.: g\u00f6r. kat. pap, esperes. \u2013 A k\u00f6z\u00e9piskol\u00e1t val\u00f3sz\u00edn\u0171leg Bal\u00e1zsfalv\u00e1n, a teol\u00f3gi\u00e1t B\u00e9csben v\u00e9gezte, ott szentelt\u00e9k pap\u00e1 (1819). Hazat\u00e9r\u00e9se ut\u00e1n Bal\u00e1zsfalv\u00e1n tan\u00edt\u00f3 a tan\u00edt\u00f3k\u00e9pz\u0151ben. Mv.-en pl\u00e9b\u00e1nos (1825\u201341), esperes lett (1834). El\u0151terjesztett\u00e9k a bal\u00e1zsfalvi tan\u00edt\u00f3k\u00e9pz\u0151 igazgat\u00f3j\u00e1nak, valamint az erd\u00e9lyi nemzeti iskol\u00e1k igazgat\u00f3j\u00e1nak (1830) a korm\u00e1ny azonban nem fogadta el. <br \/><strong>Irod.:<\/strong> Todea 2013<\/br><\/p>\n","protected":false},"excerpt":{"rendered":"<p>1763., \u2020 1841.: g\u00f6r. kat. pap, esperes. \u2013 A k\u00f6z\u00e9piskol\u00e1t val\u00f3sz\u00edn\u0171leg Bal\u00e1zsfalv\u00e1n, a teol\u00f3gi\u00e1t B\u00e9csben v\u00e9gezte, ott szentelt\u00e9k pap\u00e1 (1819). Hazat\u00e9r\u00e9se ut\u00e1n Bal\u00e1zsfalv\u00e1n tan\u00edt\u00f3 a tan\u00edt\u00f3k\u00e9pz\u0151ben. Mv.-en pl\u00e9b\u00e1nos (1825\u201341), esperes lett (1834). El\u0151terjesztett\u00e9k a bal\u00e1zsfalvi tan\u00edt\u00f3k\u00e9pz\u0151 igazgat\u00f3j\u00e1nak, valamint az erd\u00e9lyi nemzeti iskol\u00e1k igazgat\u00f3j\u00e1nak (1830) a korm\u00e1ny azonban nem fogadta el. Irod.: Todea 2013<\/p>\n","protected":false},"featured_media":0,"comment_status":"open","ping_status":"closed","template":"","meta":[],"product_brand":[],"product_cat":[137],"product_tag":[],"class_list":{"0":"post-8070","1":"product","2":"type-product","3":"status-publish","5":"product_cat-maros-megyei-eletrajzi-lexikon","7":"first","8":"instock","9":"shipping-taxable","10":"product-type-simple"},"_links":{"self":[{"href":"https:\/\/uj.adatbank.ro\/lexikon\/wp-json\/wp\/v2\/product\/8070","targetHints":{"allow":["GET"]}}],"collection":[{"href":"https:\/\/uj.adatbank.ro\/lexikon\/wp-json\/wp\/v2\/product"}],"about":[{"href":"https:\/\/uj.adatbank.ro\/lexikon\/wp-json\/wp\/v2\/types\/product"}],"replies":[{"embeddable":true,"href":"https:\/\/uj.adatbank.ro\/lexikon\/wp-json\/wp\/v2\/comments?post=8070"}],"wp:attachment":[{"href":"https:\/\/uj.adatbank.ro\/lexikon\/wp-json\/wp\/v2\/media?parent=8070"}],"wp:term":[{"taxonomy":"product_brand","embeddable":true,"href":"https:\/\/uj.adatbank.ro\/lexikon\/wp-json\/wp\/v2\/product_brand?post=8070"},{"taxonomy":"product_cat","embeddable":true,"href":"https:\/\/uj.adatbank.ro\/lexikon\/wp-json\/wp\/v2\/product_cat?post=8070"},{"taxonomy":"product_tag","embeddable":true,"href":"https:\/\/uj.adatbank.ro\/lexikon\/wp-json\/wp\/v2\/product_tag?post=8070"}],"curies":[{"name":"wp","href":"https:\/\/api.w.org\/{rel}","templated":true}]}}

<p>1763., † 1841.: gör. kat. pap, esperes. – A középiskolát valószínűleg Balázsfalván, a teológiát Bécsben végezte, ott szentelték papá (1819). Hazatérése után Balázsfalván tanító a tanítóképzőben. Mv.-en plébános (1825–41), esperes lett (1834). Előterjesztették a balázsfalvi tanítóképző igazgatójának, valamint az erdélyi nemzeti iskolák igazgatójának (1830) a kormány azonban nem fogadta el. <br /><strong>Irod.:</strong> Todea 2013</br></p>

<p>1763., † 1841.: gör. kat. pap, esperes. – A középiskolát valószínűleg Balázsfalván, a teológiát Bécsben végezte, ott szentelték papá (1819). Hazatérése után Balázsfalván tanító a tanítóképzőben. Mv.-en plébános (1825–41), esperes lett (1834). Előterjesztették a balázsfalvi tanítóképző igazgatójának, valamint az erdélyi nemzeti iskolák igazgatójának (1830) a kormány azonban nem fogadta el. Irod.: Todea 2013</p>
