{"id":8071,"date":"2025-06-29T10:13:28","date_gmt":"2025-06-29T08:13:28","guid":{"rendered":"https:\/\/uj.adatbank.ro\/lexikon\/termek\/filipescu-ilarion\/"},"modified":"2025-06-29T10:13:28","modified_gmt":"2025-06-29T08:13:28","slug":"filipescu-ilarion","status":"publish","type":"product","link":"https:\/\/uj.adatbank.ro\/lexikon\/termek\/filipescu-ilarion\/","title":{"rendered":"FILIPESCU Ilarion"},"content":{"rendered":"<p>Sz\u00e1szkereszt\u00far, 1888., \u2020 ? : segesv\u00e1ri \u00fcgyv\u00e9d. \u2013 Lelk\u00e9sz csal\u00e1db\u00f3l sz\u00e1rmazott. \u2013 Sz\u00e9kelyudvarhelyen \u00e9retts\u00e9gizett, egyetemi tanulm\u00e1nyokat Kv.-on \u00e9s B\u00e9csben folytatott, kereskedelmi akad.-i oklevelet szerzett. Az imp\u00e9riumv\u00e1lt\u00e1s idej\u00e9n jelent\u0151s tev\u00e9kenys\u00e9get folytatott: els\u0151 v\u00e1rmegyei jegyz\u0151 (1919\u201321), a kir\u00e1ly fogadtat\u00e1s\u00e1ra szolg\u00e1l\u00f3 el\u0151k\u00e9sz\u00fcletek vezet\u0151je volt. Segesv\u00e1ron gyakorl\u00f3 \u00fcgyv\u00e9d (1921\u2013). A politokai \u00e9let \u00e9l\u00e9nk r\u00e9sztvev\u0151je, a Nemzeti Paraszt P\u00e1rt vezet\u0151s\u00e9g\u00e9nek tagja volt (1924\u2013). Politikai cikkeket \u00edrt \u00e9s k\u00f6z\u00f6lt a Patria, Universul, \u00cenfr\u0103\u0163irea c. lapokban.-irod.: Ki kicsoda<\/br><\/p>\n","protected":false},"excerpt":{"rendered":"<p>Sz\u00e1szkereszt\u00far, 1888., \u2020 ? : segesv\u00e1ri \u00fcgyv\u00e9d. \u2013 Lelk\u00e9sz csal\u00e1db\u00f3l sz\u00e1rmazott. \u2013 Sz\u00e9kelyudvarhelyen \u00e9retts\u00e9gizett, egyetemi tanulm\u00e1nyokat Kv.-on \u00e9s B\u00e9csben folytatott, kereskedelmi akad.-i oklevelet szerzett. Az imp\u00e9riumv\u00e1lt\u00e1s idej\u00e9n jelent\u0151s tev\u00e9kenys\u00e9get folytatott: els\u0151 v\u00e1rmegyei jegyz\u0151 (1919\u201321), a kir\u00e1ly fogadtat\u00e1s\u00e1ra szolg\u00e1l\u00f3 el\u0151k\u00e9sz\u00fcletek vezet\u0151je volt. Segesv\u00e1ron gyakorl\u00f3 \u00fcgyv\u00e9d (1921\u2013). A politokai \u00e9let \u00e9l\u00e9nk r\u00e9sztvev\u0151je, a Nemzeti Paraszt P\u00e1rt vezet\u0151s\u00e9g\u00e9nek [&hellip;]<\/p>\n","protected":false},"featured_media":0,"comment_status":"open","ping_status":"closed","template":"","meta":[],"product_brand":[],"product_cat":[137],"product_tag":[],"class_list":{"0":"post-8071","1":"product","2":"type-product","3":"status-publish","5":"product_cat-maros-megyei-eletrajzi-lexikon","7":"first","8":"instock","9":"shipping-taxable","10":"product-type-simple"},"_links":{"self":[{"href":"https:\/\/uj.adatbank.ro\/lexikon\/wp-json\/wp\/v2\/product\/8071","targetHints":{"allow":["GET"]}}],"collection":[{"href":"https:\/\/uj.adatbank.ro\/lexikon\/wp-json\/wp\/v2\/product"}],"about":[{"href":"https:\/\/uj.adatbank.ro\/lexikon\/wp-json\/wp\/v2\/types\/product"}],"replies":[{"embeddable":true,"href":"https:\/\/uj.adatbank.ro\/lexikon\/wp-json\/wp\/v2\/comments?post=8071"}],"wp:attachment":[{"href":"https:\/\/uj.adatbank.ro\/lexikon\/wp-json\/wp\/v2\/media?parent=8071"}],"wp:term":[{"taxonomy":"product_brand","embeddable":true,"href":"https:\/\/uj.adatbank.ro\/lexikon\/wp-json\/wp\/v2\/product_brand?post=8071"},{"taxonomy":"product_cat","embeddable":true,"href":"https:\/\/uj.adatbank.ro\/lexikon\/wp-json\/wp\/v2\/product_cat?post=8071"},{"taxonomy":"product_tag","embeddable":true,"href":"https:\/\/uj.adatbank.ro\/lexikon\/wp-json\/wp\/v2\/product_tag?post=8071"}],"curies":[{"name":"wp","href":"https:\/\/api.w.org\/{rel}","templated":true}]}}

<p>Szászkeresztúr, 1888., † ? : segesvári ügyvéd. – Lelkész családból származott. – Székelyudvarhelyen érettségizett, egyetemi tanulmányokat Kv.-on és Bécsben folytatott, kereskedelmi akad.-i oklevelet szerzett. Az impériumváltás idején jelentős tevékenységet folytatott: első vármegyei jegyző (1919–21), a király fogadtatására szolgáló előkészületek vezetője volt. Segesváron gyakorló ügyvéd (1921–). A politokai élet élénk résztvevője, a Nemzeti Paraszt Párt vezetőségének tagja volt (1924–). Politikai cikkeket írt és közölt a Patria, Universul, Înfrăţirea c. lapokban.-irod.: Ki kicsoda</br></p>

<p>Szászkeresztúr, 1888., † ? : segesvári ügyvéd. – Lelkész családból származott. – Székelyudvarhelyen érettségizett, egyetemi tanulmányokat Kv.-on és Bécsben folytatott, kereskedelmi akad.-i oklevelet szerzett. Az impériumváltás idején jelentős tevékenységet folytatott: első vármegyei jegyző (1919–21), a király fogadtatására szolgáló előkészületek vezetője volt. Segesváron gyakorló ügyvéd (1921–). A politokai élet élénk résztvevője, a Nemzeti Paraszt Párt vezetőségének [&hellip;]</p>
