{"id":8075,"date":"2025-06-29T10:13:34","date_gmt":"2025-06-29T08:13:34","guid":{"rendered":"https:\/\/uj.adatbank.ro\/lexikon\/termek\/filkenius-zacharias-zakarias-weirauch-literatus\/"},"modified":"2025-06-29T10:13:34","modified_gmt":"2025-06-29T08:13:34","slug":"filkenius-zacharias-zakarias-weirauch-literatus","status":"publish","type":"product","link":"https:\/\/uj.adatbank.ro\/lexikon\/termek\/filkenius-zacharias-zakarias-weirauch-literatus\/","title":{"rendered":"FILKENIUS Zacharias, Zakarias; Weirauch; Literatus"},"content":{"rendered":"<p>? 1601 k., \u2020 ? 1642. febr. 14.: jegyz\u0151. \u2013 F. Simon, volk\u00e1nyi lelk\u00e9sz \u00e9s Weyrauch Katharina fia. \u2013 Segesv\u00e1r jegyz\u0151je (1622\u201334), segesv\u00e1ri sz\u00e9kb\u00edr\u00f3 (1635\u2013), k\u0151halmi kir\u00e1lyb\u00edr\u00f3 (1637\u2013). Fennmaradtak a t\u00f6rt\u00e9neti f\u00f6ljegyz\u00e9sei. A Segesv\u00e1ri V\u00e1rosi Tan\u00e1cs jegyz\u0151k\u00f6nyve (1487\u20131735) lapjaira jegyezte a v\u00e1rosra vonatkoz\u00f3 adatokat (1619, 1621, 1624, 1625, 1631, 1638-as \u00e9vekb\u0151l): Kis kr\u00f3nik\u00e1j\u00e1t. M\u00e1sik munk\u00e1ja fontos forr\u00e1s a sz\u00e1szok t\u00f6rt\u00e9net\u00e9re \u00e9s Segesv\u00e1r bels\u0151 \u00e9let\u00e9re vonatkoz\u00f3an, az Enchiridion.., feljegyz\u00e9seiben le\u00edrta az Univerzit\u00e1s utaz\u00e1s\u00e1t Bethlen G\u00e1borhoz (1625) \u00e9s a budai pas\u00e1hoz (1636). \u2013 <strong>F. m.:<\/strong> k\u00e9zirat: Enchoridon rerum variarum, homini polytico, officiali, non inutile. = Archiv des Vereins f\u00fcr Siebenb\u00fcrgische Landeskunde II. 1845; IV. 1850. <br \/><strong>Irod.:<\/strong> Kraus: Erd\u00e9lyi kr\u00f3nika; Szinnyei<\/br><\/p>\n","protected":false},"excerpt":{"rendered":"<p>? 1601 k., \u2020 ? 1642. febr. 14.: jegyz\u0151. \u2013 F. Simon, volk\u00e1nyi lelk\u00e9sz \u00e9s Weyrauch Katharina fia. \u2013 Segesv\u00e1r jegyz\u0151je (1622\u201334), segesv\u00e1ri sz\u00e9kb\u00edr\u00f3 (1635\u2013), k\u0151halmi kir\u00e1lyb\u00edr\u00f3 (1637\u2013). Fennmaradtak a t\u00f6rt\u00e9neti f\u00f6ljegyz\u00e9sei. A Segesv\u00e1ri V\u00e1rosi Tan\u00e1cs jegyz\u0151k\u00f6nyve (1487\u20131735) lapjaira jegyezte a v\u00e1rosra vonatkoz\u00f3 adatokat (1619, 1621, 1624, 1625, 1631, 1638-as \u00e9vekb\u0151l): Kis kr\u00f3nik\u00e1j\u00e1t. M\u00e1sik munk\u00e1ja [&hellip;]<\/p>\n","protected":false},"featured_media":0,"comment_status":"open","ping_status":"closed","template":"","meta":[],"product_brand":[],"product_cat":[137],"product_tag":[],"class_list":{"0":"post-8075","1":"product","2":"type-product","3":"status-publish","5":"product_cat-maros-megyei-eletrajzi-lexikon","7":"first","8":"instock","9":"shipping-taxable","10":"product-type-simple"},"_links":{"self":[{"href":"https:\/\/uj.adatbank.ro\/lexikon\/wp-json\/wp\/v2\/product\/8075","targetHints":{"allow":["GET"]}}],"collection":[{"href":"https:\/\/uj.adatbank.ro\/lexikon\/wp-json\/wp\/v2\/product"}],"about":[{"href":"https:\/\/uj.adatbank.ro\/lexikon\/wp-json\/wp\/v2\/types\/product"}],"replies":[{"embeddable":true,"href":"https:\/\/uj.adatbank.ro\/lexikon\/wp-json\/wp\/v2\/comments?post=8075"}],"wp:attachment":[{"href":"https:\/\/uj.adatbank.ro\/lexikon\/wp-json\/wp\/v2\/media?parent=8075"}],"wp:term":[{"taxonomy":"product_brand","embeddable":true,"href":"https:\/\/uj.adatbank.ro\/lexikon\/wp-json\/wp\/v2\/product_brand?post=8075"},{"taxonomy":"product_cat","embeddable":true,"href":"https:\/\/uj.adatbank.ro\/lexikon\/wp-json\/wp\/v2\/product_cat?post=8075"},{"taxonomy":"product_tag","embeddable":true,"href":"https:\/\/uj.adatbank.ro\/lexikon\/wp-json\/wp\/v2\/product_tag?post=8075"}],"curies":[{"name":"wp","href":"https:\/\/api.w.org\/{rel}","templated":true}]}}

<p>? 1601 k., † ? 1642. febr. 14.: jegyző. – F. Simon, volkányi lelkész és Weyrauch Katharina fia. – Segesvár jegyzője (1622–34), segesvári székbíró (1635–), kőhalmi királybíró (1637–). Fennmaradtak a történeti följegyzései. A Segesvári Városi Tanács jegyzőkönyve (1487–1735) lapjaira jegyezte a városra vonatkozó adatokat (1619, 1621, 1624, 1625, 1631, 1638-as évekből): Kis krónikáját. Másik munkája fontos forrás a szászok történetére és Segesvár belső életére vonatkozóan, az Enchiridion.., feljegyzéseiben leírta az Univerzitás utazását Bethlen Gáborhoz (1625) és a budai pasához (1636). – <strong>F. m.:</strong> kézirat: Enchoridon rerum variarum, homini polytico, officiali, non inutile. = Archiv des Vereins für Siebenbürgische Landeskunde II. 1845; IV. 1850. <br /><strong>Irod.:</strong> Kraus: Erdélyi krónika; Szinnyei</br></p>

<p>? 1601 k., † ? 1642. febr. 14.: jegyző. – F. Simon, volkányi lelkész és Weyrauch Katharina fia. – Segesvár jegyzője (1622–34), segesvári székbíró (1635–), kőhalmi királybíró (1637–). Fennmaradtak a történeti följegyzései. A Segesvári Városi Tanács jegyzőkönyve (1487–1735) lapjaira jegyezte a városra vonatkozó adatokat (1619, 1621, 1624, 1625, 1631, 1638-as évekből): Kis krónikáját. Másik munkája [&hellip;]</p>
