{"id":8077,"date":"2025-06-29T10:13:40","date_gmt":"2025-06-29T08:13:40","guid":{"rendered":"https:\/\/uj.adatbank.ro\/lexikon\/termek\/filotas-ferenc\/"},"modified":"2025-06-29T10:13:40","modified_gmt":"2025-06-29T08:13:40","slug":"filotas-ferenc","status":"publish","type":"product","link":"https:\/\/uj.adatbank.ro\/lexikon\/termek\/filotas-ferenc\/","title":{"rendered":"FIL\u00d3T\u00c1S Ferenc"},"content":{"rendered":"<p>Debrecen, 1874, ? \u2020 Bp., 1936\u00a0?: ezredes, katonai alre\u00e1liskolai tan\u00e1r. \u2013 A mv.-i 9. honv\u00e9d husz\u00e1rezred sz\u00e1zadosa. H\u00edres v\u00edv\u00f3, lovas, a L\u00f3verseny-Egylet \u00e9s \u00darlovas Sz\u00f6vets\u00e9g marosszentgy\u00f6rgyi versenyein is r\u00e9szt vett (1910. szept.). A Mv.-i V\u00edv\u00f3 Egylet t\u00e1mogat\u00f3ja (1910). Baleset k\u00f6vetkezt\u00e9ben megs\u00e9r\u00fclt (1914), majd visszat\u00e9rt a frontra. A Honv\u00e9d Miniszt\u00e9rium l\u00f3\u00fcgyi oszt\u00e1ly\u00e1nak vezet\u0151je. Ezredesk\u00e9nt nyugd\u00edjazt\u00e1k. <br \/><strong>Irod.:<\/strong> Id\u0151t\u00e1r 2\u00a0; Koszta; Mv. t\u00f6rt. 2<\/br><\/p>\n","protected":false},"excerpt":{"rendered":"<p>Debrecen, 1874, ? \u2020 Bp., 1936\u00a0?: ezredes, katonai alre\u00e1liskolai tan\u00e1r. \u2013 A mv.-i 9. honv\u00e9d husz\u00e1rezred sz\u00e1zadosa. H\u00edres v\u00edv\u00f3, lovas, a L\u00f3verseny-Egylet \u00e9s \u00darlovas Sz\u00f6vets\u00e9g marosszentgy\u00f6rgyi versenyein is r\u00e9szt vett (1910. szept.). A Mv.-i V\u00edv\u00f3 Egylet t\u00e1mogat\u00f3ja (1910). Baleset k\u00f6vetkezt\u00e9ben megs\u00e9r\u00fclt (1914), majd visszat\u00e9rt a frontra. A Honv\u00e9d Miniszt\u00e9rium l\u00f3\u00fcgyi oszt\u00e1ly\u00e1nak vezet\u0151je. Ezredesk\u00e9nt nyugd\u00edjazt\u00e1k. Irod.: [&hellip;]<\/p>\n","protected":false},"featured_media":0,"comment_status":"open","ping_status":"closed","template":"","meta":[],"product_brand":[],"product_cat":[137],"product_tag":[],"class_list":{"0":"post-8077","1":"product","2":"type-product","3":"status-publish","5":"product_cat-maros-megyei-eletrajzi-lexikon","7":"first","8":"instock","9":"shipping-taxable","10":"product-type-simple"},"_links":{"self":[{"href":"https:\/\/uj.adatbank.ro\/lexikon\/wp-json\/wp\/v2\/product\/8077","targetHints":{"allow":["GET"]}}],"collection":[{"href":"https:\/\/uj.adatbank.ro\/lexikon\/wp-json\/wp\/v2\/product"}],"about":[{"href":"https:\/\/uj.adatbank.ro\/lexikon\/wp-json\/wp\/v2\/types\/product"}],"replies":[{"embeddable":true,"href":"https:\/\/uj.adatbank.ro\/lexikon\/wp-json\/wp\/v2\/comments?post=8077"}],"wp:attachment":[{"href":"https:\/\/uj.adatbank.ro\/lexikon\/wp-json\/wp\/v2\/media?parent=8077"}],"wp:term":[{"taxonomy":"product_brand","embeddable":true,"href":"https:\/\/uj.adatbank.ro\/lexikon\/wp-json\/wp\/v2\/product_brand?post=8077"},{"taxonomy":"product_cat","embeddable":true,"href":"https:\/\/uj.adatbank.ro\/lexikon\/wp-json\/wp\/v2\/product_cat?post=8077"},{"taxonomy":"product_tag","embeddable":true,"href":"https:\/\/uj.adatbank.ro\/lexikon\/wp-json\/wp\/v2\/product_tag?post=8077"}],"curies":[{"name":"wp","href":"https:\/\/api.w.org\/{rel}","templated":true}]}}

FILÓTÁS Ferenc

<p>Debrecen, 1874, ? † Bp., 1936 ?: ezredes, katonai alreáliskolai tanár. – A mv.-i 9. honvéd huszárezred századosa. Híres vívó, lovas, a Lóverseny-Egylet és Úrlovas Szövetség marosszentgyörgyi versenyein is részt vett (1910. szept.). A Mv.-i Vívó Egylet támogatója (1910). Baleset következtében megsérült (1914), majd visszatért a frontra. A Honvéd Minisztérium lóügyi osztályának vezetője. Ezredesként nyugdíjazták. <br /><strong>Irod.:</strong> Időtár 2 ; Koszta; Mv. tört. 2</br></p>

<p>Debrecen, 1874, ? † Bp., 1936 ?: ezredes, katonai alreáliskolai tanár. – A mv.-i 9. honvéd huszárezred századosa. Híres vívó, lovas, a Lóverseny-Egylet és Úrlovas Szövetség marosszentgyörgyi versenyein is részt vett (1910. szept.). A Mv.-i Vívó Egylet támogatója (1910). Baleset következtében megsérült (1914), majd visszatért a frontra. A Honvéd Minisztérium lóügyi osztályának vezetője. Ezredesként nyugdíjazták. Irod.: [&hellip;]</p>
