{"id":8087,"date":"2025-06-29T10:13:58","date_gmt":"2025-06-29T08:13:58","guid":{"rendered":"https:\/\/uj.adatbank.ro\/lexikon\/termek\/finta-istvan\/"},"modified":"2025-06-29T10:13:58","modified_gmt":"2025-06-29T08:13:58","slug":"finta-istvan","status":"publish","type":"product","link":"https:\/\/uj.adatbank.ro\/lexikon\/termek\/finta-istvan\/","title":{"rendered":"FINTA Istv\u00e1n"},"content":{"rendered":"<p>1820. aug. 16., \u2020\u00a01895. dec. 3.: tan\u00e1r, r. k. pap. \u2013 A gimn. -ot Kant\u00e1n \u00e9s Kv.-on, a teol\u00f3gi\u00e1t Gyulafeh\u00e9rv\u00e1ron v\u00e9gezte. Papp\u00e1 szentelt\u00e9k (1844. \u00e1pr. 16.). Paptan\u00e1r a mv.-i r. k. gimn.-ban (1844\u201353), a Sz\u00e9kelyudvarhelyi r. k. gimn. igazgat\u00f3ja (1853). Pl\u00e9b\u00e1nos Gyergy\u00f3t\u00f6lgyesen (1856), Tord\u00e1n (1859), Aranyosb\u00e1ny\u00e1n (1860). A teol\u00f3gia tan\u00e1ra Gyulafeh\u00e9rv\u00e1ron (1865). Pl\u00e9b\u00e1nos Marosportuson, majd sz\u00e1szr\u00e9geni pl\u00e9b\u00e1nos (1870\u2013). Az \u0151 idej\u00e9ben renov\u00e1lt\u00e1k a Sz\u00e1szr\u00e9genhez tartoz\u00f3 abaf\u00e1ji templomot (1871). <br \/><strong>Irod.:<\/strong> Abaf\u00e1ja; Ferenczi S\u00e1ndor 2009; Kr\u00f3n. F\u00fcz. (1939. 4\/7); P\u00e1l-Antal S\u00e1ndor: A gymn\u00e1zium catholicumt\u00f3l a f\u0151gimn\u00e1ziumig = Eml\u00e9kk. Szab\u00f3 Mikl\u00f3s; Tam\u00e1si Zsolt: A marosi r. kk. esperesi ker\u00fclet helyzete 1848\/49-ben = P\u00e1l-Antal \u2013 Simon<\/br><\/p>\n","protected":false},"excerpt":{"rendered":"<p>1820. aug. 16., \u2020\u00a01895. dec. 3.: tan\u00e1r, r. k. pap. \u2013 A gimn. -ot Kant\u00e1n \u00e9s Kv.-on, a teol\u00f3gi\u00e1t Gyulafeh\u00e9rv\u00e1ron v\u00e9gezte. Papp\u00e1 szentelt\u00e9k (1844. \u00e1pr. 16.). Paptan\u00e1r a mv.-i r. k. gimn.-ban (1844\u201353), a Sz\u00e9kelyudvarhelyi r. k. gimn. igazgat\u00f3ja (1853). Pl\u00e9b\u00e1nos Gyergy\u00f3t\u00f6lgyesen (1856), Tord\u00e1n (1859), Aranyosb\u00e1ny\u00e1n (1860). A teol\u00f3gia tan\u00e1ra Gyulafeh\u00e9rv\u00e1ron (1865). Pl\u00e9b\u00e1nos Marosportuson, majd [&hellip;]<\/p>\n","protected":false},"featured_media":0,"comment_status":"open","ping_status":"closed","template":"","meta":[],"product_brand":[],"product_cat":[137],"product_tag":[],"class_list":{"0":"post-8087","1":"product","2":"type-product","3":"status-publish","5":"product_cat-maros-megyei-eletrajzi-lexikon","7":"first","8":"instock","9":"shipping-taxable","10":"product-type-simple"},"_links":{"self":[{"href":"https:\/\/uj.adatbank.ro\/lexikon\/wp-json\/wp\/v2\/product\/8087","targetHints":{"allow":["GET"]}}],"collection":[{"href":"https:\/\/uj.adatbank.ro\/lexikon\/wp-json\/wp\/v2\/product"}],"about":[{"href":"https:\/\/uj.adatbank.ro\/lexikon\/wp-json\/wp\/v2\/types\/product"}],"replies":[{"embeddable":true,"href":"https:\/\/uj.adatbank.ro\/lexikon\/wp-json\/wp\/v2\/comments?post=8087"}],"wp:attachment":[{"href":"https:\/\/uj.adatbank.ro\/lexikon\/wp-json\/wp\/v2\/media?parent=8087"}],"wp:term":[{"taxonomy":"product_brand","embeddable":true,"href":"https:\/\/uj.adatbank.ro\/lexikon\/wp-json\/wp\/v2\/product_brand?post=8087"},{"taxonomy":"product_cat","embeddable":true,"href":"https:\/\/uj.adatbank.ro\/lexikon\/wp-json\/wp\/v2\/product_cat?post=8087"},{"taxonomy":"product_tag","embeddable":true,"href":"https:\/\/uj.adatbank.ro\/lexikon\/wp-json\/wp\/v2\/product_tag?post=8087"}],"curies":[{"name":"wp","href":"https:\/\/api.w.org\/{rel}","templated":true}]}}