{"id":8096,"date":"2025-06-29T10:14:17","date_gmt":"2025-06-29T08:14:17","guid":{"rendered":"https:\/\/uj.adatbank.ro\/lexikon\/termek\/fischer-hermann\/"},"modified":"2025-06-29T10:14:17","modified_gmt":"2025-06-29T08:14:17","slug":"fischer-hermann","status":"publish","type":"product","link":"https:\/\/uj.adatbank.ro\/lexikon\/termek\/fischer-hermann\/","title":{"rendered":"FISCHER Hermann"},"content":{"rendered":"<p>Nagys\u00e1rm\u00e1s, 1894., \u2020\u00a0? : b\u00e9rcs\u00e9pl\u0151 \u00e9s vegyeskeresked\u0151. \u2013 K\u00f6z\u00e9piskol\u00e1it Nagyv\u00e1radon v\u00e9gezte, majd apja mellett tanulta a keresked\u00e9st, \u00f6n\u00e1ll\u00f3 vegyeskeresked\u0151 lett Mez\u0151r\u00fccs\u00f6n (1920), cs\u00e9pl\u0151g\u00e9pet vett (1938), b\u00e9rcs\u00e9pl\u00e9st is v\u00e9gzett. <br \/><strong>Irod.:<\/strong> Sz\u00e9kelyf\u00f6ld \u00ed. k<\/br><\/p>\n","protected":false},"excerpt":{"rendered":"<p>Nagys\u00e1rm\u00e1s, 1894., \u2020\u00a0? : b\u00e9rcs\u00e9pl\u0151 \u00e9s vegyeskeresked\u0151. \u2013 K\u00f6z\u00e9piskol\u00e1it Nagyv\u00e1radon v\u00e9gezte, majd apja mellett tanulta a keresked\u00e9st, \u00f6n\u00e1ll\u00f3 vegyeskeresked\u0151 lett Mez\u0151r\u00fccs\u00f6n (1920), cs\u00e9pl\u0151g\u00e9pet vett (1938), b\u00e9rcs\u00e9pl\u00e9st is v\u00e9gzett. Irod.: Sz\u00e9kelyf\u00f6ld \u00ed. k<\/p>\n","protected":false},"featured_media":0,"comment_status":"open","ping_status":"closed","template":"","meta":[],"product_brand":[],"product_cat":[137],"product_tag":[],"class_list":{"0":"post-8096","1":"product","2":"type-product","3":"status-publish","5":"product_cat-maros-megyei-eletrajzi-lexikon","7":"first","8":"instock","9":"shipping-taxable","10":"product-type-simple"},"_links":{"self":[{"href":"https:\/\/uj.adatbank.ro\/lexikon\/wp-json\/wp\/v2\/product\/8096","targetHints":{"allow":["GET"]}}],"collection":[{"href":"https:\/\/uj.adatbank.ro\/lexikon\/wp-json\/wp\/v2\/product"}],"about":[{"href":"https:\/\/uj.adatbank.ro\/lexikon\/wp-json\/wp\/v2\/types\/product"}],"replies":[{"embeddable":true,"href":"https:\/\/uj.adatbank.ro\/lexikon\/wp-json\/wp\/v2\/comments?post=8096"}],"wp:attachment":[{"href":"https:\/\/uj.adatbank.ro\/lexikon\/wp-json\/wp\/v2\/media?parent=8096"}],"wp:term":[{"taxonomy":"product_brand","embeddable":true,"href":"https:\/\/uj.adatbank.ro\/lexikon\/wp-json\/wp\/v2\/product_brand?post=8096"},{"taxonomy":"product_cat","embeddable":true,"href":"https:\/\/uj.adatbank.ro\/lexikon\/wp-json\/wp\/v2\/product_cat?post=8096"},{"taxonomy":"product_tag","embeddable":true,"href":"https:\/\/uj.adatbank.ro\/lexikon\/wp-json\/wp\/v2\/product_tag?post=8096"}],"curies":[{"name":"wp","href":"https:\/\/api.w.org\/{rel}","templated":true}]}}