{"id":8104,"date":"2025-06-29T10:14:34","date_gmt":"2025-06-29T08:14:34","guid":{"rendered":"https:\/\/uj.adatbank.ro\/lexikon\/termek\/fiscuti-alexandru\/"},"modified":"2025-06-29T10:14:34","modified_gmt":"2025-06-29T08:14:34","slug":"fiscuti-alexandru","status":"publish","type":"product","link":"https:\/\/uj.adatbank.ro\/lexikon\/termek\/fiscuti-alexandru\/","title":{"rendered":"FISCUTI Alexandru"},"content":{"rendered":"<p>? \u2020 ? : g\u00f6r. kat pap. \u2013 A b\u00e9csi Pazmaneumban v\u00e9gezett, \u201e magister scholae normalis\u201d c. kapott (1779). Beszterce esperese \u00e9s R\u00e9genben pl\u00e9b\u00e1nos volt (1780). A g\u00f6rg\u00e9nyi g\u00f6r. kat. esperess\u00e9g l\u00e9trehoz\u00f3ja (1780 k.). A kutat\u00f3k felt\u00e9telezik, h. a g\u00f6r. kat. rom\u00e1ns\u00e1g a Fels\u0151-Marosment\u00e9n h\u00e1rom csoportra oszlott: G\u00f6rg\u00e9ny, Abaf\u00e1ja \u00e9s Beszterce, \u00e9s egyh\u00e1zmegy\u00e9j\u00fck is ezek szerint alakult. A r\u00e9geni esperess\u00e9g megalakul\u00e1sa ut\u00e1n, H\u00e1tszegre helyezt\u00e9k vik\u00e1riusnak (1787\u201389). <br \/><strong>Irod.:<\/strong> Dobozi<\/br><\/p>\n","protected":false},"excerpt":{"rendered":"<p>? \u2020 ? : g\u00f6r. kat pap. \u2013 A b\u00e9csi Pazmaneumban v\u00e9gezett, \u201e magister scholae normalis\u201d c. kapott (1779). Beszterce esperese \u00e9s R\u00e9genben pl\u00e9b\u00e1nos volt (1780). A g\u00f6rg\u00e9nyi g\u00f6r. kat. esperess\u00e9g l\u00e9trehoz\u00f3ja (1780 k.). A kutat\u00f3k felt\u00e9telezik, h. a g\u00f6r. kat. rom\u00e1ns\u00e1g a Fels\u0151-Marosment\u00e9n h\u00e1rom csoportra oszlott: G\u00f6rg\u00e9ny, Abaf\u00e1ja \u00e9s Beszterce, \u00e9s egyh\u00e1zmegy\u00e9j\u00fck is ezek [&hellip;]<\/p>\n","protected":false},"featured_media":0,"comment_status":"open","ping_status":"closed","template":"","meta":[],"product_brand":[],"product_cat":[137],"product_tag":[],"class_list":{"0":"post-8104","1":"product","2":"type-product","3":"status-publish","5":"product_cat-maros-megyei-eletrajzi-lexikon","7":"first","8":"instock","9":"shipping-taxable","10":"product-type-simple"},"_links":{"self":[{"href":"https:\/\/uj.adatbank.ro\/lexikon\/wp-json\/wp\/v2\/product\/8104","targetHints":{"allow":["GET"]}}],"collection":[{"href":"https:\/\/uj.adatbank.ro\/lexikon\/wp-json\/wp\/v2\/product"}],"about":[{"href":"https:\/\/uj.adatbank.ro\/lexikon\/wp-json\/wp\/v2\/types\/product"}],"replies":[{"embeddable":true,"href":"https:\/\/uj.adatbank.ro\/lexikon\/wp-json\/wp\/v2\/comments?post=8104"}],"wp:attachment":[{"href":"https:\/\/uj.adatbank.ro\/lexikon\/wp-json\/wp\/v2\/media?parent=8104"}],"wp:term":[{"taxonomy":"product_brand","embeddable":true,"href":"https:\/\/uj.adatbank.ro\/lexikon\/wp-json\/wp\/v2\/product_brand?post=8104"},{"taxonomy":"product_cat","embeddable":true,"href":"https:\/\/uj.adatbank.ro\/lexikon\/wp-json\/wp\/v2\/product_cat?post=8104"},{"taxonomy":"product_tag","embeddable":true,"href":"https:\/\/uj.adatbank.ro\/lexikon\/wp-json\/wp\/v2\/product_tag?post=8104"}],"curies":[{"name":"wp","href":"https:\/\/api.w.org\/{rel}","templated":true}]}}