{"id":8111,"date":"2025-06-29T10:14:53","date_gmt":"2025-06-29T08:14:53","guid":{"rendered":"https:\/\/uj.adatbank.ro\/lexikon\/termek\/fleseriu-emil\/"},"modified":"2025-06-29T10:14:53","modified_gmt":"2025-06-29T08:14:53","slug":"fleseriu-emil","status":"publish","type":"product","link":"https:\/\/uj.adatbank.ro\/lexikon\/termek\/fleseriu-emil\/","title":{"rendered":"FLE\u015eERIU Emil"},"content":{"rendered":"<p>Apold, 1875. m\u00e1rc. 6., \u2020 Dom\u00e1ld, 1950. febr. 5: ortodox pap. \u2013 Az elemi iskol\u00e1t sz\u00fcl\u0151faluja sz\u00e1sz iskol\u00e1j\u00e1ban, a gimn. -ot Segesv\u00e1ron, a teol\u00f3gi\u00e1t Szebenben v\u00e9gezte. Pap Csat\u00f3falv\u00e1n (1898). Csat\u00f3falva k\u00fcld\u00f6tte a gyulafeh\u00e9rv\u00e1ri nagygy\u0171l\u00e9sen (1918. dec. 1). Tagja volt a Rom\u00e1n Nemzeti P\u00e1rtnak, majd a Nemzeti Paraszt P\u00e1rtnak, Kisk\u00fck\u00fcll\u0151 megye tan\u00e1cs\u00e1nak, a megye Mez\u0151gazdas\u00e1gi Kamar\u00e1j\u00e1nak, az ASTRA erzs\u00e9betv\u00e1rosi tagozat\u00e1nak (1915); az erzs\u00e9betv\u00e1rosi Mugurul gazdas\u00e1gi \u00e9s kereskedelmi igazgat\u00f3tan\u00e1cs\u00e1nak (1909). <br \/><strong>Irod.:<\/strong> Bosoanc\u0103; Todea 2013<\/br><\/p>\n","protected":false},"excerpt":{"rendered":"<p>Apold, 1875. m\u00e1rc. 6., \u2020 Dom\u00e1ld, 1950. febr. 5: ortodox pap. \u2013 Az elemi iskol\u00e1t sz\u00fcl\u0151faluja sz\u00e1sz iskol\u00e1j\u00e1ban, a gimn. -ot Segesv\u00e1ron, a teol\u00f3gi\u00e1t Szebenben v\u00e9gezte. Pap Csat\u00f3falv\u00e1n (1898). Csat\u00f3falva k\u00fcld\u00f6tte a gyulafeh\u00e9rv\u00e1ri nagygy\u0171l\u00e9sen (1918. dec. 1). Tagja volt a Rom\u00e1n Nemzeti P\u00e1rtnak, majd a Nemzeti Paraszt P\u00e1rtnak, Kisk\u00fck\u00fcll\u0151 megye tan\u00e1cs\u00e1nak, a megye Mez\u0151gazdas\u00e1gi Kamar\u00e1j\u00e1nak, [&hellip;]<\/p>\n","protected":false},"featured_media":0,"comment_status":"open","ping_status":"closed","template":"","meta":[],"product_brand":[],"product_cat":[137],"product_tag":[],"class_list":{"0":"post-8111","1":"product","2":"type-product","3":"status-publish","5":"product_cat-maros-megyei-eletrajzi-lexikon","7":"first","8":"instock","9":"shipping-taxable","10":"product-type-simple"},"_links":{"self":[{"href":"https:\/\/uj.adatbank.ro\/lexikon\/wp-json\/wp\/v2\/product\/8111","targetHints":{"allow":["GET"]}}],"collection":[{"href":"https:\/\/uj.adatbank.ro\/lexikon\/wp-json\/wp\/v2\/product"}],"about":[{"href":"https:\/\/uj.adatbank.ro\/lexikon\/wp-json\/wp\/v2\/types\/product"}],"replies":[{"embeddable":true,"href":"https:\/\/uj.adatbank.ro\/lexikon\/wp-json\/wp\/v2\/comments?post=8111"}],"wp:attachment":[{"href":"https:\/\/uj.adatbank.ro\/lexikon\/wp-json\/wp\/v2\/media?parent=8111"}],"wp:term":[{"taxonomy":"product_brand","embeddable":true,"href":"https:\/\/uj.adatbank.ro\/lexikon\/wp-json\/wp\/v2\/product_brand?post=8111"},{"taxonomy":"product_cat","embeddable":true,"href":"https:\/\/uj.adatbank.ro\/lexikon\/wp-json\/wp\/v2\/product_cat?post=8111"},{"taxonomy":"product_tag","embeddable":true,"href":"https:\/\/uj.adatbank.ro\/lexikon\/wp-json\/wp\/v2\/product_tag?post=8111"}],"curies":[{"name":"wp","href":"https:\/\/api.w.org\/{rel}","templated":true}]}}

FLEŞERIU Emil

<p>Apold, 1875. márc. 6., † Domáld, 1950. febr. 5: ortodox pap. – Az elemi iskolát szülőfaluja szász iskolájában, a gimn. -ot Segesváron, a teológiát Szebenben végezte. Pap Csatófalván (1898). Csatófalva küldötte a gyulafehérvári nagygyűlésen (1918. dec. 1). Tagja volt a Román Nemzeti Pártnak, majd a Nemzeti Paraszt Pártnak, Kisküküllő megye tanácsának, a megye Mezőgazdasági Kamarájának, az ASTRA erzsébetvárosi tagozatának (1915); az erzsébetvárosi Mugurul gazdasági és kereskedelmi igazgatótanácsának (1909). <br /><strong>Irod.:</strong> Bosoancă; Todea 2013</br></p>

<p>Apold, 1875. márc. 6., † Domáld, 1950. febr. 5: ortodox pap. – Az elemi iskolát szülőfaluja szász iskolájában, a gimn. -ot Segesváron, a teológiát Szebenben végezte. Pap Csatófalván (1898). Csatófalva küldötte a gyulafehérvári nagygyűlésen (1918. dec. 1). Tagja volt a Román Nemzeti Pártnak, majd a Nemzeti Paraszt Pártnak, Kisküküllő megye tanácsának, a megye Mezőgazdasági Kamarájának, [&hellip;]</p>
