{"id":8113,"date":"2025-06-29T10:14:57","date_gmt":"2025-06-29T08:14:57","guid":{"rendered":"https:\/\/uj.adatbank.ro\/lexikon\/termek\/fleseriu-vasile-%c2%a7\/"},"modified":"2025-06-29T10:14:57","modified_gmt":"2025-06-29T08:14:57","slug":"fleseriu-vasile-%c2%a7","status":"publish","type":"product","link":"https:\/\/uj.adatbank.ro\/lexikon\/termek\/fleseriu-vasile-%c2%a7\/","title":{"rendered":"FLE\u015eERIU Vasile, \u00a7"},"content":{"rendered":"<p>Bal\u00e1zsfalva, 1905. febr. 16., \u2020 Mez\u0151szabad, 1971. m\u00e1rc. 3.: tan\u00edt\u00f3. \u2013 Tan\u00edt\u00f3k\u00e9pz\u0151t Bal\u00e1zsfalv\u00e1n v\u00e9gzett (1924). Mez\u0151szabadba helyezt\u00e9k, ahol tan\u00edtott (1940-ig). Marosorosziba menek\u00fclt, ott is tan\u00edtott. Visszat\u00e9rt Mez\u0151szabadba (1944\u2013), ahol nyugd\u00edjaz\u00e1s\u00e1ig dolgozott. V\u00e9gleges\u00edt\u0151 vizsg\u00e1t (1927\u201328), II. fokozat\u00fa (1934), I. fokozat\u00fa (1939) vizsg\u00e1t tett. Mez\u0151szabadban l\u00e9trhozta a \u201e\u015eomii\u201d m\u0171v\u00e9szegy\u00fcttest, gyermek \u00e9s feln\u0151ttekb\u0151l, amellyel nagy sikereket aratott. <br \/><strong>Irod.:<\/strong> Dasc\u0103li mure\u015feni, 1.<\/br><\/p>\n","protected":false},"excerpt":{"rendered":"<p>Bal\u00e1zsfalva, 1905. febr. 16., \u2020 Mez\u0151szabad, 1971. m\u00e1rc. 3.: tan\u00edt\u00f3. \u2013 Tan\u00edt\u00f3k\u00e9pz\u0151t Bal\u00e1zsfalv\u00e1n v\u00e9gzett (1924). Mez\u0151szabadba helyezt\u00e9k, ahol tan\u00edtott (1940-ig). Marosorosziba menek\u00fclt, ott is tan\u00edtott. Visszat\u00e9rt Mez\u0151szabadba (1944\u2013), ahol nyugd\u00edjaz\u00e1s\u00e1ig dolgozott. V\u00e9gleges\u00edt\u0151 vizsg\u00e1t (1927\u201328), II. fokozat\u00fa (1934), I. fokozat\u00fa (1939) vizsg\u00e1t tett. Mez\u0151szabadban l\u00e9trhozta a \u201e\u015eomii\u201d m\u0171v\u00e9szegy\u00fcttest, gyermek \u00e9s feln\u0151ttekb\u0151l, amellyel nagy sikereket aratott. Irod.: [&hellip;]<\/p>\n","protected":false},"featured_media":0,"comment_status":"open","ping_status":"closed","template":"","meta":[],"product_brand":[],"product_cat":[137],"product_tag":[],"class_list":{"0":"post-8113","1":"product","2":"type-product","3":"status-publish","5":"product_cat-maros-megyei-eletrajzi-lexikon","7":"first","8":"instock","9":"shipping-taxable","10":"product-type-simple"},"_links":{"self":[{"href":"https:\/\/uj.adatbank.ro\/lexikon\/wp-json\/wp\/v2\/product\/8113","targetHints":{"allow":["GET"]}}],"collection":[{"href":"https:\/\/uj.adatbank.ro\/lexikon\/wp-json\/wp\/v2\/product"}],"about":[{"href":"https:\/\/uj.adatbank.ro\/lexikon\/wp-json\/wp\/v2\/types\/product"}],"replies":[{"embeddable":true,"href":"https:\/\/uj.adatbank.ro\/lexikon\/wp-json\/wp\/v2\/comments?post=8113"}],"wp:attachment":[{"href":"https:\/\/uj.adatbank.ro\/lexikon\/wp-json\/wp\/v2\/media?parent=8113"}],"wp:term":[{"taxonomy":"product_brand","embeddable":true,"href":"https:\/\/uj.adatbank.ro\/lexikon\/wp-json\/wp\/v2\/product_brand?post=8113"},{"taxonomy":"product_cat","embeddable":true,"href":"https:\/\/uj.adatbank.ro\/lexikon\/wp-json\/wp\/v2\/product_cat?post=8113"},{"taxonomy":"product_tag","embeddable":true,"href":"https:\/\/uj.adatbank.ro\/lexikon\/wp-json\/wp\/v2\/product_tag?post=8113"}],"curies":[{"name":"wp","href":"https:\/\/api.w.org\/{rel}","templated":true}]}}

FLEŞERIU Vasile, §

<p>Balázsfalva, 1905. febr. 16., † Mezőszabad, 1971. márc. 3.: tanító. – Tanítóképzőt Balázsfalván végzett (1924). Mezőszabadba helyezték, ahol tanított (1940-ig). Marosorosziba menekült, ott is tanított. Visszatért Mezőszabadba (1944–), ahol nyugdíjazásáig dolgozott. Véglegesítő vizsgát (1927–28), II. fokozatú (1934), I. fokozatú (1939) vizsgát tett. Mezőszabadban létrhozta a „Şomii” művészegyüttest, gyermek és felnőttekből, amellyel nagy sikereket aratott. <br /><strong>Irod.:</strong> Dascăli mureşeni, 1.</br></p>

<p>Balázsfalva, 1905. febr. 16., † Mezőszabad, 1971. márc. 3.: tanító. – Tanítóképzőt Balázsfalván végzett (1924). Mezőszabadba helyezték, ahol tanított (1940-ig). Marosorosziba menekült, ott is tanított. Visszatért Mezőszabadba (1944–), ahol nyugdíjazásáig dolgozott. Véglegesítő vizsgát (1927–28), II. fokozatú (1934), I. fokozatú (1939) vizsgát tett. Mezőszabadban létrhozta a „Şomii” művészegyüttest, gyermek és felnőttekből, amellyel nagy sikereket aratott. Irod.: [&hellip;]</p>
