{"id":8119,"date":"2025-06-29T10:15:09","date_gmt":"2025-06-29T08:15:09","guid":{"rendered":"https:\/\/uj.adatbank.ro\/lexikon\/termek\/florea-ioan\/"},"modified":"2025-06-29T10:15:09","modified_gmt":"2025-06-29T08:15:09","slug":"florea-ioan","status":"publish","type":"product","link":"https:\/\/uj.adatbank.ro\/lexikon\/termek\/florea-ioan\/","title":{"rendered":"FLOREA Ioan"},"content":{"rendered":"<p>? \u2020 ? : ort. lelk\u00e9sz. \u2013 N\u00e1zn\u00e1nfalv\u00e1n szolg\u00e1lt (1775\u20131812). Szolg\u00e1lata idej\u00e9ben \u00e9p\u00fclt a Sf. Arhanghelii Mihai \u015fi Gavril\u0103 ort. templom (1793). A falu gazdas\u00e1gi-t\u00e1rsadalmi \u00e9lete is fellend\u00fclt odaad\u00f3 tev\u00e9kenys\u00e9ge folyt\u00e1n. <br \/><strong>Irod.:<\/strong> N\u00e1zna; \u015eincan 2006<\/br><\/p>\n","protected":false},"excerpt":{"rendered":"<p>? \u2020 ? : ort. lelk\u00e9sz. \u2013 N\u00e1zn\u00e1nfalv\u00e1n szolg\u00e1lt (1775\u20131812). Szolg\u00e1lata idej\u00e9ben \u00e9p\u00fclt a Sf. Arhanghelii Mihai \u015fi Gavril\u0103 ort. templom (1793). A falu gazdas\u00e1gi-t\u00e1rsadalmi \u00e9lete is fellend\u00fclt odaad\u00f3 tev\u00e9kenys\u00e9ge folyt\u00e1n. Irod.: N\u00e1zna; \u015eincan 2006<\/p>\n","protected":false},"featured_media":0,"comment_status":"open","ping_status":"closed","template":"","meta":[],"product_brand":[],"product_cat":[137],"product_tag":[],"class_list":{"0":"post-8119","1":"product","2":"type-product","3":"status-publish","5":"product_cat-maros-megyei-eletrajzi-lexikon","7":"first","8":"instock","9":"shipping-taxable","10":"product-type-simple"},"_links":{"self":[{"href":"https:\/\/uj.adatbank.ro\/lexikon\/wp-json\/wp\/v2\/product\/8119","targetHints":{"allow":["GET"]}}],"collection":[{"href":"https:\/\/uj.adatbank.ro\/lexikon\/wp-json\/wp\/v2\/product"}],"about":[{"href":"https:\/\/uj.adatbank.ro\/lexikon\/wp-json\/wp\/v2\/types\/product"}],"replies":[{"embeddable":true,"href":"https:\/\/uj.adatbank.ro\/lexikon\/wp-json\/wp\/v2\/comments?post=8119"}],"wp:attachment":[{"href":"https:\/\/uj.adatbank.ro\/lexikon\/wp-json\/wp\/v2\/media?parent=8119"}],"wp:term":[{"taxonomy":"product_brand","embeddable":true,"href":"https:\/\/uj.adatbank.ro\/lexikon\/wp-json\/wp\/v2\/product_brand?post=8119"},{"taxonomy":"product_cat","embeddable":true,"href":"https:\/\/uj.adatbank.ro\/lexikon\/wp-json\/wp\/v2\/product_cat?post=8119"},{"taxonomy":"product_tag","embeddable":true,"href":"https:\/\/uj.adatbank.ro\/lexikon\/wp-json\/wp\/v2\/product_tag?post=8119"}],"curies":[{"name":"wp","href":"https:\/\/api.w.org\/{rel}","templated":true}]}}