{"id":8127,"date":"2025-06-29T10:15:27","date_gmt":"2025-06-29T08:15:27","guid":{"rendered":"https:\/\/uj.adatbank.ro\/lexikon\/termek\/florian-geza\/"},"modified":"2025-06-29T10:15:27","modified_gmt":"2025-06-29T08:15:27","slug":"florian-geza","status":"publish","type":"product","link":"https:\/\/uj.adatbank.ro\/lexikon\/termek\/florian-geza\/","title":{"rendered":"FL\u00d3RI\u00c1N G\u00e9za"},"content":{"rendered":"<p>Mez\u0151madaras, 1898. j\u00fal. 18. \u2020 Mv., 1961.: gy\u00f3gyszer\u00e9sz. \u2013 Feles\u00e9ge: Hints Zolt\u00e1n le\u00e1nya: Ilona (1900\u20131955). Gyakornoki \u00e9veit a Hints-f\u00e9le gy\u00f3gyszert\u00e1rban t\u00f6lt\u00f6tte (1921\u201323). Bp.-en nyert gy\u00f3gyszer\u00e9szeti diplom\u00e1t (1925. j\u00fan. 27.). Hints Zolt\u00e1n gy\u00f3gyszert\u00e1r\u00e1ban dolgozott (1930\u2013), majd \u00f6n\u00e1ll\u00f3 lett. Tord\u00e1n b\u00e9relt gy\u00f3gyszert\u00e1rat (1937\u2013). \u00c1llamos\u00edt\u00e1s ut\u00e1n t\u00f6bb helyen, Ny\u00e1r\u00e1dszered\u00e1ban is dolgozott. <br \/><strong>Irod.:<\/strong> P\u00e9ter H. M.; P\u00e9ter H. M.<\/br><\/p>\n","protected":false},"excerpt":{"rendered":"<p>Mez\u0151madaras, 1898. j\u00fal. 18. \u2020 Mv., 1961.: gy\u00f3gyszer\u00e9sz. \u2013 Feles\u00e9ge: Hints Zolt\u00e1n le\u00e1nya: Ilona (1900\u20131955). Gyakornoki \u00e9veit a Hints-f\u00e9le gy\u00f3gyszert\u00e1rban t\u00f6lt\u00f6tte (1921\u201323). Bp.-en nyert gy\u00f3gyszer\u00e9szeti diplom\u00e1t (1925. j\u00fan. 27.). Hints Zolt\u00e1n gy\u00f3gyszert\u00e1r\u00e1ban dolgozott (1930\u2013), majd \u00f6n\u00e1ll\u00f3 lett. Tord\u00e1n b\u00e9relt gy\u00f3gyszert\u00e1rat (1937\u2013). \u00c1llamos\u00edt\u00e1s ut\u00e1n t\u00f6bb helyen, Ny\u00e1r\u00e1dszered\u00e1ban is dolgozott. Irod.: P\u00e9ter H. M.; P\u00e9ter H. M.<\/p>\n","protected":false},"featured_media":0,"comment_status":"open","ping_status":"closed","template":"","meta":[],"product_brand":[],"product_cat":[137],"product_tag":[],"class_list":{"0":"post-8127","1":"product","2":"type-product","3":"status-publish","5":"product_cat-maros-megyei-eletrajzi-lexikon","7":"first","8":"instock","9":"shipping-taxable","10":"product-type-simple"},"_links":{"self":[{"href":"https:\/\/uj.adatbank.ro\/lexikon\/wp-json\/wp\/v2\/product\/8127","targetHints":{"allow":["GET"]}}],"collection":[{"href":"https:\/\/uj.adatbank.ro\/lexikon\/wp-json\/wp\/v2\/product"}],"about":[{"href":"https:\/\/uj.adatbank.ro\/lexikon\/wp-json\/wp\/v2\/types\/product"}],"replies":[{"embeddable":true,"href":"https:\/\/uj.adatbank.ro\/lexikon\/wp-json\/wp\/v2\/comments?post=8127"}],"wp:attachment":[{"href":"https:\/\/uj.adatbank.ro\/lexikon\/wp-json\/wp\/v2\/media?parent=8127"}],"wp:term":[{"taxonomy":"product_brand","embeddable":true,"href":"https:\/\/uj.adatbank.ro\/lexikon\/wp-json\/wp\/v2\/product_brand?post=8127"},{"taxonomy":"product_cat","embeddable":true,"href":"https:\/\/uj.adatbank.ro\/lexikon\/wp-json\/wp\/v2\/product_cat?post=8127"},{"taxonomy":"product_tag","embeddable":true,"href":"https:\/\/uj.adatbank.ro\/lexikon\/wp-json\/wp\/v2\/product_tag?post=8127"}],"curies":[{"name":"wp","href":"https:\/\/api.w.org\/{rel}","templated":true}]}}